{"id":39372,"date":"2025-12-10T12:22:30","date_gmt":"2025-12-10T12:22:30","guid":{"rendered":"http:\/\/localhost:10018\/?page_id=39372"},"modified":"2026-01-08T18:13:00","modified_gmt":"2026-01-08T21:13:00","slug":"trilhas","status":"publish","type":"page","link":"https:\/\/www.contabilizei.com.br\/reforma-tributaria\/trilhas\/","title":{"rendered":"Trilhas &#8211; Reforma Tribut\u00e1ria"},"content":{"rendered":"","protected":false},"excerpt":{"rendered":"","protected":false},"author":1,"featured_media":0,"parent":0,"menu_order":0,"comment_status":"open","ping_status":"closed","template":"page-templates\/reforma-tributaria-trilhas.php","meta":{"footnotes":""},"class_list":["post-39372","page","type-page","status-publish"],"yoast_head":"<!-- This site is optimized with the Yoast SEO plugin v27.5 - https:\/\/yoast.com\/product\/yoast-seo-wordpress\/ -->\n<title>Trilhas - Reforma Tribut\u00e1ria | Blog da Contabilizei<\/title>\n<meta name=\"description\" content=\"Se voc\u00ea est\u00e1 come\u00e7ando a ouvir sobre a Reforma Tribut\u00e1ria, essa trilha \u00e9 para voc\u00ea. Vamos te guiar pelos conceitos essenciais para que voc\u00ea entenda o impacto das mudan\u00e7as de forma simples e objetiva.\" \/>\n<meta name=\"robots\" content=\"index, follow\" \/>\n<link rel=\"canonical\" href=\"https:\/\/www.contabilizei.com.br\/reforma-tributaria\/trilhas\/\" \/>\n<meta property=\"og:locale\" content=\"pt_BR\" \/>\n<meta property=\"og:type\" content=\"article\" \/>\n<meta property=\"og:title\" content=\"Trilhas - Reforma Tribut\u00e1ria | Blog da Contabilizei\" \/>\n<meta property=\"og:description\" content=\"Se voc\u00ea est\u00e1 come\u00e7ando a ouvir sobre a Reforma Tribut\u00e1ria, essa trilha \u00e9 para voc\u00ea. Vamos te guiar pelos conceitos essenciais para que voc\u00ea entenda o impacto das mudan\u00e7as de forma simples e objetiva.\" \/>\n<meta property=\"og:url\" content=\"https:\/\/www.contabilizei.com.br\/reforma-tributaria\/trilhas\/\" \/>\n<meta property=\"og:site_name\" content=\"Blog da Contabilizei\" \/>\n<meta property=\"article:publisher\" content=\"https:\/\/www.facebook.com\/Contabilizei\/\" \/>\n<meta property=\"article:modified_time\" content=\"2026-01-08T21:13:00+00:00\" \/>\n<meta name=\"twitter:card\" content=\"summary_large_image\" \/>\n<meta name=\"twitter:site\" content=\"@contabilizei\" \/>\n<!-- \/ Yoast SEO plugin. -->","yoast_head_json":{"title":"Trilhas - Reforma Tribut\u00e1ria | Blog da Contabilizei","description":"Se voc\u00ea est\u00e1 come\u00e7ando a ouvir sobre a Reforma Tribut\u00e1ria, essa trilha \u00e9 para voc\u00ea. Vamos te guiar pelos conceitos essenciais para que voc\u00ea entenda o impacto das mudan\u00e7as de forma simples e objetiva.","robots":{"index":"index","follow":"follow"},"canonical":"https:\/\/www.contabilizei.com.br\/reforma-tributaria\/trilhas\/","og_locale":"pt_BR","og_type":"article","og_title":"Trilhas - Reforma Tribut\u00e1ria | Blog da Contabilizei","og_description":"Se voc\u00ea est\u00e1 come\u00e7ando a ouvir sobre a Reforma Tribut\u00e1ria, essa trilha \u00e9 para voc\u00ea. Vamos te guiar pelos conceitos essenciais para que voc\u00ea entenda o impacto das mudan\u00e7as de forma simples e objetiva.","og_url":"https:\/\/www.contabilizei.com.br\/reforma-tributaria\/trilhas\/","og_site_name":"Blog da Contabilizei","article_publisher":"https:\/\/www.facebook.com\/Contabilizei\/","article_modified_time":"2026-01-08T21:13:00+00:00","twitter_card":"summary_large_image","twitter_site":"@contabilizei","schema":{"@context":"https:\/\/schema.org","@graph":[{"@type":"WebPage","@id":"https:\/\/www.contabilizei.com.br\/reforma-tributaria\/trilhas\/","url":"https:\/\/www.contabilizei.com.br\/reforma-tributaria\/trilhas\/","name":"Trilhas - Reforma Tribut\u00e1ria | Blog da Contabilizei","isPartOf":{"@id":"https:\/\/www.contabilizei.com.br\/reforma-tributaria\/#website"},"datePublished":"2025-12-10T12:22:30+00:00","dateModified":"2026-01-08T21:13:00+00:00","description":"Se voc\u00ea est\u00e1 come\u00e7ando a ouvir sobre a Reforma Tribut\u00e1ria, essa trilha \u00e9 para voc\u00ea. Vamos te guiar pelos conceitos essenciais para que voc\u00ea entenda o impacto das mudan\u00e7as de forma simples e objetiva.","breadcrumb":{"@id":"https:\/\/www.contabilizei.com.br\/reforma-tributaria\/trilhas\/#breadcrumb"},"inLanguage":"pt-BR","potentialAction":[{"@type":"ReadAction","target":["https:\/\/www.contabilizei.com.br\/reforma-tributaria\/trilhas\/"]}]},{"@type":"BreadcrumbList","@id":"https:\/\/www.contabilizei.com.br\/reforma-tributaria\/trilhas\/#breadcrumb","itemListElement":[{"@type":"ListItem","position":1,"name":"Home","item":"https:\/\/www.contabilizei.com.br\/reforma-tributaria\/"},{"@type":"ListItem","position":2,"name":"Trilhas &#8211; Reforma Tribut\u00e1ria"}]},{"@type":"WebSite","@id":"https:\/\/www.contabilizei.com.br\/reforma-tributaria\/#website","url":"https:\/\/www.contabilizei.com.br\/reforma-tributaria\/","name":"Hub da Reforma tribut\u00e1ria","description":"Apoiando o empreendedorismo desde 2013","potentialAction":[{"@type":"SearchAction","target":{"@type":"EntryPoint","urlTemplate":"https:\/\/www.contabilizei.com.br\/reforma-tributaria\/?s={search_term_string}"},"query-input":{"@type":"PropertyValueSpecification","valueRequired":true,"valueName":"search_term_string"}}],"inLanguage":"pt-BR"}]}},"_links":{"self":[{"href":"https:\/\/www.contabilizei.com.br\/reforma-tributaria\/wp-json\/wp\/v2\/pages\/39372","targetHints":{"allow":["GET"]}}],"collection":[{"href":"https:\/\/www.contabilizei.com.br\/reforma-tributaria\/wp-json\/wp\/v2\/pages"}],"about":[{"href":"https:\/\/www.contabilizei.com.br\/reforma-tributaria\/wp-json\/wp\/v2\/types\/page"}],"author":[{"embeddable":true,"href":"https:\/\/www.contabilizei.com.br\/reforma-tributaria\/wp-json\/wp\/v2\/users\/1"}],"replies":[{"embeddable":true,"href":"https:\/\/www.contabilizei.com.br\/reforma-tributaria\/wp-json\/wp\/v2\/comments?post=39372"}],"version-history":[{"count":1,"href":"https:\/\/www.contabilizei.com.br\/reforma-tributaria\/wp-json\/wp\/v2\/pages\/39372\/revisions"}],"predecessor-version":[{"id":39373,"href":"https:\/\/www.contabilizei.com.br\/reforma-tributaria\/wp-json\/wp\/v2\/pages\/39372\/revisions\/39373"}],"wp:attachment":[{"href":"https:\/\/www.contabilizei.com.br\/reforma-tributaria\/wp-json\/wp\/v2\/media?parent=39372"}],"curies":[{"name":"wp","href":"https:\/\/api.w.org\/{rel}","templated":true}]}}

Trilhas &#8211; Reforma Tributária

<!-- This site is optimized with the Yoast SEO plugin v27.5 - https://yoast.com/product/yoast-seo-wordpress/ -->
<title>Trilhas - Reforma Tributária | Blog da Contabilizei</title>
<meta name="description" content="Se você está começando a ouvir sobre a Reforma Tributária, essa trilha é para você. Vamos te guiar pelos conceitos essenciais para que você entenda o impacto das mudanças de forma simples e objetiva." />
<meta name="robots" content="index, follow" />
<link rel="canonical" href="https://www.contabilizei.com.br/reforma-tributaria/trilhas/" />
<meta property="og:locale" content="pt_BR" />
<meta property="og:type" content="article" />
<meta property="og:title" content="Trilhas - Reforma Tributária | Blog da Contabilizei" />
<meta property="og:description" content="Se você está começando a ouvir sobre a Reforma Tributária, essa trilha é para você. Vamos te guiar pelos conceitos essenciais para que você entenda o impacto das mudanças de forma simples e objetiva." />
<meta property="og:url" content="https://www.contabilizei.com.br/reforma-tributaria/trilhas/" />
<meta property="og:site_name" content="Blog da Contabilizei" />
<meta property="article:publisher" content="https://www.facebook.com/Contabilizei/" />
<meta property="article:modified_time" content="2026-01-08T21:13:00+00:00" />
<meta name="twitter:card" content="summary_large_image" />
<meta name="twitter:site" content="@contabilizei" />
<!-- / Yoast SEO plugin. -->

Trilhas - Reforma Tributária | Blog da Contabilizei

Se você está começando a ouvir sobre a Reforma Tributária, essa trilha é para você. Vamos te guiar pelos conceitos essenciais para que você entenda o impacto das mudanças de forma simples e objetiva.

Hub da Reforma tributária
