{"id":866,"date":"2023-04-28T15:38:55","date_gmt":"2023-04-28T18:38:55","guid":{"rendered":"https:\/\/www.contabilizei.com.br\/contabilizei-responde\/?post_type=perguntas&#038;p=866"},"modified":"2023-04-28T15:38:55","modified_gmt":"2023-04-28T18:38:55","slug":"o-que-e-enquadramento-de-microempresa","status":"publish","type":"perguntas","link":"https:\/\/www.contabilizei.com.br\/contabilizei-responde\/o-que-e-enquadramento-de-microempresa\/","title":{"rendered":"O que \u00e9 enquadramento de Microempresa?"},"content":{"rendered":"<p><b>O enquadramento de Microempresa \u00e9 aplicado aos neg\u00f3cios que tem faturamento de at\u00e9 R$ 360 mil ao ano. De acordo com o Estatuto Nacional da Microempresa (<\/b><a href=\"http:\/\/www.planalto.gov.br\/ccivil_03\/leis\/lcp\/lcp123.htm\" target=\"_blank\" rel=\"noopener\"><b>Lei Complementar N\u00ba123<\/b><\/a><b>), estas empresas podem solicitar a op\u00e7\u00e3o pelo Simples Nacional, onde h\u00e1 redu\u00e7\u00e3o de tributa\u00e7\u00e3o para beneficiar os empreendedores.<\/b><\/p>\n<p><span style=\"font-weight: 400;\">Procure a <\/span><a href=\"https:\/\/www.contabilizei.com.br\/abrir-empresa\" target=\"_blank\" rel=\"noopener\"><span style=\"font-weight: 400;\">Contabilizei<\/span><\/a><span style=\"font-weight: 400;\"> para saber como se enquadrar como Microempresa: sabendo que o Simples Nacional geralmente \u00e9 o regime tribut\u00e1rio mais interessante para os pequenos neg\u00f3cios, voc\u00ea identifica se as caracter\u00edsticas do empreendimento que quer abrir s\u00e3o compat\u00edveis com esse modelo.<\/span><\/p>\n<p><span style=\"font-weight: 400;\">Outra caracter\u00edstica da Microempresa \u00e9 que ela n\u00e3o pode contar com s\u00f3cio Pessoa Jur\u00eddica. Embora a Microempresa possa ser aberta com mais de um s\u00f3cio, no formato de uma Sociedade Limitada, por exemplo, esses participantes precisam ser Pessoas F\u00edsicas.<\/span><\/p>\n<p><span style=\"font-weight: 400;\">Alguns \u00f3rg\u00e3os governamentais classificam a Microempresa tamb\u00e9m pelo n\u00famero de funcion\u00e1rios, onde seria considerada do porte Micro aquela empresa com at\u00e9 at\u00e9 19 colaboradores na ind\u00fastria e at\u00e9 9 colaboradores para com\u00e9rcio e presta\u00e7\u00e3o de servi\u00e7o. Essa classifica\u00e7\u00e3o n\u00e3o interfere na quest\u00e3o de taxas e impostos, j\u00e1 que consta na legisla\u00e7\u00e3o para fins de impostos a classifica\u00e7\u00e3o pelo faturamento.<\/span><\/p>\n","protected":false},"excerpt":{"rendered":"<p>O enquadramento de Microempresa \u00e9 aplicado aos neg\u00f3cios que tem faturamento de at\u00e9 R$ 360 mil ao ano. De acordo com o Estatuto Nacional da Microempresa (Lei Complementar N\u00ba123), estas empresas podem solicitar a op\u00e7\u00e3o pelo Simples Nacional, onde h\u00e1 redu\u00e7\u00e3o de tributa\u00e7\u00e3o para beneficiar os empreendedores. Procure a Contabilizei para saber como se enquadrar [&hellip;]<\/p>\n","protected":false},"parent":0,"menu_order":0,"template":"","category-questions":[37],"class_list":["post-866","perguntas","type-perguntas","status-publish","hentry","category_questions-me"],"acf":{"contador":{"ID":1732,"post_author":"22","post_date":"2025-03-31 12:51:15","post_date_gmt":"2025-03-31 15:51:15","post_content":"","post_title":"Juliana Steffano","post_excerpt":"","post_status":"publish","comment_status":"closed","ping_status":"closed","post_password":"","post_name":"juliana-steffano","to_ping":"","pinged":"","post_modified":"2025-03-31 12:51:15","post_modified_gmt":"2025-03-31 15:51:15","post_content_filtered":"","post_parent":0,"guid":"https:\/\/www.contabilizei.com.br\/contabilizei-responde\/?post_type=contador&#038;p=1732","menu_order":0,"post_type":"contador","post_mime_type":"","comment_count":"0","filter":"raw"}},"yoast_head":"<!-- This site is optimized with the Yoast SEO plugin v27.5 - https:\/\/yoast.com\/product\/yoast-seo-wordpress\/ -->\n<title>O que \u00e9 enquadramento de Microempresa?<\/title>\n<meta name=\"description\" content=\"Saiba o que \u00e9 enquadramento de Microempresa e se voc\u00ea pode abrir um neg\u00f3cio do tipo. Confira agora mesmo!\" \/>\n<meta name=\"robots\" content=\"index, follow, max-snippet:-1, max-image-preview:large, max-video-preview:-1\" \/>\n<link rel=\"canonical\" href=\"https:\/\/www.contabilizei.com.br\/contabilizei-responde\/o-que-e-enquadramento-de-microempresa\/\" \/>\n<meta property=\"og:locale\" content=\"pt_BR\" \/>\n<meta property=\"og:type\" content=\"article\" \/>\n<meta property=\"og:title\" content=\"O que \u00e9 enquadramento de Microempresa?\" \/>\n<meta property=\"og:description\" content=\"Saiba o que \u00e9 enquadramento de Microempresa e se voc\u00ea pode abrir um neg\u00f3cio do tipo. Confira agora mesmo!\" \/>\n<meta property=\"og:url\" content=\"https:\/\/www.contabilizei.com.br\/contabilizei-responde\/o-que-e-enquadramento-de-microempresa\/\" \/>\n<meta property=\"og:site_name\" content=\"Contador Responde\" \/>\n<meta name=\"twitter:card\" content=\"summary_large_image\" \/>\n<meta name=\"twitter:label1\" content=\"Est. tempo de leitura\" \/>\n\t<meta name=\"twitter:data1\" content=\"2 minutos\" \/>\n<!-- \/ Yoast SEO plugin. -->","yoast_head_json":{"title":"O que \u00e9 enquadramento de Microempresa?","description":"Saiba o que \u00e9 enquadramento de Microempresa e se voc\u00ea pode abrir um neg\u00f3cio do tipo. Confira agora mesmo!","robots":{"index":"index","follow":"follow","max-snippet":"max-snippet:-1","max-image-preview":"max-image-preview:large","max-video-preview":"max-video-preview:-1"},"canonical":"https:\/\/www.contabilizei.com.br\/contabilizei-responde\/o-que-e-enquadramento-de-microempresa\/","og_locale":"pt_BR","og_type":"article","og_title":"O que \u00e9 enquadramento de Microempresa?","og_description":"Saiba o que \u00e9 enquadramento de Microempresa e se voc\u00ea pode abrir um neg\u00f3cio do tipo. Confira agora mesmo!","og_url":"https:\/\/www.contabilizei.com.br\/contabilizei-responde\/o-que-e-enquadramento-de-microempresa\/","og_site_name":"Contador Responde","twitter_card":"summary_large_image","twitter_misc":{"Est. tempo de leitura":"2 minutos"},"schema":{"@context":"https:\/\/schema.org","@graph":[{"@type":"WebPage","@id":"https:\/\/www.contabilizei.com.br\/contabilizei-responde\/o-que-e-enquadramento-de-microempresa\/","url":"https:\/\/www.contabilizei.com.br\/contabilizei-responde\/o-que-e-enquadramento-de-microempresa\/","name":"O que \u00e9 enquadramento de Microempresa?","isPartOf":{"@id":"https:\/\/www.contabilizei.com.br\/contabilizei-responde\/#website"},"datePublished":"2023-04-28T18:38:55+00:00","description":"Saiba o que \u00e9 enquadramento de Microempresa e se voc\u00ea pode abrir um neg\u00f3cio do tipo. Confira agora mesmo!","breadcrumb":{"@id":"https:\/\/www.contabilizei.com.br\/contabilizei-responde\/o-que-e-enquadramento-de-microempresa\/#breadcrumb"},"inLanguage":"pt-BR","potentialAction":[{"@type":"ReadAction","target":["https:\/\/www.contabilizei.com.br\/contabilizei-responde\/o-que-e-enquadramento-de-microempresa\/"]}]},{"@type":"BreadcrumbList","@id":"https:\/\/www.contabilizei.com.br\/contabilizei-responde\/o-que-e-enquadramento-de-microempresa\/#breadcrumb","itemListElement":[{"@type":"ListItem","position":1,"name":"Home","item":"https:\/\/www.contabilizei.com.br\/contabilizei-responde\/"},{"@type":"ListItem","position":2,"name":"Perguntas","item":"https:\/\/www.contabilizei.com.br\/contabilizei-responde\/perguntas\/"},{"@type":"ListItem","position":3,"name":"O que \u00e9 enquadramento de Microempresa?"}]},{"@type":"WebSite","@id":"https:\/\/www.contabilizei.com.br\/contabilizei-responde\/#website","url":"https:\/\/www.contabilizei.com.br\/contabilizei-responde\/","name":"Contador Responde","description":"","potentialAction":[{"@type":"SearchAction","target":{"@type":"EntryPoint","urlTemplate":"https:\/\/www.contabilizei.com.br\/contabilizei-responde\/?s={search_term_string}"},"query-input":{"@type":"PropertyValueSpecification","valueRequired":true,"valueName":"search_term_string"}}],"inLanguage":"pt-BR"}]}},"_links":{"self":[{"href":"https:\/\/www.contabilizei.com.br\/contabilizei-responde\/api\/wp\/v2\/questions\/866","targetHints":{"allow":["GET"]}}],"collection":[{"href":"https:\/\/www.contabilizei.com.br\/contabilizei-responde\/api\/wp\/v2\/questions"}],"about":[{"href":"https:\/\/www.contabilizei.com.br\/contabilizei-responde\/api\/wp\/v2\/types\/perguntas"}],"acf:post":[{"embeddable":true,"href":"https:\/\/www.contabilizei.com.br\/contabilizei-responde\/api\/wp\/v2\/contador\/1732"}],"wp:attachment":[{"href":"https:\/\/www.contabilizei.com.br\/contabilizei-responde\/api\/wp\/v2\/media?parent=866"}],"wp:term":[{"taxonomy":"category_questions","embeddable":true,"href":"https:\/\/www.contabilizei.com.br\/contabilizei-responde\/api\/wp\/v2\/category-questions?post=866"}],"curies":[{"name":"wp","href":"https:\/\/api.w.org\/{rel}","templated":true}]}}

O que é enquadramento de Microempresa?

<p><b>O enquadramento de Microempresa é aplicado aos negócios que tem faturamento de até R$ 360 mil ao ano. De acordo com o Estatuto Nacional da Microempresa (</b><a href="http://www.planalto.gov.br/ccivil_03/leis/lcp/lcp123.htm" target="_blank" rel="noopener"><b>Lei Complementar Nº123</b></a><b>), estas empresas podem solicitar a opção pelo Simples Nacional, onde há redução de tributação para beneficiar os empreendedores.</b></p>
<p><span style="font-weight: 400;">Procure a </span><a href="https://www.contabilizei.com.br/abrir-empresa" target="_blank" rel="noopener"><span style="font-weight: 400;">Contabilizei</span></a><span style="font-weight: 400;"> para saber como se enquadrar como Microempresa: sabendo que o Simples Nacional geralmente é o regime tributário mais interessante para os pequenos negócios, você identifica se as características do empreendimento que quer abrir são compatíveis com esse modelo.</span></p>
<p><span style="font-weight: 400;">Outra característica da Microempresa é que ela não pode contar com sócio Pessoa Jurídica. Embora a Microempresa possa ser aberta com mais de um sócio, no formato de uma Sociedade Limitada, por exemplo, esses participantes precisam ser Pessoas Físicas.</span></p>
<p><span style="font-weight: 400;">Alguns órgãos governamentais classificam a Microempresa também pelo número de funcionários, onde seria considerada do porte Micro aquela empresa com até até 19 colaboradores na indústria e até 9 colaboradores para comércio e prestação de serviço. Essa classificação não interfere na questão de taxas e impostos, já que consta na legislação para fins de impostos a classificação pelo faturamento.</span></p>

<p>O enquadramento de Microempresa é aplicado aos negócios que tem faturamento de até R$ 360 mil ao ano. De acordo com o Estatuto Nacional da Microempresa (Lei Complementar Nº123), estas empresas podem solicitar a opção pelo Simples Nacional, onde há redução de tributação para beneficiar os empreendedores. Procure a Contabilizei para saber como se enquadrar [&hellip;]</p>

<!-- This site is optimized with the Yoast SEO plugin v27.5 - https://yoast.com/product/yoast-seo-wordpress/ -->
<title>O que é enquadramento de Microempresa?</title>
<meta name="description" content="Saiba o que é enquadramento de Microempresa e se você pode abrir um negócio do tipo. Confira agora mesmo!" />
<meta name="robots" content="index, follow, max-snippet:-1, max-image-preview:large, max-video-preview:-1" />
<link rel="canonical" href="https://www.contabilizei.com.br/contabilizei-responde/o-que-e-enquadramento-de-microempresa/" />
<meta property="og:locale" content="pt_BR" />
<meta property="og:type" content="article" />
<meta property="og:title" content="O que é enquadramento de Microempresa?" />
<meta property="og:description" content="Saiba o que é enquadramento de Microempresa e se você pode abrir um negócio do tipo. Confira agora mesmo!" />
<meta property="og:url" content="https://www.contabilizei.com.br/contabilizei-responde/o-que-e-enquadramento-de-microempresa/" />
<meta property="og:site_name" content="Contador Responde" />
<meta name="twitter:card" content="summary_large_image" />
<meta name="twitter:label1" content="Est. tempo de leitura" />
	<meta name="twitter:data1" content="2 minutos" />
<!-- / Yoast SEO plugin. -->

Saiba o que é enquadramento de Microempresa e se você pode abrir um negócio do tipo. Confira agora mesmo!
