{"id":816,"date":"2023-03-29T13:33:48","date_gmt":"2023-03-29T16:33:48","guid":{"rendered":"https:\/\/www.contabilizei.com.br\/contabilizei-responde\/?post_type=perguntas&#038;p=816"},"modified":"2023-03-29T13:33:48","modified_gmt":"2023-03-29T16:33:48","slug":"como-emitir-a-declaracao-do-simples-nacional","status":"publish","type":"perguntas","link":"https:\/\/www.contabilizei.com.br\/contabilizei-responde\/como-emitir-a-declaracao-do-simples-nacional\/","title":{"rendered":"Como emitir a Declara\u00e7\u00e3o do Simples Nacional?"},"content":{"rendered":"<p><span style=\"font-weight: 400;\">A <\/span><b>Declara\u00e7\u00e3o de Informa\u00e7\u00f5es Socioecon\u00f4micas e Fiscais &#8211; DEFIS<\/b><span style=\"font-weight: 400;\">, tamb\u00e9m conhecida como <\/span><b>Declara\u00e7\u00e3o do Simples Nacional<\/b><span style=\"font-weight: 400;\">, \u00e9 elaborada todos os anos pela contabilidade das micro e pequenas empresas optantes por este enquadramento tribut\u00e1rio.<\/span><\/p>\n<p><b>O prazo para entrega \u00e9 at\u00e9 31 de mar\u00e7o do ano subsequente ao da declara\u00e7\u00e3o<\/b><span style=\"font-weight: 400;\"> e nela s\u00e3o informados os valores com ganho de capital, total de despesas, lucro cont\u00e1bil &#8211; quando houver -, rendimentos dos s\u00f3cios, saldos banc\u00e1rios e em caixa e quantidade de colaboradores.<\/span><\/p>\n<p><span style=\"font-weight: 400;\">A contabilidade \u00e9 respons\u00e1vel pelo preenchimento da DEFIS no portal do Simples Nacional, mas para encontrar os n\u00fameros corretos, ela precisa receber periodicamente uma s\u00e9rie de documentos: extratos banc\u00e1rios, classifica\u00e7\u00e3o das movimenta\u00e7\u00f5es financeiras, recibos de pagamentos, notas fiscais de compra e venda de produtos, notas fiscais de servi\u00e7os prestados e contratados e qualquer outra opera\u00e7\u00e3o que ocorra no CNPJ.<\/span><\/p>\n<p><span style=\"font-weight: 400;\">Na <\/span><a href=\"https:\/\/www.contabilizei.com.br\/\" target=\"_blank\" rel=\"noopener\"><span style=\"font-weight: 400;\">Contabilizei<\/span><\/a><span style=\"font-weight: 400;\">, todo o envio e recebimento de informa\u00e7\u00f5es acontece de forma digital, em uma plataforma integrada que garante a economia e otimiza\u00e7\u00e3o do seu tempo, transpar\u00eancia e agilidade nas informa\u00e7\u00f5es geradas e atendimento especializado na gest\u00e3o cont\u00e1bil e financeira do seu segmento.<\/span><\/p>\n<p><span style=\"font-weight: 400;\">Al\u00e9m disso, os clientes tamb\u00e9m possuem acesso ao <\/span><a href=\"https:\/\/www.contabilizei.com.br\/banco\/\" target=\"_blank\" rel=\"noopener\"><span style=\"font-weight: 400;\">Contabilizei.bank<\/span><\/a><span style=\"font-weight: 400;\">, uma conta PJ integrada com todos os processos cont\u00e1beis e financeiros, sem custo, com pix ilimitados e gratuitos, emiss\u00e3o de boletos, saques nas redes Banco24Horas e taxa zero em diversos servi\u00e7os.\u00a0<\/span><\/p>\n<p><span style=\"font-weight: 400;\">Com a integra\u00e7\u00e3o entre a movimenta\u00e7\u00e3o financeira e os processos cont\u00e1beis da empresa, as informa\u00e7\u00f5es utilizadas para o envio da DEFIS estar\u00e3o sempre em dia, reduzindo o risco de atrasos por falta de dados e de penalidades previstas em lei.<\/span><\/p>\n<p><span style=\"font-weight: 400;\">N\u00e3o h\u00e1 multa para o envio da Declara\u00e7\u00e3o do Simples Nacional em atraso, por\u00e9m ap\u00f3s o prazo n\u00e3o \u00e9 poss\u00edvel entregar as declara\u00e7\u00f5es mensais no Simples Nacional, que geram a guia DAS para pagamento dos tributos.<\/span><\/p>\n<p><span style=\"font-weight: 400;\">Ou seja, sem a entrega da DEFIS a empresa fica impedida de gerar seus impostos mensais, e estes, quando em atraso, somar\u00e3o multa e juros para regulariza\u00e7\u00e3o, trazendo despesas desnecess\u00e1rias para a empresa.<\/span><\/p>\n","protected":false},"excerpt":{"rendered":"<p>A Declara\u00e7\u00e3o de Informa\u00e7\u00f5es Socioecon\u00f4micas e Fiscais &#8211; DEFIS, tamb\u00e9m conhecida como Declara\u00e7\u00e3o do Simples Nacional, \u00e9 elaborada todos os anos pela contabilidade das micro e pequenas empresas optantes por este enquadramento tribut\u00e1rio. O prazo para entrega \u00e9 at\u00e9 31 de mar\u00e7o do ano subsequente ao da declara\u00e7\u00e3o e nela s\u00e3o informados os valores com [&hellip;]<\/p>\n","protected":false},"parent":0,"menu_order":0,"template":"","category-questions":[26],"class_list":["post-816","perguntas","type-perguntas","status-publish","hentry","category_questions-simples-nacional"],"acf":{"contador":{"ID":301,"post_author":"8","post_date":"2022-06-15 16:14:23","post_date_gmt":"2022-06-15 19:14:23","post_content":"","post_title":"Nicoli Meira","post_excerpt":"","post_status":"publish","comment_status":"closed","ping_status":"closed","post_password":"","post_name":"nicoli-meira","to_ping":"","pinged":"","post_modified":"2023-03-07 16:50:32","post_modified_gmt":"2023-03-07 19:50:32","post_content_filtered":"","post_parent":0,"guid":"https:\/\/site-static-prd1.ctbz.com.br\/contabilizei-responde\/?post_type=contador&#038;p=301","menu_order":0,"post_type":"contador","post_mime_type":"","comment_count":"0","filter":"raw"}},"yoast_head":"<!-- This site is optimized with the Yoast SEO plugin v27.5 - https:\/\/yoast.com\/product\/yoast-seo-wordpress\/ -->\n<title>Como emitir a Declara\u00e7\u00e3o do Simples Nacional?<\/title>\n<meta name=\"description\" content=\"Saiba como emitir a Declara\u00e7\u00e3o do Simples Nacional nesse passo a passo. Confira agora mesmo!\" \/>\n<meta name=\"robots\" content=\"index, follow, max-snippet:-1, max-image-preview:large, max-video-preview:-1\" \/>\n<link rel=\"canonical\" href=\"https:\/\/www.contabilizei.com.br\/contabilizei-responde\/como-emitir-a-declaracao-do-simples-nacional\/\" \/>\n<meta property=\"og:locale\" content=\"pt_BR\" \/>\n<meta property=\"og:type\" content=\"article\" \/>\n<meta property=\"og:title\" content=\"Como emitir a Declara\u00e7\u00e3o do Simples Nacional?\" \/>\n<meta property=\"og:description\" content=\"Saiba como emitir a Declara\u00e7\u00e3o do Simples Nacional nesse passo a passo. Confira agora mesmo!\" \/>\n<meta property=\"og:url\" content=\"https:\/\/www.contabilizei.com.br\/contabilizei-responde\/como-emitir-a-declaracao-do-simples-nacional\/\" \/>\n<meta property=\"og:site_name\" content=\"Contador Responde\" \/>\n<meta name=\"twitter:card\" content=\"summary_large_image\" \/>\n<meta name=\"twitter:label1\" content=\"Est. tempo de leitura\" \/>\n\t<meta name=\"twitter:data1\" content=\"2 minutos\" \/>\n<!-- \/ Yoast SEO plugin. -->","yoast_head_json":{"title":"Como emitir a Declara\u00e7\u00e3o do Simples Nacional?","description":"Saiba como emitir a Declara\u00e7\u00e3o do Simples Nacional nesse passo a passo. Confira agora mesmo!","robots":{"index":"index","follow":"follow","max-snippet":"max-snippet:-1","max-image-preview":"max-image-preview:large","max-video-preview":"max-video-preview:-1"},"canonical":"https:\/\/www.contabilizei.com.br\/contabilizei-responde\/como-emitir-a-declaracao-do-simples-nacional\/","og_locale":"pt_BR","og_type":"article","og_title":"Como emitir a Declara\u00e7\u00e3o do Simples Nacional?","og_description":"Saiba como emitir a Declara\u00e7\u00e3o do Simples Nacional nesse passo a passo. Confira agora mesmo!","og_url":"https:\/\/www.contabilizei.com.br\/contabilizei-responde\/como-emitir-a-declaracao-do-simples-nacional\/","og_site_name":"Contador Responde","twitter_card":"summary_large_image","twitter_misc":{"Est. tempo de leitura":"2 minutos"},"schema":{"@context":"https:\/\/schema.org","@graph":[{"@type":"WebPage","@id":"https:\/\/www.contabilizei.com.br\/contabilizei-responde\/como-emitir-a-declaracao-do-simples-nacional\/","url":"https:\/\/www.contabilizei.com.br\/contabilizei-responde\/como-emitir-a-declaracao-do-simples-nacional\/","name":"Como emitir a Declara\u00e7\u00e3o do Simples Nacional?","isPartOf":{"@id":"https:\/\/www.contabilizei.com.br\/contabilizei-responde\/#website"},"datePublished":"2023-03-29T16:33:48+00:00","description":"Saiba como emitir a Declara\u00e7\u00e3o do Simples Nacional nesse passo a passo. Confira agora mesmo!","breadcrumb":{"@id":"https:\/\/www.contabilizei.com.br\/contabilizei-responde\/como-emitir-a-declaracao-do-simples-nacional\/#breadcrumb"},"inLanguage":"pt-BR","potentialAction":[{"@type":"ReadAction","target":["https:\/\/www.contabilizei.com.br\/contabilizei-responde\/como-emitir-a-declaracao-do-simples-nacional\/"]}]},{"@type":"BreadcrumbList","@id":"https:\/\/www.contabilizei.com.br\/contabilizei-responde\/como-emitir-a-declaracao-do-simples-nacional\/#breadcrumb","itemListElement":[{"@type":"ListItem","position":1,"name":"Home","item":"https:\/\/www.contabilizei.com.br\/contabilizei-responde\/"},{"@type":"ListItem","position":2,"name":"Perguntas","item":"https:\/\/www.contabilizei.com.br\/contabilizei-responde\/perguntas\/"},{"@type":"ListItem","position":3,"name":"Como emitir a Declara\u00e7\u00e3o do Simples Nacional?"}]},{"@type":"WebSite","@id":"https:\/\/www.contabilizei.com.br\/contabilizei-responde\/#website","url":"https:\/\/www.contabilizei.com.br\/contabilizei-responde\/","name":"Contador Responde","description":"","potentialAction":[{"@type":"SearchAction","target":{"@type":"EntryPoint","urlTemplate":"https:\/\/www.contabilizei.com.br\/contabilizei-responde\/?s={search_term_string}"},"query-input":{"@type":"PropertyValueSpecification","valueRequired":true,"valueName":"search_term_string"}}],"inLanguage":"pt-BR"}]}},"_links":{"self":[{"href":"https:\/\/www.contabilizei.com.br\/contabilizei-responde\/api\/wp\/v2\/questions\/816","targetHints":{"allow":["GET"]}}],"collection":[{"href":"https:\/\/www.contabilizei.com.br\/contabilizei-responde\/api\/wp\/v2\/questions"}],"about":[{"href":"https:\/\/www.contabilizei.com.br\/contabilizei-responde\/api\/wp\/v2\/types\/perguntas"}],"acf:post":[{"embeddable":true,"href":"https:\/\/www.contabilizei.com.br\/contabilizei-responde\/api\/wp\/v2\/contador\/301"}],"wp:attachment":[{"href":"https:\/\/www.contabilizei.com.br\/contabilizei-responde\/api\/wp\/v2\/media?parent=816"}],"wp:term":[{"taxonomy":"category_questions","embeddable":true,"href":"https:\/\/www.contabilizei.com.br\/contabilizei-responde\/api\/wp\/v2\/category-questions?post=816"}],"curies":[{"name":"wp","href":"https:\/\/api.w.org\/{rel}","templated":true}]}}

Como emitir a Declaração do Simples Nacional?

<p><span style="font-weight: 400;">A </span><b>Declaração de Informações Socioeconômicas e Fiscais &#8211; DEFIS</b><span style="font-weight: 400;">, também conhecida como </span><b>Declaração do Simples Nacional</b><span style="font-weight: 400;">, é elaborada todos os anos pela contabilidade das micro e pequenas empresas optantes por este enquadramento tributário.</span></p>
<p><b>O prazo para entrega é até 31 de março do ano subsequente ao da declaração</b><span style="font-weight: 400;"> e nela são informados os valores com ganho de capital, total de despesas, lucro contábil &#8211; quando houver -, rendimentos dos sócios, saldos bancários e em caixa e quantidade de colaboradores.</span></p>
<p><span style="font-weight: 400;">A contabilidade é responsável pelo preenchimento da DEFIS no portal do Simples Nacional, mas para encontrar os números corretos, ela precisa receber periodicamente uma série de documentos: extratos bancários, classificação das movimentações financeiras, recibos de pagamentos, notas fiscais de compra e venda de produtos, notas fiscais de serviços prestados e contratados e qualquer outra operação que ocorra no CNPJ.</span></p>
<p><span style="font-weight: 400;">Na </span><a href="https://www.contabilizei.com.br/" target="_blank" rel="noopener"><span style="font-weight: 400;">Contabilizei</span></a><span style="font-weight: 400;">, todo o envio e recebimento de informações acontece de forma digital, em uma plataforma integrada que garante a economia e otimização do seu tempo, transparência e agilidade nas informações geradas e atendimento especializado na gestão contábil e financeira do seu segmento.</span></p>
<p><span style="font-weight: 400;">Além disso, os clientes também possuem acesso ao </span><a href="https://www.contabilizei.com.br/banco/" target="_blank" rel="noopener"><span style="font-weight: 400;">Contabilizei.bank</span></a><span style="font-weight: 400;">, uma conta PJ integrada com todos os processos contábeis e financeiros, sem custo, com pix ilimitados e gratuitos, emissão de boletos, saques nas redes Banco24Horas e taxa zero em diversos serviços. </span></p>
<p><span style="font-weight: 400;">Com a integração entre a movimentação financeira e os processos contábeis da empresa, as informações utilizadas para o envio da DEFIS estarão sempre em dia, reduzindo o risco de atrasos por falta de dados e de penalidades previstas em lei.</span></p>
<p><span style="font-weight: 400;">Não há multa para o envio da Declaração do Simples Nacional em atraso, porém após o prazo não é possível entregar as declarações mensais no Simples Nacional, que geram a guia DAS para pagamento dos tributos.</span></p>
<p><span style="font-weight: 400;">Ou seja, sem a entrega da DEFIS a empresa fica impedida de gerar seus impostos mensais, e estes, quando em atraso, somarão multa e juros para regularização, trazendo despesas desnecessárias para a empresa.</span></p>

<p>A Declaração de Informações Socioeconômicas e Fiscais &#8211; DEFIS, também conhecida como Declaração do Simples Nacional, é elaborada todos os anos pela contabilidade das micro e pequenas empresas optantes por este enquadramento tributário. O prazo para entrega é até 31 de março do ano subsequente ao da declaração e nela são informados os valores com [&hellip;]</p>

<!-- This site is optimized with the Yoast SEO plugin v27.5 - https://yoast.com/product/yoast-seo-wordpress/ -->
<title>Como emitir a Declaração do Simples Nacional?</title>
<meta name="description" content="Saiba como emitir a Declaração do Simples Nacional nesse passo a passo. Confira agora mesmo!" />
<meta name="robots" content="index, follow, max-snippet:-1, max-image-preview:large, max-video-preview:-1" />
<link rel="canonical" href="https://www.contabilizei.com.br/contabilizei-responde/como-emitir-a-declaracao-do-simples-nacional/" />
<meta property="og:locale" content="pt_BR" />
<meta property="og:type" content="article" />
<meta property="og:title" content="Como emitir a Declaração do Simples Nacional?" />
<meta property="og:description" content="Saiba como emitir a Declaração do Simples Nacional nesse passo a passo. Confira agora mesmo!" />
<meta property="og:url" content="https://www.contabilizei.com.br/contabilizei-responde/como-emitir-a-declaracao-do-simples-nacional/" />
<meta property="og:site_name" content="Contador Responde" />
<meta name="twitter:card" content="summary_large_image" />
<meta name="twitter:label1" content="Est. tempo de leitura" />
	<meta name="twitter:data1" content="2 minutos" />
<!-- / Yoast SEO plugin. -->

Saiba como emitir a Declaração do Simples Nacional nesse passo a passo. Confira agora mesmo!
