{"id":794,"date":"2023-03-22T14:05:17","date_gmt":"2023-03-22T17:05:17","guid":{"rendered":"https:\/\/www.contabilizei.com.br\/contabilizei-responde\/?post_type=perguntas&#038;p=794"},"modified":"2024-05-03T16:11:31","modified_gmt":"2024-05-03T19:11:31","slug":"quais-sao-as-declaracoes-feitas-pelo-simples-nacional","status":"publish","type":"perguntas","link":"https:\/\/www.contabilizei.com.br\/contabilizei-responde\/quais-sao-as-declaracoes-feitas-pelo-simples-nacional\/","title":{"rendered":"Quais s\u00e3o as declara\u00e7\u00f5es feitas pelo Simples Nacional?"},"content":{"rendered":"<p><span style=\"font-weight: 400;\">As declara\u00e7\u00f5es feitas pelo Simples Nacional s<\/span><b>\u00e3o a DEFIS (Declara\u00e7\u00e3o de Informa\u00e7\u00f5es Socioecon\u00f4micas e Fiscais) e a DIRF (Declara\u00e7\u00e3o de Imposto Retido na Fonte)<\/b><span style=\"font-weight: 400;\">. Tratam-se de documentos anuais que est\u00e3o baseados na contabilidade da empresa ao longo do per\u00edodo.<\/span><\/p>\n<p><span style=\"font-weight: 400;\">A <\/span><b>Declara\u00e7\u00e3o de Informa\u00e7\u00f5es Socioecon\u00f4micas e Fiscais \u00e9 um documento que agrupa os dados sociais, fiscais e econ\u00f4micos do neg\u00f3cio, justamente dos optantes pelo Simples Nacional.<\/b><span style=\"font-weight: 400;\"> \u00c9 o seu contador que emite o documento, onde constam o pagamento de despesas, inclusive de impostos, dados sobre o faturamento e lucro da empresa, bem como podem ser atualizados endere\u00e7o e rendimento dos s\u00f3cios.<\/span><\/p>\n<p><span style=\"font-weight: 400;\">A <\/span><b>Declara\u00e7\u00e3o de Imposto Retido na Fonte relata os valores das reten\u00e7\u00f5es que aconteceram ao longo do per\u00edodo, tanto de Pessoas F\u00edsicas como de Pessoas Jur\u00eddicas.<\/b><span style=\"font-weight: 400;\"> A empresa aqui est\u00e1 informando os valores que ela reteve a t\u00edtulo de imposto na fonte &#8211; n\u00e3o s\u00e3o os valores que foram retidos ao serem realizados pagamentos para a sua empresa, mas sim os valores que sua empresa reteve ao realizar pagamentos de contrata\u00e7\u00f5es feitas pelo seu neg\u00f3cio.<\/span><span style=\"font-weight: 400;\">Ambos os processos s\u00e3o orientados pela sua contabilidade, e a <\/span><a href=\"https:\/\/www.contabilizei.com.br\/\" target=\"_blank\" rel=\"noopener\"><span style=\"font-weight: 400;\">Contabilizei<\/span><\/a><span style=\"font-weight: 400;\"> \u00e9 especialista no aux\u00edlio de neg\u00f3cios do Simples Nacional &#8211; com mais de 100 mil clientes em atendimento. <\/span><\/p>\n","protected":false},"excerpt":{"rendered":"<p>As declara\u00e7\u00f5es feitas pelo Simples Nacional s\u00e3o a DEFIS (Declara\u00e7\u00e3o de Informa\u00e7\u00f5es Socioecon\u00f4micas e Fiscais) e a DIRF (Declara\u00e7\u00e3o de Imposto Retido na Fonte). Tratam-se de documentos anuais que est\u00e3o baseados na contabilidade da empresa ao longo do per\u00edodo. A Declara\u00e7\u00e3o de Informa\u00e7\u00f5es Socioecon\u00f4micas e Fiscais \u00e9 um documento que agrupa os dados sociais, fiscais [&hellip;]<\/p>\n","protected":false},"parent":0,"menu_order":0,"template":"","category-questions":[26],"class_list":["post-794","perguntas","type-perguntas","status-publish","hentry","category_questions-simples-nacional"],"acf":{"contador":{"ID":927,"post_author":"4","post_date":"2023-05-25 10:44:50","post_date_gmt":"2023-05-25 13:44:50","post_content":"","post_title":"Michel Batista","post_excerpt":"","post_status":"publish","comment_status":"closed","ping_status":"closed","post_password":"","post_name":"michel-batista","to_ping":"","pinged":"","post_modified":"2023-05-25 10:44:50","post_modified_gmt":"2023-05-25 13:44:50","post_content_filtered":"","post_parent":0,"guid":"https:\/\/www.contabilizei.com.br\/contabilizei-responde\/?post_type=contador&#038;p=927","menu_order":0,"post_type":"contador","post_mime_type":"","comment_count":"0","filter":"raw"}},"yoast_head":"<!-- This site is optimized with the Yoast SEO plugin v27.5 - https:\/\/yoast.com\/product\/yoast-seo-wordpress\/ -->\n<title>Quais s\u00e3o as declara\u00e7\u00f5es feitas pelo Simples Nacional?<\/title>\n<meta name=\"description\" content=\"Saiba quais s\u00e3o as declara\u00e7\u00f5es feitas pelo Simples Nacional e quais as datas para enviar os documentos. Confira agora mesmo!\" \/>\n<meta name=\"robots\" content=\"index, follow, max-snippet:-1, max-image-preview:large, max-video-preview:-1\" \/>\n<link rel=\"canonical\" href=\"https:\/\/www.contabilizei.com.br\/contabilizei-responde\/quais-sao-as-declaracoes-feitas-pelo-simples-nacional\/\" \/>\n<meta property=\"og:locale\" content=\"pt_BR\" \/>\n<meta property=\"og:type\" content=\"article\" \/>\n<meta property=\"og:title\" content=\"Quais s\u00e3o as declara\u00e7\u00f5es feitas pelo Simples Nacional?\" \/>\n<meta property=\"og:description\" content=\"Saiba quais s\u00e3o as declara\u00e7\u00f5es feitas pelo Simples Nacional e quais as datas para enviar os documentos. Confira agora mesmo!\" \/>\n<meta property=\"og:url\" content=\"https:\/\/www.contabilizei.com.br\/contabilizei-responde\/quais-sao-as-declaracoes-feitas-pelo-simples-nacional\/\" \/>\n<meta property=\"og:site_name\" content=\"Contador Responde\" \/>\n<meta property=\"article:modified_time\" content=\"2024-05-03T19:11:31+00:00\" \/>\n<meta name=\"twitter:card\" content=\"summary_large_image\" \/>\n<meta name=\"twitter:label1\" content=\"Est. tempo de leitura\" \/>\n\t<meta name=\"twitter:data1\" content=\"2 minutos\" \/>\n<!-- \/ Yoast SEO plugin. -->","yoast_head_json":{"title":"Quais s\u00e3o as declara\u00e7\u00f5es feitas pelo Simples Nacional?","description":"Saiba quais s\u00e3o as declara\u00e7\u00f5es feitas pelo Simples Nacional e quais as datas para enviar os documentos. Confira agora mesmo!","robots":{"index":"index","follow":"follow","max-snippet":"max-snippet:-1","max-image-preview":"max-image-preview:large","max-video-preview":"max-video-preview:-1"},"canonical":"https:\/\/www.contabilizei.com.br\/contabilizei-responde\/quais-sao-as-declaracoes-feitas-pelo-simples-nacional\/","og_locale":"pt_BR","og_type":"article","og_title":"Quais s\u00e3o as declara\u00e7\u00f5es feitas pelo Simples Nacional?","og_description":"Saiba quais s\u00e3o as declara\u00e7\u00f5es feitas pelo Simples Nacional e quais as datas para enviar os documentos. Confira agora mesmo!","og_url":"https:\/\/www.contabilizei.com.br\/contabilizei-responde\/quais-sao-as-declaracoes-feitas-pelo-simples-nacional\/","og_site_name":"Contador Responde","article_modified_time":"2024-05-03T19:11:31+00:00","twitter_card":"summary_large_image","twitter_misc":{"Est. tempo de leitura":"2 minutos"},"schema":{"@context":"https:\/\/schema.org","@graph":[{"@type":"WebPage","@id":"https:\/\/www.contabilizei.com.br\/contabilizei-responde\/quais-sao-as-declaracoes-feitas-pelo-simples-nacional\/","url":"https:\/\/www.contabilizei.com.br\/contabilizei-responde\/quais-sao-as-declaracoes-feitas-pelo-simples-nacional\/","name":"Quais s\u00e3o as declara\u00e7\u00f5es feitas pelo Simples Nacional?","isPartOf":{"@id":"https:\/\/www.contabilizei.com.br\/contabilizei-responde\/#website"},"datePublished":"2023-03-22T17:05:17+00:00","dateModified":"2024-05-03T19:11:31+00:00","description":"Saiba quais s\u00e3o as declara\u00e7\u00f5es feitas pelo Simples Nacional e quais as datas para enviar os documentos. Confira agora mesmo!","breadcrumb":{"@id":"https:\/\/www.contabilizei.com.br\/contabilizei-responde\/quais-sao-as-declaracoes-feitas-pelo-simples-nacional\/#breadcrumb"},"inLanguage":"pt-BR","potentialAction":[{"@type":"ReadAction","target":["https:\/\/www.contabilizei.com.br\/contabilizei-responde\/quais-sao-as-declaracoes-feitas-pelo-simples-nacional\/"]}]},{"@type":"BreadcrumbList","@id":"https:\/\/www.contabilizei.com.br\/contabilizei-responde\/quais-sao-as-declaracoes-feitas-pelo-simples-nacional\/#breadcrumb","itemListElement":[{"@type":"ListItem","position":1,"name":"Home","item":"https:\/\/www.contabilizei.com.br\/contabilizei-responde\/"},{"@type":"ListItem","position":2,"name":"Perguntas","item":"https:\/\/www.contabilizei.com.br\/contabilizei-responde\/perguntas\/"},{"@type":"ListItem","position":3,"name":"Quais s\u00e3o as declara\u00e7\u00f5es feitas pelo Simples Nacional?"}]},{"@type":"WebSite","@id":"https:\/\/www.contabilizei.com.br\/contabilizei-responde\/#website","url":"https:\/\/www.contabilizei.com.br\/contabilizei-responde\/","name":"Contador Responde","description":"","potentialAction":[{"@type":"SearchAction","target":{"@type":"EntryPoint","urlTemplate":"https:\/\/www.contabilizei.com.br\/contabilizei-responde\/?s={search_term_string}"},"query-input":{"@type":"PropertyValueSpecification","valueRequired":true,"valueName":"search_term_string"}}],"inLanguage":"pt-BR"}]}},"_links":{"self":[{"href":"https:\/\/www.contabilizei.com.br\/contabilizei-responde\/api\/wp\/v2\/questions\/794","targetHints":{"allow":["GET"]}}],"collection":[{"href":"https:\/\/www.contabilizei.com.br\/contabilizei-responde\/api\/wp\/v2\/questions"}],"about":[{"href":"https:\/\/www.contabilizei.com.br\/contabilizei-responde\/api\/wp\/v2\/types\/perguntas"}],"acf:post":[{"embeddable":true,"href":"https:\/\/www.contabilizei.com.br\/contabilizei-responde\/api\/wp\/v2\/contador\/927"}],"wp:attachment":[{"href":"https:\/\/www.contabilizei.com.br\/contabilizei-responde\/api\/wp\/v2\/media?parent=794"}],"wp:term":[{"taxonomy":"category_questions","embeddable":true,"href":"https:\/\/www.contabilizei.com.br\/contabilizei-responde\/api\/wp\/v2\/category-questions?post=794"}],"curies":[{"name":"wp","href":"https:\/\/api.w.org\/{rel}","templated":true}]}}

Quais são as declarações feitas pelo Simples Nacional?

<p><span style="font-weight: 400;">As declarações feitas pelo Simples Nacional s</span><b>ão a DEFIS (Declaração de Informações Socioeconômicas e Fiscais) e a DIRF (Declaração de Imposto Retido na Fonte)</b><span style="font-weight: 400;">. Tratam-se de documentos anuais que estão baseados na contabilidade da empresa ao longo do período.</span></p>
<p><span style="font-weight: 400;">A </span><b>Declaração de Informações Socioeconômicas e Fiscais é um documento que agrupa os dados sociais, fiscais e econômicos do negócio, justamente dos optantes pelo Simples Nacional.</b><span style="font-weight: 400;"> É o seu contador que emite o documento, onde constam o pagamento de despesas, inclusive de impostos, dados sobre o faturamento e lucro da empresa, bem como podem ser atualizados endereço e rendimento dos sócios.</span></p>
<p><span style="font-weight: 400;">A </span><b>Declaração de Imposto Retido na Fonte relata os valores das retenções que aconteceram ao longo do período, tanto de Pessoas Físicas como de Pessoas Jurídicas.</b><span style="font-weight: 400;"> A empresa aqui está informando os valores que ela reteve a título de imposto na fonte &#8211; não são os valores que foram retidos ao serem realizados pagamentos para a sua empresa, mas sim os valores que sua empresa reteve ao realizar pagamentos de contratações feitas pelo seu negócio.</span><span style="font-weight: 400;">Ambos os processos são orientados pela sua contabilidade, e a </span><a href="https://www.contabilizei.com.br/" target="_blank" rel="noopener"><span style="font-weight: 400;">Contabilizei</span></a><span style="font-weight: 400;"> é especialista no auxílio de negócios do Simples Nacional &#8211; com mais de 100 mil clientes em atendimento. </span></p>

<p>As declarações feitas pelo Simples Nacional são a DEFIS (Declaração de Informações Socioeconômicas e Fiscais) e a DIRF (Declaração de Imposto Retido na Fonte). Tratam-se de documentos anuais que estão baseados na contabilidade da empresa ao longo do período. A Declaração de Informações Socioeconômicas e Fiscais é um documento que agrupa os dados sociais, fiscais [&hellip;]</p>

<!-- This site is optimized with the Yoast SEO plugin v27.5 - https://yoast.com/product/yoast-seo-wordpress/ -->
<title>Quais são as declarações feitas pelo Simples Nacional?</title>
<meta name="description" content="Saiba quais são as declarações feitas pelo Simples Nacional e quais as datas para enviar os documentos. Confira agora mesmo!" />
<meta name="robots" content="index, follow, max-snippet:-1, max-image-preview:large, max-video-preview:-1" />
<link rel="canonical" href="https://www.contabilizei.com.br/contabilizei-responde/quais-sao-as-declaracoes-feitas-pelo-simples-nacional/" />
<meta property="og:locale" content="pt_BR" />
<meta property="og:type" content="article" />
<meta property="og:title" content="Quais são as declarações feitas pelo Simples Nacional?" />
<meta property="og:description" content="Saiba quais são as declarações feitas pelo Simples Nacional e quais as datas para enviar os documentos. Confira agora mesmo!" />
<meta property="og:url" content="https://www.contabilizei.com.br/contabilizei-responde/quais-sao-as-declaracoes-feitas-pelo-simples-nacional/" />
<meta property="og:site_name" content="Contador Responde" />
<meta property="article:modified_time" content="2024-05-03T19:11:31+00:00" />
<meta name="twitter:card" content="summary_large_image" />
<meta name="twitter:label1" content="Est. tempo de leitura" />
	<meta name="twitter:data1" content="2 minutos" />
<!-- / Yoast SEO plugin. -->

Saiba quais são as declarações feitas pelo Simples Nacional e quais as datas para enviar os documentos. Confira agora mesmo!
