{"id":715,"date":"2023-03-02T18:09:02","date_gmt":"2023-03-02T21:09:02","guid":{"rendered":"https:\/\/www.contabilizei.com.br\/contabilizei-responde\/?post_type=perguntas&#038;p=715"},"modified":"2025-07-14T10:10:46","modified_gmt":"2025-07-14T13:10:46","slug":"como-registrar-o-balanco-patrimonial-na-junta-comercial","status":"publish","type":"perguntas","link":"https:\/\/www.contabilizei.com.br\/contabilizei-responde\/como-registrar-o-balanco-patrimonial-na-junta-comercial\/","title":{"rendered":"Como registrar o Balan\u00e7o Patrimonial na Junta Comercial?"},"content":{"rendered":"<p><b>Para registrar o Balan\u00e7o Patrimonial na Junta Comercial \u00e9 preciso apresentar o documento produzido pela sua assessoria cont\u00e1bil no \u00f3rg\u00e3o do seu Estado &#8211; j\u00e1 que a Junta Comercial \u00e9 de f\u00f3rum estadual.\u00a0<\/b><\/p>\n<p><span style=\"font-weight: 400;\">Em muitos locais j\u00e1 \u00e9 poss\u00edvel realizar esse procedimento atrav\u00e9s de processos online.<\/span><b> Na Junta Comercial de S\u00e3o Paulo, por exemplo, \u00e9 poss\u00edvel realizar o arquivamento de documentos atrav\u00e9s do acesso pela Via R\u00e1pida Empresa. \u00c9 com esse processo que estar\u00e1 comprovado o registro do Balan\u00e7o Patrimonial na JUCESP.\u00a0<\/b><\/p>\n<p><span style=\"font-weight: 400;\">Se voc\u00ea mant\u00e9m um servi\u00e7o cont\u00e1bil confi\u00e1vel, como \u00e9 o atendimento da <\/span><a href=\"https:\/\/www.contabilizei.com.br\/\" target=\"_blank\" rel=\"noopener\"><span style=\"font-weight: 400;\">Contabilizei<\/span><\/a><span style=\"font-weight: 400;\"> aos seus clientes, ter\u00e1 todas as informa\u00e7\u00f5es necess\u00e1rias para realizar este procedimento na sua cidade. Este n\u00e3o \u00e9 o tipo de procedimento que o empres\u00e1rio deve buscar sem aux\u00edlio do seu escrit\u00f3rio de contabilidade, uma vez que trata-se de um documento espec\u00edfico a respeito das finan\u00e7as da empresa.\u00a0<\/span><\/p>\n<p><span style=\"font-weight: 400;\">Muitas vezes o empres\u00e1rio precisa desse registro justamente para participa\u00e7\u00e3o em Licita\u00e7\u00e3o &#8211; e h\u00e1 outros tr\u00e2mites e provas cont\u00e1beis que tamb\u00e9m ser\u00e3o necess\u00e1rios para dar conta da confiabilidade da sua empresa para que atenda a um processo de compras p\u00fablico.<\/span><\/p>\n<p><span style=\"font-weight: 400;\">Para muitos procedimentos, o Balan\u00e7o Patrimonial assinado pelo seu contador j\u00e1 tem valor suficiente, uma vez que o contador \u00e9 um profissional com f\u00e9 p\u00fablica &#8211; se ele assinou os dados obtidos do seu neg\u00f3cio ent\u00e3o est\u00e1 garantindo a veracidade deles.<\/span><\/p>\n","protected":false},"excerpt":{"rendered":"<p>Para registrar o Balan\u00e7o Patrimonial na Junta Comercial \u00e9 preciso apresentar o documento produzido pela sua assessoria cont\u00e1bil no \u00f3rg\u00e3o do seu Estado &#8211; j\u00e1 que a Junta Comercial \u00e9 de f\u00f3rum estadual.\u00a0 Em muitos locais j\u00e1 \u00e9 poss\u00edvel realizar esse procedimento atrav\u00e9s de processos online. Na Junta Comercial de S\u00e3o Paulo, por exemplo, \u00e9 [&hellip;]<\/p>\n","protected":false},"parent":0,"menu_order":0,"template":"","category-questions":[29],"class_list":["post-715","perguntas","type-perguntas","status-publish","hentry","category_questions-abertura-de-empresa"],"acf":{"contador":{"ID":1735,"post_author":"22","post_date":"2025-03-31 13:18:42","post_date_gmt":"2025-03-31 16:18:42","post_content":"","post_title":"Eduarda Cristina de Souza","post_excerpt":"","post_status":"publish","comment_status":"closed","ping_status":"closed","post_password":"","post_name":"eduarda-cristina-de-souza","to_ping":"","pinged":"","post_modified":"2025-07-16 17:01:33","post_modified_gmt":"2025-07-16 20:01:33","post_content_filtered":"","post_parent":0,"guid":"https:\/\/www.contabilizei.com.br\/contabilizei-responde\/?post_type=contador&#038;p=1735","menu_order":0,"post_type":"contador","post_mime_type":"","comment_count":"0","filter":"raw"}},"yoast_head":"<!-- This site is optimized with the Yoast SEO plugin v27.5 - https:\/\/yoast.com\/product\/yoast-seo-wordpress\/ -->\n<title>Como registrar o Balan\u00e7o Patrimonial na Junta Comercial? - Contador Responde<\/title>\n<meta name=\"description\" content=\"Saiba como registrar o Balan\u00e7o Patrimonial na Junta Comercial. Confira agora mesmo!\" \/>\n<meta name=\"robots\" content=\"index, follow, max-snippet:-1, max-image-preview:large, max-video-preview:-1\" \/>\n<link rel=\"canonical\" href=\"https:\/\/www.contabilizei.com.br\/contabilizei-responde\/como-registrar-o-balanco-patrimonial-na-junta-comercial\/\" \/>\n<meta property=\"og:locale\" content=\"pt_BR\" \/>\n<meta property=\"og:type\" content=\"article\" \/>\n<meta property=\"og:title\" content=\"Como registrar o Balan\u00e7o Patrimonial na Junta Comercial? - Contador Responde\" \/>\n<meta property=\"og:description\" content=\"Saiba como registrar o Balan\u00e7o Patrimonial na Junta Comercial. Confira agora mesmo!\" \/>\n<meta property=\"og:url\" content=\"https:\/\/www.contabilizei.com.br\/contabilizei-responde\/como-registrar-o-balanco-patrimonial-na-junta-comercial\/\" \/>\n<meta property=\"og:site_name\" content=\"Contador Responde\" \/>\n<meta property=\"article:modified_time\" content=\"2025-07-14T13:10:46+00:00\" \/>\n<meta name=\"twitter:card\" content=\"summary_large_image\" \/>\n<meta name=\"twitter:label1\" content=\"Est. tempo de leitura\" \/>\n\t<meta name=\"twitter:data1\" content=\"2 minutos\" \/>\n<!-- \/ Yoast SEO plugin. -->","yoast_head_json":{"title":"Como registrar o Balan\u00e7o Patrimonial na Junta Comercial? - Contador Responde","description":"Saiba como registrar o Balan\u00e7o Patrimonial na Junta Comercial. Confira agora mesmo!","robots":{"index":"index","follow":"follow","max-snippet":"max-snippet:-1","max-image-preview":"max-image-preview:large","max-video-preview":"max-video-preview:-1"},"canonical":"https:\/\/www.contabilizei.com.br\/contabilizei-responde\/como-registrar-o-balanco-patrimonial-na-junta-comercial\/","og_locale":"pt_BR","og_type":"article","og_title":"Como registrar o Balan\u00e7o Patrimonial na Junta Comercial? - Contador Responde","og_description":"Saiba como registrar o Balan\u00e7o Patrimonial na Junta Comercial. Confira agora mesmo!","og_url":"https:\/\/www.contabilizei.com.br\/contabilizei-responde\/como-registrar-o-balanco-patrimonial-na-junta-comercial\/","og_site_name":"Contador Responde","article_modified_time":"2025-07-14T13:10:46+00:00","twitter_card":"summary_large_image","twitter_misc":{"Est. tempo de leitura":"2 minutos"},"schema":{"@context":"https:\/\/schema.org","@graph":[{"@type":"WebPage","@id":"https:\/\/www.contabilizei.com.br\/contabilizei-responde\/como-registrar-o-balanco-patrimonial-na-junta-comercial\/","url":"https:\/\/www.contabilizei.com.br\/contabilizei-responde\/como-registrar-o-balanco-patrimonial-na-junta-comercial\/","name":"Como registrar o Balan\u00e7o Patrimonial na Junta Comercial? - Contador Responde","isPartOf":{"@id":"https:\/\/www.contabilizei.com.br\/contabilizei-responde\/#website"},"datePublished":"2023-03-02T21:09:02+00:00","dateModified":"2025-07-14T13:10:46+00:00","description":"Saiba como registrar o Balan\u00e7o Patrimonial na Junta Comercial. Confira agora mesmo!","breadcrumb":{"@id":"https:\/\/www.contabilizei.com.br\/contabilizei-responde\/como-registrar-o-balanco-patrimonial-na-junta-comercial\/#breadcrumb"},"inLanguage":"pt-BR","potentialAction":[{"@type":"ReadAction","target":["https:\/\/www.contabilizei.com.br\/contabilizei-responde\/como-registrar-o-balanco-patrimonial-na-junta-comercial\/"]}]},{"@type":"BreadcrumbList","@id":"https:\/\/www.contabilizei.com.br\/contabilizei-responde\/como-registrar-o-balanco-patrimonial-na-junta-comercial\/#breadcrumb","itemListElement":[{"@type":"ListItem","position":1,"name":"Home","item":"https:\/\/www.contabilizei.com.br\/contabilizei-responde\/"},{"@type":"ListItem","position":2,"name":"Perguntas","item":"https:\/\/www.contabilizei.com.br\/contabilizei-responde\/perguntas\/"},{"@type":"ListItem","position":3,"name":"Como registrar o Balan\u00e7o Patrimonial na Junta Comercial?"}]},{"@type":"WebSite","@id":"https:\/\/www.contabilizei.com.br\/contabilizei-responde\/#website","url":"https:\/\/www.contabilizei.com.br\/contabilizei-responde\/","name":"Contador Responde","description":"","potentialAction":[{"@type":"SearchAction","target":{"@type":"EntryPoint","urlTemplate":"https:\/\/www.contabilizei.com.br\/contabilizei-responde\/?s={search_term_string}"},"query-input":{"@type":"PropertyValueSpecification","valueRequired":true,"valueName":"search_term_string"}}],"inLanguage":"pt-BR"}]}},"_links":{"self":[{"href":"https:\/\/www.contabilizei.com.br\/contabilizei-responde\/api\/wp\/v2\/questions\/715","targetHints":{"allow":["GET"]}}],"collection":[{"href":"https:\/\/www.contabilizei.com.br\/contabilizei-responde\/api\/wp\/v2\/questions"}],"about":[{"href":"https:\/\/www.contabilizei.com.br\/contabilizei-responde\/api\/wp\/v2\/types\/perguntas"}],"acf:post":[{"embeddable":true,"href":"https:\/\/www.contabilizei.com.br\/contabilizei-responde\/api\/wp\/v2\/contador\/1735"}],"wp:attachment":[{"href":"https:\/\/www.contabilizei.com.br\/contabilizei-responde\/api\/wp\/v2\/media?parent=715"}],"wp:term":[{"taxonomy":"category_questions","embeddable":true,"href":"https:\/\/www.contabilizei.com.br\/contabilizei-responde\/api\/wp\/v2\/category-questions?post=715"}],"curies":[{"name":"wp","href":"https:\/\/api.w.org\/{rel}","templated":true}]}}

Como registrar o Balanço Patrimonial na Junta Comercial?

<p><b>Para registrar o Balanço Patrimonial na Junta Comercial é preciso apresentar o documento produzido pela sua assessoria contábil no órgão do seu Estado &#8211; já que a Junta Comercial é de fórum estadual. </b></p>
<p><span style="font-weight: 400;">Em muitos locais já é possível realizar esse procedimento através de processos online.</span><b> Na Junta Comercial de São Paulo, por exemplo, é possível realizar o arquivamento de documentos através do acesso pela Via Rápida Empresa. É com esse processo que estará comprovado o registro do Balanço Patrimonial na JUCESP. </b></p>
<p><span style="font-weight: 400;">Se você mantém um serviço contábil confiável, como é o atendimento da </span><a href="https://www.contabilizei.com.br/" target="_blank" rel="noopener"><span style="font-weight: 400;">Contabilizei</span></a><span style="font-weight: 400;"> aos seus clientes, terá todas as informações necessárias para realizar este procedimento na sua cidade. Este não é o tipo de procedimento que o empresário deve buscar sem auxílio do seu escritório de contabilidade, uma vez que trata-se de um documento específico a respeito das finanças da empresa. </span></p>
<p><span style="font-weight: 400;">Muitas vezes o empresário precisa desse registro justamente para participação em Licitação &#8211; e há outros trâmites e provas contábeis que também serão necessários para dar conta da confiabilidade da sua empresa para que atenda a um processo de compras público.</span></p>
<p><span style="font-weight: 400;">Para muitos procedimentos, o Balanço Patrimonial assinado pelo seu contador já tem valor suficiente, uma vez que o contador é um profissional com fé pública &#8211; se ele assinou os dados obtidos do seu negócio então está garantindo a veracidade deles.</span></p>

<p>Para registrar o Balanço Patrimonial na Junta Comercial é preciso apresentar o documento produzido pela sua assessoria contábil no órgão do seu Estado &#8211; já que a Junta Comercial é de fórum estadual.  Em muitos locais já é possível realizar esse procedimento através de processos online. Na Junta Comercial de São Paulo, por exemplo, é [&hellip;]</p>

<!-- This site is optimized with the Yoast SEO plugin v27.5 - https://yoast.com/product/yoast-seo-wordpress/ -->
<title>Como registrar o Balanço Patrimonial na Junta Comercial? - Contador Responde</title>
<meta name="description" content="Saiba como registrar o Balanço Patrimonial na Junta Comercial. Confira agora mesmo!" />
<meta name="robots" content="index, follow, max-snippet:-1, max-image-preview:large, max-video-preview:-1" />
<link rel="canonical" href="https://www.contabilizei.com.br/contabilizei-responde/como-registrar-o-balanco-patrimonial-na-junta-comercial/" />
<meta property="og:locale" content="pt_BR" />
<meta property="og:type" content="article" />
<meta property="og:title" content="Como registrar o Balanço Patrimonial na Junta Comercial? - Contador Responde" />
<meta property="og:description" content="Saiba como registrar o Balanço Patrimonial na Junta Comercial. Confira agora mesmo!" />
<meta property="og:url" content="https://www.contabilizei.com.br/contabilizei-responde/como-registrar-o-balanco-patrimonial-na-junta-comercial/" />
<meta property="og:site_name" content="Contador Responde" />
<meta property="article:modified_time" content="2025-07-14T13:10:46+00:00" />
<meta name="twitter:card" content="summary_large_image" />
<meta name="twitter:label1" content="Est. tempo de leitura" />
	<meta name="twitter:data1" content="2 minutos" />
<!-- / Yoast SEO plugin. -->

Como registrar o Balanço Patrimonial na Junta Comercial? - Contador Responde

Saiba como registrar o Balanço Patrimonial na Junta Comercial. Confira agora mesmo!
