{"id":708,"date":"2023-02-28T17:16:34","date_gmt":"2023-02-28T20:16:34","guid":{"rendered":"https:\/\/www.contabilizei.com.br\/contabilizei-responde\/?post_type=perguntas&#038;p=708"},"modified":"2023-05-02T11:30:09","modified_gmt":"2023-05-02T14:30:09","slug":"prestador-de-servicos-tem-direitos-trabalhistas","status":"publish","type":"perguntas","link":"https:\/\/www.contabilizei.com.br\/contabilizei-responde\/prestador-de-servicos-tem-direitos-trabalhistas\/","title":{"rendered":"Prestador de servi\u00e7os tem direitos trabalhistas?"},"content":{"rendered":"<p><b>Prestador de servi\u00e7os n\u00e3o tem direitos trabalhistas como direito \u00e0 f\u00e9rias, 13\u00ba sal\u00e1rio, aviso pr\u00e9vio ou seguro-desemprego. Isso porque o prestador de servi\u00e7os mant\u00e9m uma rela\u00e7\u00e3o de autonomia em rela\u00e7\u00e3o ao contratante, n\u00e3o se tratando de uma rela\u00e7\u00e3o de emprego.<\/b><\/p>\n<p><span style=\"font-weight: 400;\">\u00c9 por isso mesmo que a grande maioria dos contratos de prestadores de servi\u00e7os se d\u00e1 na forma de um contrato entre empresas: o profissional mant\u00e9m uma empresa pr\u00f3pria, que \u00e9 contratada formalmente pela empresa que demanda o servi\u00e7o.<\/span><\/p>\n<p><span style=\"font-weight: 400;\">No entanto, \u00e9 imprescind\u00edvel que a rela\u00e7\u00e3o de trabalho entre as partes se mantenha no modelo de contrata\u00e7\u00e3o CNPJ mesmo: n\u00e3o pode haver hor\u00e1rio de trabalho r\u00edgido, o prestador de servi\u00e7os n\u00e3o precisa acatar ordens e pode se recusar a realizar atividades, mantendo agenda pr\u00f3pria.\u00a0<\/span><\/p>\n<p><span style=\"font-weight: 400;\">Este modelo de trabalho tem ganhado for\u00e7a especialmente para atividades que podem ser realizadas como projetos: a empresa demandante solicita para a empresa contratada uma determinada atividade, que tem prazo para ser realizada e entregue. Durante o tempo em que a tarefa \u00e9 feita, podem haver reportes para a contratante, mas n\u00e3o importa o hor\u00e1rio em que o prestador de servi\u00e7os desenvolve suas atividades, nem mesmo se ele tem mais funcion\u00e1rios na empresa que entregar\u00e3o parte do projeto &#8211; o objeto do contrato \u00e9 a entrega final.<\/span><\/p>\n<p><span style=\"font-weight: 400;\">Se voc\u00ea \u00e9 profissional liberal ou aut\u00f4nomo, venha conhecer com a <\/span><a href=\"https:\/\/www.contabilizei.com.br\/abrir-empresa\" target=\"_blank\" rel=\"noopener\"><span style=\"font-weight: 400;\">Contabilizei<\/span><\/a><span style=\"font-weight: 400;\"> as vantagens de manter um CNPJ para realizar suas atividades.\u00a0<\/span><\/p>\n<p><iframe loading=\"lazy\" title=\"#Shorts Prestador de servi\u00e7os tem direitos trabalhistas?\" width=\"640\" height=\"360\" src=\"https:\/\/www.youtube.com\/embed\/Q5dPtn8KCik?feature=oembed\" frameborder=\"0\" allow=\"accelerometer; autoplay; clipboard-write; encrypted-media; gyroscope; picture-in-picture; web-share\" referrerpolicy=\"strict-origin-when-cross-origin\" allowfullscreen><\/iframe><\/p>\n","protected":false},"excerpt":{"rendered":"<p>Prestador de servi\u00e7os n\u00e3o tem direitos trabalhistas como direito \u00e0 f\u00e9rias, 13\u00ba sal\u00e1rio, aviso pr\u00e9vio ou seguro-desemprego. Isso porque o prestador de servi\u00e7os mant\u00e9m uma rela\u00e7\u00e3o de autonomia em rela\u00e7\u00e3o ao contratante, n\u00e3o se tratando de uma rela\u00e7\u00e3o de emprego. \u00c9 por isso mesmo que a grande maioria dos contratos de prestadores de servi\u00e7os se [&hellip;]<\/p>\n","protected":false},"parent":0,"menu_order":0,"template":"","category-questions":[27],"class_list":["post-708","perguntas","type-perguntas","status-publish","hentry","category_questions-autonomo"],"acf":{"contador":{"ID":301,"post_author":"8","post_date":"2022-06-15 16:14:23","post_date_gmt":"2022-06-15 19:14:23","post_content":"","post_title":"Nicoli Meira","post_excerpt":"","post_status":"publish","comment_status":"closed","ping_status":"closed","post_password":"","post_name":"nicoli-meira","to_ping":"","pinged":"","post_modified":"2023-03-07 16:50:32","post_modified_gmt":"2023-03-07 19:50:32","post_content_filtered":"","post_parent":0,"guid":"https:\/\/site-static-prd1.ctbz.com.br\/contabilizei-responde\/?post_type=contador&#038;p=301","menu_order":0,"post_type":"contador","post_mime_type":"","comment_count":"0","filter":"raw"}},"yoast_head":"<!-- This site is optimized with the Yoast SEO plugin v27.5 - https:\/\/yoast.com\/product\/yoast-seo-wordpress\/ -->\n<title>Prestador de servi\u00e7os tem direitos trabalhistas?<\/title>\n<meta name=\"description\" content=\"Saiba se prestador de servi\u00e7os tem direitos trabalhistas e como garantir os seus. Confira agora mesmo!\" \/>\n<meta name=\"robots\" content=\"index, follow, max-snippet:-1, max-image-preview:large, max-video-preview:-1\" \/>\n<link rel=\"canonical\" href=\"https:\/\/www.contabilizei.com.br\/contabilizei-responde\/prestador-de-servicos-tem-direitos-trabalhistas\/\" \/>\n<meta property=\"og:locale\" content=\"pt_BR\" \/>\n<meta property=\"og:type\" content=\"article\" \/>\n<meta property=\"og:title\" content=\"Prestador de servi\u00e7os tem direitos trabalhistas?\" \/>\n<meta property=\"og:description\" content=\"Saiba se prestador de servi\u00e7os tem direitos trabalhistas e como garantir os seus. Confira agora mesmo!\" \/>\n<meta property=\"og:url\" content=\"https:\/\/www.contabilizei.com.br\/contabilizei-responde\/prestador-de-servicos-tem-direitos-trabalhistas\/\" \/>\n<meta property=\"og:site_name\" content=\"Contador Responde\" \/>\n<meta property=\"article:modified_time\" content=\"2023-05-02T14:30:09+00:00\" \/>\n<meta name=\"twitter:card\" content=\"summary_large_image\" \/>\n<meta name=\"twitter:label1\" content=\"Est. tempo de leitura\" \/>\n\t<meta name=\"twitter:data1\" content=\"2 minutos\" \/>\n<!-- \/ Yoast SEO plugin. -->","yoast_head_json":{"title":"Prestador de servi\u00e7os tem direitos trabalhistas?","description":"Saiba se prestador de servi\u00e7os tem direitos trabalhistas e como garantir os seus. Confira agora mesmo!","robots":{"index":"index","follow":"follow","max-snippet":"max-snippet:-1","max-image-preview":"max-image-preview:large","max-video-preview":"max-video-preview:-1"},"canonical":"https:\/\/www.contabilizei.com.br\/contabilizei-responde\/prestador-de-servicos-tem-direitos-trabalhistas\/","og_locale":"pt_BR","og_type":"article","og_title":"Prestador de servi\u00e7os tem direitos trabalhistas?","og_description":"Saiba se prestador de servi\u00e7os tem direitos trabalhistas e como garantir os seus. Confira agora mesmo!","og_url":"https:\/\/www.contabilizei.com.br\/contabilizei-responde\/prestador-de-servicos-tem-direitos-trabalhistas\/","og_site_name":"Contador Responde","article_modified_time":"2023-05-02T14:30:09+00:00","twitter_card":"summary_large_image","twitter_misc":{"Est. tempo de leitura":"2 minutos"},"schema":{"@context":"https:\/\/schema.org","@graph":[{"@type":"WebPage","@id":"https:\/\/www.contabilizei.com.br\/contabilizei-responde\/prestador-de-servicos-tem-direitos-trabalhistas\/","url":"https:\/\/www.contabilizei.com.br\/contabilizei-responde\/prestador-de-servicos-tem-direitos-trabalhistas\/","name":"Prestador de servi\u00e7os tem direitos trabalhistas?","isPartOf":{"@id":"https:\/\/www.contabilizei.com.br\/contabilizei-responde\/#website"},"datePublished":"2023-02-28T20:16:34+00:00","dateModified":"2023-05-02T14:30:09+00:00","description":"Saiba se prestador de servi\u00e7os tem direitos trabalhistas e como garantir os seus. Confira agora mesmo!","breadcrumb":{"@id":"https:\/\/www.contabilizei.com.br\/contabilizei-responde\/prestador-de-servicos-tem-direitos-trabalhistas\/#breadcrumb"},"inLanguage":"pt-BR","potentialAction":[{"@type":"ReadAction","target":["https:\/\/www.contabilizei.com.br\/contabilizei-responde\/prestador-de-servicos-tem-direitos-trabalhistas\/"]}]},{"@type":"BreadcrumbList","@id":"https:\/\/www.contabilizei.com.br\/contabilizei-responde\/prestador-de-servicos-tem-direitos-trabalhistas\/#breadcrumb","itemListElement":[{"@type":"ListItem","position":1,"name":"Home","item":"https:\/\/www.contabilizei.com.br\/contabilizei-responde\/"},{"@type":"ListItem","position":2,"name":"Perguntas","item":"https:\/\/www.contabilizei.com.br\/contabilizei-responde\/perguntas\/"},{"@type":"ListItem","position":3,"name":"Prestador de servi\u00e7os tem direitos trabalhistas?"}]},{"@type":"WebSite","@id":"https:\/\/www.contabilizei.com.br\/contabilizei-responde\/#website","url":"https:\/\/www.contabilizei.com.br\/contabilizei-responde\/","name":"Contador Responde","description":"","potentialAction":[{"@type":"SearchAction","target":{"@type":"EntryPoint","urlTemplate":"https:\/\/www.contabilizei.com.br\/contabilizei-responde\/?s={search_term_string}"},"query-input":{"@type":"PropertyValueSpecification","valueRequired":true,"valueName":"search_term_string"}}],"inLanguage":"pt-BR"}]}},"_links":{"self":[{"href":"https:\/\/www.contabilizei.com.br\/contabilizei-responde\/api\/wp\/v2\/questions\/708","targetHints":{"allow":["GET"]}}],"collection":[{"href":"https:\/\/www.contabilizei.com.br\/contabilizei-responde\/api\/wp\/v2\/questions"}],"about":[{"href":"https:\/\/www.contabilizei.com.br\/contabilizei-responde\/api\/wp\/v2\/types\/perguntas"}],"acf:post":[{"embeddable":true,"href":"https:\/\/www.contabilizei.com.br\/contabilizei-responde\/api\/wp\/v2\/contador\/301"}],"wp:attachment":[{"href":"https:\/\/www.contabilizei.com.br\/contabilizei-responde\/api\/wp\/v2\/media?parent=708"}],"wp:term":[{"taxonomy":"category_questions","embeddable":true,"href":"https:\/\/www.contabilizei.com.br\/contabilizei-responde\/api\/wp\/v2\/category-questions?post=708"}],"curies":[{"name":"wp","href":"https:\/\/api.w.org\/{rel}","templated":true}]}}

Prestador de serviços tem direitos trabalhistas?

<p><b>Prestador de serviços não tem direitos trabalhistas como direito à férias, 13º salário, aviso prévio ou seguro-desemprego. Isso porque o prestador de serviços mantém uma relação de autonomia em relação ao contratante, não se tratando de uma relação de emprego.</b></p>
<p><span style="font-weight: 400;">É por isso mesmo que a grande maioria dos contratos de prestadores de serviços se dá na forma de um contrato entre empresas: o profissional mantém uma empresa própria, que é contratada formalmente pela empresa que demanda o serviço.</span></p>
<p><span style="font-weight: 400;">No entanto, é imprescindível que a relação de trabalho entre as partes se mantenha no modelo de contratação CNPJ mesmo: não pode haver horário de trabalho rígido, o prestador de serviços não precisa acatar ordens e pode se recusar a realizar atividades, mantendo agenda própria. </span></p>
<p><span style="font-weight: 400;">Este modelo de trabalho tem ganhado força especialmente para atividades que podem ser realizadas como projetos: a empresa demandante solicita para a empresa contratada uma determinada atividade, que tem prazo para ser realizada e entregue. Durante o tempo em que a tarefa é feita, podem haver reportes para a contratante, mas não importa o horário em que o prestador de serviços desenvolve suas atividades, nem mesmo se ele tem mais funcionários na empresa que entregarão parte do projeto &#8211; o objeto do contrato é a entrega final.</span></p>
<p><span style="font-weight: 400;">Se você é profissional liberal ou autônomo, venha conhecer com a </span><a href="https://www.contabilizei.com.br/abrir-empresa" target="_blank" rel="noopener"><span style="font-weight: 400;">Contabilizei</span></a><span style="font-weight: 400;"> as vantagens de manter um CNPJ para realizar suas atividades. </span></p>
<p><iframe loading="lazy" title="#Shorts Prestador de serviços tem direitos trabalhistas?" width="640" height="360" src="https://www.youtube.com/embed/Q5dPtn8KCik?feature=oembed" frameborder="0" allow="accelerometer; autoplay; clipboard-write; encrypted-media; gyroscope; picture-in-picture; web-share" referrerpolicy="strict-origin-when-cross-origin" allowfullscreen></iframe></p>

<p>Prestador de serviços não tem direitos trabalhistas como direito à férias, 13º salário, aviso prévio ou seguro-desemprego. Isso porque o prestador de serviços mantém uma relação de autonomia em relação ao contratante, não se tratando de uma relação de emprego. É por isso mesmo que a grande maioria dos contratos de prestadores de serviços se [&hellip;]</p>

<!-- This site is optimized with the Yoast SEO plugin v27.5 - https://yoast.com/product/yoast-seo-wordpress/ -->
<title>Prestador de serviços tem direitos trabalhistas?</title>
<meta name="description" content="Saiba se prestador de serviços tem direitos trabalhistas e como garantir os seus. Confira agora mesmo!" />
<meta name="robots" content="index, follow, max-snippet:-1, max-image-preview:large, max-video-preview:-1" />
<link rel="canonical" href="https://www.contabilizei.com.br/contabilizei-responde/prestador-de-servicos-tem-direitos-trabalhistas/" />
<meta property="og:locale" content="pt_BR" />
<meta property="og:type" content="article" />
<meta property="og:title" content="Prestador de serviços tem direitos trabalhistas?" />
<meta property="og:description" content="Saiba se prestador de serviços tem direitos trabalhistas e como garantir os seus. Confira agora mesmo!" />
<meta property="og:url" content="https://www.contabilizei.com.br/contabilizei-responde/prestador-de-servicos-tem-direitos-trabalhistas/" />
<meta property="og:site_name" content="Contador Responde" />
<meta property="article:modified_time" content="2023-05-02T14:30:09+00:00" />
<meta name="twitter:card" content="summary_large_image" />
<meta name="twitter:label1" content="Est. tempo de leitura" />
	<meta name="twitter:data1" content="2 minutos" />
<!-- / Yoast SEO plugin. -->

Saiba se prestador de serviços tem direitos trabalhistas e como garantir os seus. Confira agora mesmo!
