{"id":702,"date":"2023-02-24T16:15:51","date_gmt":"2023-02-24T19:15:51","guid":{"rendered":"https:\/\/www.contabilizei.com.br\/contabilizei-responde\/?post_type=perguntas&#038;p=702"},"modified":"2024-05-06T11:23:25","modified_gmt":"2024-05-06T14:23:25","slug":"escritorio-de-advocacia-nao-precisa-de-alvara-da-prefeitura","status":"publish","type":"perguntas","link":"https:\/\/www.contabilizei.com.br\/contabilizei-responde\/escritorio-de-advocacia-nao-precisa-de-alvara-da-prefeitura\/","title":{"rendered":"Escrit\u00f3rio de Advocacia n\u00e3o precisa de alvar\u00e1 da Prefeitura?"},"content":{"rendered":"<p><b>N\u00e3o, escrit\u00f3rio de advocacia n\u00e3o precisa de alvar\u00e1 da Prefeitura para funcionamento. A dispensa desses documentos est\u00e1 baseada na Lei 13.874 de 2019, que institui que empreendimentos de baixo risco n\u00e3o necessitam de \u201cquaisquer atos p\u00fablicos de libera\u00e7\u00e3o da atividade econ\u00f4mica\u201d.<\/b><\/p>\n<p><span style=\"font-weight: 400;\">Conforme a legisla\u00e7\u00e3o, <\/span><b>caso algum Munic\u00edpio tenha orienta\u00e7\u00e3o diferente deve comunicar ao Minist\u00e9rio da Economia<\/b><span style=\"font-weight: 400;\">. Dentro deste modelo, a Ordem dos Advogados do Brasil (OAB) tem buscado orientar prefeituras para que n\u00e3o seja exigido dos advogados o Alvar\u00e1.<\/span><\/p>\n<p><span style=\"font-weight: 400;\">O entendimento dos Tribunais que analisam quest\u00f5es a respeito \u00e9 de que os Escrit\u00f3rios de Advocacia est\u00e3o subordinados diretamente \u00e0 OAB. A abertura de empresas de Advocacia acontece justamente com a permiss\u00e3o da OAB &#8211; e n\u00e3o da forma como os outros tipos de empresa s\u00e3o abertos, mediante libera\u00e7\u00e3o pela Junta Comercial.<\/span><\/p>\n<p><span style=\"font-weight: 400;\">Para abrir um Escrit\u00f3rio de Advocacia, o advogado pode atuar sozinho ou com mais s\u00f3cios &#8211; mas todos os participantes do quadro social devem ser inscritos na OAB. \u00c9 somente depois da avalia\u00e7\u00e3o da OAB sobre a solicita\u00e7\u00e3o de abertura do Escrit\u00f3rio que \u00e9 feita a solicita\u00e7\u00e3o do CNPJ para a Receita Federal.<\/span><\/p>\n<p><span style=\"font-weight: 400;\">A <\/span><a href=\"http:\/\/www.contabilizei.com.br\/abrir-empresa\" target=\"_blank\" rel=\"noopener\"><span style=\"font-weight: 400;\">Contabilizei<\/span><\/a><span style=\"font-weight: 400;\"> conhece todos os passos para te ajudar a abrir seu Escrit\u00f3rio de Advocacia &#8211; e este \u00e9 um caminho importante a ser avaliado por quem quer ter uma remunera\u00e7\u00e3o com tributa\u00e7\u00e3o adequada.<\/span><\/p>\n","protected":false},"excerpt":{"rendered":"<p>N\u00e3o, escrit\u00f3rio de advocacia n\u00e3o precisa de alvar\u00e1 da Prefeitura para funcionamento. A dispensa desses documentos est\u00e1 baseada na Lei 13.874 de 2019, que institui que empreendimentos de baixo risco n\u00e3o necessitam de \u201cquaisquer atos p\u00fablicos de libera\u00e7\u00e3o da atividade econ\u00f4mica\u201d. Conforme a legisla\u00e7\u00e3o, caso algum Munic\u00edpio tenha orienta\u00e7\u00e3o diferente deve comunicar ao Minist\u00e9rio da [&hellip;]<\/p>\n","protected":false},"parent":0,"menu_order":0,"template":"","category-questions":[29],"class_list":["post-702","perguntas","type-perguntas","status-publish","hentry","category_questions-abertura-de-empresa"],"acf":{"contador":{"ID":927,"post_author":"4","post_date":"2023-05-25 10:44:50","post_date_gmt":"2023-05-25 13:44:50","post_content":"","post_title":"Michel Batista","post_excerpt":"","post_status":"publish","comment_status":"closed","ping_status":"closed","post_password":"","post_name":"michel-batista","to_ping":"","pinged":"","post_modified":"2023-05-25 10:44:50","post_modified_gmt":"2023-05-25 13:44:50","post_content_filtered":"","post_parent":0,"guid":"https:\/\/www.contabilizei.com.br\/contabilizei-responde\/?post_type=contador&#038;p=927","menu_order":0,"post_type":"contador","post_mime_type":"","comment_count":"0","filter":"raw"}},"yoast_head":"<!-- This site is optimized with the Yoast SEO plugin v27.5 - https:\/\/yoast.com\/product\/yoast-seo-wordpress\/ -->\n<title>Escrit\u00f3rio de Advocacia n\u00e3o precisa de alvar\u00e1 da Prefeitura?<\/title>\n<meta name=\"description\" content=\"Saiba se escrit\u00f3rio de Advocacia n\u00e3o precisa de alvar\u00e1 da Prefeitura para funcionar. Confira agora mesmo!\" \/>\n<meta name=\"robots\" content=\"index, follow, max-snippet:-1, max-image-preview:large, max-video-preview:-1\" \/>\n<link rel=\"canonical\" href=\"https:\/\/www.contabilizei.com.br\/contabilizei-responde\/escritorio-de-advocacia-nao-precisa-de-alvara-da-prefeitura\/\" \/>\n<meta property=\"og:locale\" content=\"pt_BR\" \/>\n<meta property=\"og:type\" content=\"article\" \/>\n<meta property=\"og:title\" content=\"Escrit\u00f3rio de Advocacia n\u00e3o precisa de alvar\u00e1 da Prefeitura?\" \/>\n<meta property=\"og:description\" content=\"Saiba se escrit\u00f3rio de Advocacia n\u00e3o precisa de alvar\u00e1 da Prefeitura para funcionar. Confira agora mesmo!\" \/>\n<meta property=\"og:url\" content=\"https:\/\/www.contabilizei.com.br\/contabilizei-responde\/escritorio-de-advocacia-nao-precisa-de-alvara-da-prefeitura\/\" \/>\n<meta property=\"og:site_name\" content=\"Contador Responde\" \/>\n<meta property=\"article:modified_time\" content=\"2024-05-06T14:23:25+00:00\" \/>\n<meta name=\"twitter:card\" content=\"summary_large_image\" \/>\n<meta name=\"twitter:label1\" content=\"Est. tempo de leitura\" \/>\n\t<meta name=\"twitter:data1\" content=\"2 minutos\" \/>\n<!-- \/ Yoast SEO plugin. -->","yoast_head_json":{"title":"Escrit\u00f3rio de Advocacia n\u00e3o precisa de alvar\u00e1 da Prefeitura?","description":"Saiba se escrit\u00f3rio de Advocacia n\u00e3o precisa de alvar\u00e1 da Prefeitura para funcionar. Confira agora mesmo!","robots":{"index":"index","follow":"follow","max-snippet":"max-snippet:-1","max-image-preview":"max-image-preview:large","max-video-preview":"max-video-preview:-1"},"canonical":"https:\/\/www.contabilizei.com.br\/contabilizei-responde\/escritorio-de-advocacia-nao-precisa-de-alvara-da-prefeitura\/","og_locale":"pt_BR","og_type":"article","og_title":"Escrit\u00f3rio de Advocacia n\u00e3o precisa de alvar\u00e1 da Prefeitura?","og_description":"Saiba se escrit\u00f3rio de Advocacia n\u00e3o precisa de alvar\u00e1 da Prefeitura para funcionar. Confira agora mesmo!","og_url":"https:\/\/www.contabilizei.com.br\/contabilizei-responde\/escritorio-de-advocacia-nao-precisa-de-alvara-da-prefeitura\/","og_site_name":"Contador Responde","article_modified_time":"2024-05-06T14:23:25+00:00","twitter_card":"summary_large_image","twitter_misc":{"Est. tempo de leitura":"2 minutos"},"schema":{"@context":"https:\/\/schema.org","@graph":[{"@type":"WebPage","@id":"https:\/\/www.contabilizei.com.br\/contabilizei-responde\/escritorio-de-advocacia-nao-precisa-de-alvara-da-prefeitura\/","url":"https:\/\/www.contabilizei.com.br\/contabilizei-responde\/escritorio-de-advocacia-nao-precisa-de-alvara-da-prefeitura\/","name":"Escrit\u00f3rio de Advocacia n\u00e3o precisa de alvar\u00e1 da Prefeitura?","isPartOf":{"@id":"https:\/\/www.contabilizei.com.br\/contabilizei-responde\/#website"},"datePublished":"2023-02-24T19:15:51+00:00","dateModified":"2024-05-06T14:23:25+00:00","description":"Saiba se escrit\u00f3rio de Advocacia n\u00e3o precisa de alvar\u00e1 da Prefeitura para funcionar. Confira agora mesmo!","breadcrumb":{"@id":"https:\/\/www.contabilizei.com.br\/contabilizei-responde\/escritorio-de-advocacia-nao-precisa-de-alvara-da-prefeitura\/#breadcrumb"},"inLanguage":"pt-BR","potentialAction":[{"@type":"ReadAction","target":["https:\/\/www.contabilizei.com.br\/contabilizei-responde\/escritorio-de-advocacia-nao-precisa-de-alvara-da-prefeitura\/"]}]},{"@type":"BreadcrumbList","@id":"https:\/\/www.contabilizei.com.br\/contabilizei-responde\/escritorio-de-advocacia-nao-precisa-de-alvara-da-prefeitura\/#breadcrumb","itemListElement":[{"@type":"ListItem","position":1,"name":"Home","item":"https:\/\/www.contabilizei.com.br\/contabilizei-responde\/"},{"@type":"ListItem","position":2,"name":"Perguntas","item":"https:\/\/www.contabilizei.com.br\/contabilizei-responde\/perguntas\/"},{"@type":"ListItem","position":3,"name":"Escrit\u00f3rio de Advocacia n\u00e3o precisa de alvar\u00e1 da Prefeitura?"}]},{"@type":"WebSite","@id":"https:\/\/www.contabilizei.com.br\/contabilizei-responde\/#website","url":"https:\/\/www.contabilizei.com.br\/contabilizei-responde\/","name":"Contador Responde","description":"","potentialAction":[{"@type":"SearchAction","target":{"@type":"EntryPoint","urlTemplate":"https:\/\/www.contabilizei.com.br\/contabilizei-responde\/?s={search_term_string}"},"query-input":{"@type":"PropertyValueSpecification","valueRequired":true,"valueName":"search_term_string"}}],"inLanguage":"pt-BR"}]}},"_links":{"self":[{"href":"https:\/\/www.contabilizei.com.br\/contabilizei-responde\/api\/wp\/v2\/questions\/702","targetHints":{"allow":["GET"]}}],"collection":[{"href":"https:\/\/www.contabilizei.com.br\/contabilizei-responde\/api\/wp\/v2\/questions"}],"about":[{"href":"https:\/\/www.contabilizei.com.br\/contabilizei-responde\/api\/wp\/v2\/types\/perguntas"}],"acf:post":[{"embeddable":true,"href":"https:\/\/www.contabilizei.com.br\/contabilizei-responde\/api\/wp\/v2\/contador\/927"}],"wp:attachment":[{"href":"https:\/\/www.contabilizei.com.br\/contabilizei-responde\/api\/wp\/v2\/media?parent=702"}],"wp:term":[{"taxonomy":"category_questions","embeddable":true,"href":"https:\/\/www.contabilizei.com.br\/contabilizei-responde\/api\/wp\/v2\/category-questions?post=702"}],"curies":[{"name":"wp","href":"https:\/\/api.w.org\/{rel}","templated":true}]}}

Escritório de Advocacia não precisa de alvará da Prefeitura?

<p><b>Não, escritório de advocacia não precisa de alvará da Prefeitura para funcionamento. A dispensa desses documentos está baseada na Lei 13.874 de 2019, que institui que empreendimentos de baixo risco não necessitam de “quaisquer atos públicos de liberação da atividade econômica”.</b></p>
<p><span style="font-weight: 400;">Conforme a legislação, </span><b>caso algum Município tenha orientação diferente deve comunicar ao Ministério da Economia</b><span style="font-weight: 400;">. Dentro deste modelo, a Ordem dos Advogados do Brasil (OAB) tem buscado orientar prefeituras para que não seja exigido dos advogados o Alvará.</span></p>
<p><span style="font-weight: 400;">O entendimento dos Tribunais que analisam questões a respeito é de que os Escritórios de Advocacia estão subordinados diretamente à OAB. A abertura de empresas de Advocacia acontece justamente com a permissão da OAB &#8211; e não da forma como os outros tipos de empresa são abertos, mediante liberação pela Junta Comercial.</span></p>
<p><span style="font-weight: 400;">Para abrir um Escritório de Advocacia, o advogado pode atuar sozinho ou com mais sócios &#8211; mas todos os participantes do quadro social devem ser inscritos na OAB. É somente depois da avaliação da OAB sobre a solicitação de abertura do Escritório que é feita a solicitação do CNPJ para a Receita Federal.</span></p>
<p><span style="font-weight: 400;">A </span><a href="http://www.contabilizei.com.br/abrir-empresa" target="_blank" rel="noopener"><span style="font-weight: 400;">Contabilizei</span></a><span style="font-weight: 400;"> conhece todos os passos para te ajudar a abrir seu Escritório de Advocacia &#8211; e este é um caminho importante a ser avaliado por quem quer ter uma remuneração com tributação adequada.</span></p>

<p>Não, escritório de advocacia não precisa de alvará da Prefeitura para funcionamento. A dispensa desses documentos está baseada na Lei 13.874 de 2019, que institui que empreendimentos de baixo risco não necessitam de “quaisquer atos públicos de liberação da atividade econômica”. Conforme a legislação, caso algum Município tenha orientação diferente deve comunicar ao Ministério da [&hellip;]</p>

<!-- This site is optimized with the Yoast SEO plugin v27.5 - https://yoast.com/product/yoast-seo-wordpress/ -->
<title>Escritório de Advocacia não precisa de alvará da Prefeitura?</title>
<meta name="description" content="Saiba se escritório de Advocacia não precisa de alvará da Prefeitura para funcionar. Confira agora mesmo!" />
<meta name="robots" content="index, follow, max-snippet:-1, max-image-preview:large, max-video-preview:-1" />
<link rel="canonical" href="https://www.contabilizei.com.br/contabilizei-responde/escritorio-de-advocacia-nao-precisa-de-alvara-da-prefeitura/" />
<meta property="og:locale" content="pt_BR" />
<meta property="og:type" content="article" />
<meta property="og:title" content="Escritório de Advocacia não precisa de alvará da Prefeitura?" />
<meta property="og:description" content="Saiba se escritório de Advocacia não precisa de alvará da Prefeitura para funcionar. Confira agora mesmo!" />
<meta property="og:url" content="https://www.contabilizei.com.br/contabilizei-responde/escritorio-de-advocacia-nao-precisa-de-alvara-da-prefeitura/" />
<meta property="og:site_name" content="Contador Responde" />
<meta property="article:modified_time" content="2024-05-06T14:23:25+00:00" />
<meta name="twitter:card" content="summary_large_image" />
<meta name="twitter:label1" content="Est. tempo de leitura" />
	<meta name="twitter:data1" content="2 minutos" />
<!-- / Yoast SEO plugin. -->

Saiba se escritório de Advocacia não precisa de alvará da Prefeitura para funcionar. Confira agora mesmo!
