{"id":674,"date":"2023-02-07T17:46:09","date_gmt":"2023-02-07T20:46:09","guid":{"rendered":"https:\/\/www.contabilizei.com.br\/contabilizei-responde\/?post_type=perguntas&#038;p=674"},"modified":"2024-05-06T11:29:53","modified_gmt":"2024-05-06T14:29:53","slug":"ecd-troca-de-contador","status":"publish","type":"perguntas","link":"https:\/\/www.contabilizei.com.br\/contabilizei-responde\/ecd-troca-de-contador\/","title":{"rendered":"ECD troca de contador: como declarar?"},"content":{"rendered":"<p><b>Para declarar a Escritura\u00e7\u00e3o Cont\u00e1bil Digital (ECD) a partir da troca de contador, o novo respons\u00e1vel deve recuperar os saldos do Plano de Contas anterior e seguir com a escritura\u00e7\u00e3o a partir do per\u00edodo em que assumiu.<\/b><\/p>\n<p><span style=\"font-weight: 400;\">Se for o caso de ter ocorrido a troca no meio de um ano-fiscal, o primeiro contador respons\u00e1vel pela empresa entrega um primeiro arquivo da ECD, indicando o per\u00edodo no ano em que respondeu pela contabilidade. O novo contabilista, por sua vez, fechar\u00e1 a ECD, entregando outro arquivo contendo as informa\u00e7\u00f5es do m\u00eas em que assumiu at\u00e9 dezembro do ano-fiscal.\u00a0<\/span><\/p>\n<p><span style=\"font-weight: 400;\">Para que as transmiss\u00f5es ocorram como devem, o primeiro arquivo precisa estar com a data de encerramento correta &#8211; indicando o \u00faltimo m\u00eas em que atendeu a empresa &#8211; e o arquivo enviado pelo novo contador precisa iniciar na data correta: um dia ap\u00f3s o indicado como final do atendimento do outro respons\u00e1vel.<\/span><\/p>\n<p><span style=\"font-weight: 400;\">Para buscar os saldos das contas, conforme o primeiro contador respons\u00e1vel entregou, o contabilista informa nos dados iniciais da ECD que houve mudan\u00e7a no Plano de Contas. A partir dessa informa\u00e7\u00e3o, ser\u00e1 poss\u00edvel indicar no Registro I157 a transfer\u00eancia dos saldos para o novo registro.\u00a0<\/span><\/p>\n<p><span style=\"font-weight: 400;\">As exig\u00eancias da Receita Federal prev\u00eaem que a empresa possa trocar de contador a qualquer tempo, n\u00e3o havendo nenhum tipo de impedimento para que isso ocorra durante o ano-fiscal. Por isso mesmo, existem essas previs\u00f5es legais nos sistemas. A <\/span><a href=\"https:\/\/www.contabilizei.com.br\/\" target=\"_blank\" rel=\"noopener\"><span style=\"font-weight: 400;\">Contabilizei<\/span><\/a><span style=\"font-weight: 400;\"> est\u00e1 preparada para receber a sua contabilidade quando voc\u00ea quiser.<\/span><\/p>\n","protected":false},"excerpt":{"rendered":"<p>Para declarar a Escritura\u00e7\u00e3o Cont\u00e1bil Digital (ECD) a partir da troca de contador, o novo respons\u00e1vel deve recuperar os saldos do Plano de Contas anterior e seguir com a escritura\u00e7\u00e3o a partir do per\u00edodo em que assumiu. Se for o caso de ter ocorrido a troca no meio de um ano-fiscal, o primeiro contador respons\u00e1vel [&hellip;]<\/p>\n","protected":false},"parent":0,"menu_order":0,"template":"","category-questions":[32],"class_list":["post-674","perguntas","type-perguntas","status-publish","hentry","category_questions-fiscal"],"acf":{"contador":{"ID":301,"post_author":"8","post_date":"2022-06-15 16:14:23","post_date_gmt":"2022-06-15 19:14:23","post_content":"","post_title":"Nicoli Meira","post_excerpt":"","post_status":"publish","comment_status":"closed","ping_status":"closed","post_password":"","post_name":"nicoli-meira","to_ping":"","pinged":"","post_modified":"2023-03-07 16:50:32","post_modified_gmt":"2023-03-07 19:50:32","post_content_filtered":"","post_parent":0,"guid":"https:\/\/site-static-prd1.ctbz.com.br\/contabilizei-responde\/?post_type=contador&#038;p=301","menu_order":0,"post_type":"contador","post_mime_type":"","comment_count":"0","filter":"raw"}},"yoast_head":"<!-- This site is optimized with the Yoast SEO plugin v27.5 - https:\/\/yoast.com\/product\/yoast-seo-wordpress\/ -->\n<title>ECD troca de contador: como declarar?<\/title>\n<meta name=\"description\" content=\"Saiba como declarar ECD com troca de contador e quais cuidados tomar para ficar em dia com a Receita . Confira agora mesmo!\" \/>\n<meta name=\"robots\" content=\"index, follow, max-snippet:-1, max-image-preview:large, max-video-preview:-1\" \/>\n<link rel=\"canonical\" href=\"https:\/\/www.contabilizei.com.br\/contabilizei-responde\/ecd-troca-de-contador\/\" \/>\n<meta property=\"og:locale\" content=\"pt_BR\" \/>\n<meta property=\"og:type\" content=\"article\" \/>\n<meta property=\"og:title\" content=\"ECD troca de contador: como declarar?\" \/>\n<meta property=\"og:description\" content=\"Saiba como declarar ECD com troca de contador e quais cuidados tomar para ficar em dia com a Receita . Confira agora mesmo!\" \/>\n<meta property=\"og:url\" content=\"https:\/\/www.contabilizei.com.br\/contabilizei-responde\/ecd-troca-de-contador\/\" \/>\n<meta property=\"og:site_name\" content=\"Contador Responde\" \/>\n<meta property=\"article:modified_time\" content=\"2024-05-06T14:29:53+00:00\" \/>\n<meta name=\"twitter:card\" content=\"summary_large_image\" \/>\n<meta name=\"twitter:label1\" content=\"Est. tempo de leitura\" \/>\n\t<meta name=\"twitter:data1\" content=\"2 minutos\" \/>\n<!-- \/ Yoast SEO plugin. -->","yoast_head_json":{"title":"ECD troca de contador: como declarar?","description":"Saiba como declarar ECD com troca de contador e quais cuidados tomar para ficar em dia com a Receita . Confira agora mesmo!","robots":{"index":"index","follow":"follow","max-snippet":"max-snippet:-1","max-image-preview":"max-image-preview:large","max-video-preview":"max-video-preview:-1"},"canonical":"https:\/\/www.contabilizei.com.br\/contabilizei-responde\/ecd-troca-de-contador\/","og_locale":"pt_BR","og_type":"article","og_title":"ECD troca de contador: como declarar?","og_description":"Saiba como declarar ECD com troca de contador e quais cuidados tomar para ficar em dia com a Receita . Confira agora mesmo!","og_url":"https:\/\/www.contabilizei.com.br\/contabilizei-responde\/ecd-troca-de-contador\/","og_site_name":"Contador Responde","article_modified_time":"2024-05-06T14:29:53+00:00","twitter_card":"summary_large_image","twitter_misc":{"Est. tempo de leitura":"2 minutos"},"schema":{"@context":"https:\/\/schema.org","@graph":[{"@type":"WebPage","@id":"https:\/\/www.contabilizei.com.br\/contabilizei-responde\/ecd-troca-de-contador\/","url":"https:\/\/www.contabilizei.com.br\/contabilizei-responde\/ecd-troca-de-contador\/","name":"ECD troca de contador: como declarar?","isPartOf":{"@id":"https:\/\/www.contabilizei.com.br\/contabilizei-responde\/#website"},"datePublished":"2023-02-07T20:46:09+00:00","dateModified":"2024-05-06T14:29:53+00:00","description":"Saiba como declarar ECD com troca de contador e quais cuidados tomar para ficar em dia com a Receita . Confira agora mesmo!","breadcrumb":{"@id":"https:\/\/www.contabilizei.com.br\/contabilizei-responde\/ecd-troca-de-contador\/#breadcrumb"},"inLanguage":"pt-BR","potentialAction":[{"@type":"ReadAction","target":["https:\/\/www.contabilizei.com.br\/contabilizei-responde\/ecd-troca-de-contador\/"]}]},{"@type":"BreadcrumbList","@id":"https:\/\/www.contabilizei.com.br\/contabilizei-responde\/ecd-troca-de-contador\/#breadcrumb","itemListElement":[{"@type":"ListItem","position":1,"name":"Home","item":"https:\/\/www.contabilizei.com.br\/contabilizei-responde\/"},{"@type":"ListItem","position":2,"name":"Perguntas","item":"https:\/\/www.contabilizei.com.br\/contabilizei-responde\/perguntas\/"},{"@type":"ListItem","position":3,"name":"ECD troca de contador: como declarar?"}]},{"@type":"WebSite","@id":"https:\/\/www.contabilizei.com.br\/contabilizei-responde\/#website","url":"https:\/\/www.contabilizei.com.br\/contabilizei-responde\/","name":"Contador Responde","description":"","potentialAction":[{"@type":"SearchAction","target":{"@type":"EntryPoint","urlTemplate":"https:\/\/www.contabilizei.com.br\/contabilizei-responde\/?s={search_term_string}"},"query-input":{"@type":"PropertyValueSpecification","valueRequired":true,"valueName":"search_term_string"}}],"inLanguage":"pt-BR"}]}},"_links":{"self":[{"href":"https:\/\/www.contabilizei.com.br\/contabilizei-responde\/api\/wp\/v2\/questions\/674","targetHints":{"allow":["GET"]}}],"collection":[{"href":"https:\/\/www.contabilizei.com.br\/contabilizei-responde\/api\/wp\/v2\/questions"}],"about":[{"href":"https:\/\/www.contabilizei.com.br\/contabilizei-responde\/api\/wp\/v2\/types\/perguntas"}],"acf:post":[{"embeddable":true,"href":"https:\/\/www.contabilizei.com.br\/contabilizei-responde\/api\/wp\/v2\/contador\/301"}],"wp:attachment":[{"href":"https:\/\/www.contabilizei.com.br\/contabilizei-responde\/api\/wp\/v2\/media?parent=674"}],"wp:term":[{"taxonomy":"category_questions","embeddable":true,"href":"https:\/\/www.contabilizei.com.br\/contabilizei-responde\/api\/wp\/v2\/category-questions?post=674"}],"curies":[{"name":"wp","href":"https:\/\/api.w.org\/{rel}","templated":true}]}}

<p><b>Para declarar a Escrituração Contábil Digital (ECD) a partir da troca de contador, o novo responsável deve recuperar os saldos do Plano de Contas anterior e seguir com a escrituração a partir do período em que assumiu.</b></p>
<p><span style="font-weight: 400;">Se for o caso de ter ocorrido a troca no meio de um ano-fiscal, o primeiro contador responsável pela empresa entrega um primeiro arquivo da ECD, indicando o período no ano em que respondeu pela contabilidade. O novo contabilista, por sua vez, fechará a ECD, entregando outro arquivo contendo as informações do mês em que assumiu até dezembro do ano-fiscal. </span></p>
<p><span style="font-weight: 400;">Para que as transmissões ocorram como devem, o primeiro arquivo precisa estar com a data de encerramento correta &#8211; indicando o último mês em que atendeu a empresa &#8211; e o arquivo enviado pelo novo contador precisa iniciar na data correta: um dia após o indicado como final do atendimento do outro responsável.</span></p>
<p><span style="font-weight: 400;">Para buscar os saldos das contas, conforme o primeiro contador responsável entregou, o contabilista informa nos dados iniciais da ECD que houve mudança no Plano de Contas. A partir dessa informação, será possível indicar no Registro I157 a transferência dos saldos para o novo registro. </span></p>
<p><span style="font-weight: 400;">As exigências da Receita Federal prevêem que a empresa possa trocar de contador a qualquer tempo, não havendo nenhum tipo de impedimento para que isso ocorra durante o ano-fiscal. Por isso mesmo, existem essas previsões legais nos sistemas. A </span><a href="https://www.contabilizei.com.br/" target="_blank" rel="noopener"><span style="font-weight: 400;">Contabilizei</span></a><span style="font-weight: 400;"> está preparada para receber a sua contabilidade quando você quiser.</span></p>

<p>Para declarar a Escrituração Contábil Digital (ECD) a partir da troca de contador, o novo responsável deve recuperar os saldos do Plano de Contas anterior e seguir com a escrituração a partir do período em que assumiu. Se for o caso de ter ocorrido a troca no meio de um ano-fiscal, o primeiro contador responsável [&hellip;]</p>
