{"id":615,"date":"2023-01-26T15:05:58","date_gmt":"2023-01-26T18:05:58","guid":{"rendered":"https:\/\/www.contabilizei.com.br\/contabilizei-responde\/?post_type=perguntas&#038;p=615"},"modified":"2024-05-03T16:47:59","modified_gmt":"2024-05-03T19:47:59","slug":"onde-informar-saldo-negativo-de-irpj-na-ecf","status":"publish","type":"perguntas","link":"https:\/\/www.contabilizei.com.br\/contabilizei-responde\/onde-informar-saldo-negativo-de-irpj-na-ecf\/","title":{"rendered":"Onde informar saldo negativo de IRPJ na ECF?"},"content":{"rendered":"<p><b>O saldo negativo de IRPJ na ECF deve ser informado no registro N630 da Escritura\u00e7\u00e3o Cont\u00e1bil Fiscal. <\/b><span style=\"font-weight: 400;\">Os dados solicitados neste registro incluem o volume de Imposto de Renda retido na fonte e o imposto mensal pago por estimativa. No c\u00e1lculo final desta contabiliza\u00e7\u00e3o, ficar\u00e1 expresso se o contribuinte precisa pagar ou tem valor a receber nesta presta\u00e7\u00e3o de contas com o Governo Federal.<\/span><\/p>\n<p><span style=\"font-weight: 400;\">Com um servi\u00e7o de contabilidade de confian\u00e7a voc\u00ea pode ficar tranquilo a respeito da sua tarifa\u00e7\u00e3o: na <\/span><a href=\"https:\/\/www.contabilizei.com.br\/\" target=\"_blank\" rel=\"noopener\"><span style=\"font-weight: 400;\">Contabilizei<\/span><\/a><span style=\"font-weight: 400;\"> o acompanhamento da sua empresa \u00e9 feito de perto, para que voc\u00ea n\u00e3o precise ter custos fiscais maiores do que o necess\u00e1rio.<\/span><\/p>\n<p><span style=\"font-weight: 400;\">O saldo negativo acontece porque algumas vezes a empresa antecipou Imposto de Renda maior do que deveria ao longo do per\u00edodo. Quando o imposto \u00e9 avaliado na totalidade do ano &#8211; com meses de maior movimenta\u00e7\u00e3o e outros de menor volume de neg\u00f3cios &#8211; a empresa pode n\u00e3o ter valor a pagar, e ter at\u00e9 mesmo valor a receber como devolu\u00e7\u00e3o dos impostos adiantados.<\/span><\/p>\n<p><span style=\"font-weight: 400;\">Assim como o imposto \u00e9 adiantado com a apura\u00e7\u00e3o em per\u00edodos do ano, a devolu\u00e7\u00e3o tamb\u00e9m pode ser compensada ao longo dos trimestres do ano-fiscal. O que acontece \u00e9 que os valores referentes ao \u00faltimo trimestre n\u00e3o podem ser recebidos antes da entrega da ECF.\u00a0<\/span><\/p>\n<p><b>Continue com a gente e saiba mais:<\/b><\/p>\n<p>&nbsp;<\/p>\n<p><a href=\"https:\/\/www.contabilizei.com.br\/contabilidade-online\/imposto-de-renda-para-quem-tem-empresa\/\" target=\"_blank\" rel=\"noopener\"><span style=\"font-weight: 400;\">https:\/\/www.contabilizei.com.br\/contabilidade-online\/tudo-sobre-imposto-de-renda-irpf\/<\/span><\/a><\/p>\n<p><a href=\"https:\/\/www.contabilizei.com.br\/contabilidade-online\/imposto-de-renda-para-quem-tem-empresa\/\" target=\"_blank\" rel=\"noopener\"><span style=\"font-weight: 400;\">https:\/\/www.contabilizei.com.br\/contabilidade-online\/autonomo-precisa-declarar-imposto-de-renda\/<\/span><\/a><\/p>\n<p><a href=\"https:\/\/www.contabilizei.com.br\/contabilidade-online\/imposto-de-renda-para-quem-tem-empresa\/\" target=\"_blank\" rel=\"noopener\"><span style=\"font-weight: 400;\">https:\/\/www.contabilizei.com.br\/contabilidade-online\/imposto-de-renda-retido-na-fonte\/<\/span><\/a><\/p>\n<p><a href=\"https:\/\/www.contabilizei.com.br\/contabilidade-online\/imposto-de-renda-para-quem-tem-empresa\/\" target=\"_blank\" rel=\"noopener\"><span style=\"font-weight: 400;\">https:\/\/www.contabilizei.com.br\/contabilidade-online\/como-declarar-empresa-no-irpf\/<\/span><\/a><\/p>\n<p><a href=\"https:\/\/www.contabilizei.com.br\/contabilidade-online\/imposto-de-renda-para-quem-tem-empresa\/\" target=\"_blank\" rel=\"noopener\"><span style=\"font-weight: 400;\">https:\/\/www.contabilizei.com.br\/contabilidade-online\/imposto-de-renda-para-quem-tem-empresa\/<\/span><\/a><\/p>\n","protected":false},"excerpt":{"rendered":"<p>O saldo negativo de IRPJ na ECF deve ser informado no registro N630 da Escritura\u00e7\u00e3o Cont\u00e1bil Fiscal. Os dados solicitados neste registro incluem o volume de Imposto de Renda retido na fonte e o imposto mensal pago por estimativa. No c\u00e1lculo final desta contabiliza\u00e7\u00e3o, ficar\u00e1 expresso se o contribuinte precisa pagar ou tem valor a [&hellip;]<\/p>\n","protected":false},"parent":0,"menu_order":0,"template":"","category-questions":[32],"class_list":["post-615","perguntas","type-perguntas","status-publish","hentry","category_questions-fiscal"],"acf":{"contador":{"ID":1751,"post_author":"22","post_date":"2025-06-18 17:54:34","post_date_gmt":"2025-06-18 20:54:34","post_content":"","post_title":"Nilc\u00e9ia Domingues","post_excerpt":"","post_status":"publish","comment_status":"closed","ping_status":"closed","post_password":"","post_name":"nilceia-domingues","to_ping":"","pinged":"","post_modified":"2025-06-23 14:16:39","post_modified_gmt":"2025-06-23 17:16:39","post_content_filtered":"","post_parent":0,"guid":"https:\/\/www.contabilizei.com.br\/contabilizei-responde\/?post_type=contador&#038;p=1751","menu_order":0,"post_type":"contador","post_mime_type":"","comment_count":"0","filter":"raw"}},"yoast_head":"<!-- This site is optimized with the Yoast SEO plugin v27.5 - https:\/\/yoast.com\/product\/yoast-seo-wordpress\/ -->\n<title>Onde informar saldo negativo de IRPJ na ECF?<\/title>\n<meta name=\"description\" content=\"Saiba onde informar saldo negativo de IRPJ na ECF, quem deve informar e principais cuidados. Confira agora mesmo!\" \/>\n<meta name=\"robots\" content=\"index, follow, max-snippet:-1, max-image-preview:large, max-video-preview:-1\" \/>\n<link rel=\"canonical\" href=\"https:\/\/www.contabilizei.com.br\/contabilizei-responde\/onde-informar-saldo-negativo-de-irpj-na-ecf\/\" \/>\n<meta property=\"og:locale\" content=\"pt_BR\" \/>\n<meta property=\"og:type\" content=\"article\" \/>\n<meta property=\"og:title\" content=\"Onde informar saldo negativo de IRPJ na ECF?\" \/>\n<meta property=\"og:description\" content=\"Saiba onde informar saldo negativo de IRPJ na ECF, quem deve informar e principais cuidados. Confira agora mesmo!\" \/>\n<meta property=\"og:url\" content=\"https:\/\/www.contabilizei.com.br\/contabilizei-responde\/onde-informar-saldo-negativo-de-irpj-na-ecf\/\" \/>\n<meta property=\"og:site_name\" content=\"Contador Responde\" \/>\n<meta property=\"article:modified_time\" content=\"2024-05-03T19:47:59+00:00\" \/>\n<meta name=\"twitter:card\" content=\"summary_large_image\" \/>\n<meta name=\"twitter:label1\" content=\"Est. tempo de leitura\" \/>\n\t<meta name=\"twitter:data1\" content=\"2 minutos\" \/>\n<!-- \/ Yoast SEO plugin. -->","yoast_head_json":{"title":"Onde informar saldo negativo de IRPJ na ECF?","description":"Saiba onde informar saldo negativo de IRPJ na ECF, quem deve informar e principais cuidados. Confira agora mesmo!","robots":{"index":"index","follow":"follow","max-snippet":"max-snippet:-1","max-image-preview":"max-image-preview:large","max-video-preview":"max-video-preview:-1"},"canonical":"https:\/\/www.contabilizei.com.br\/contabilizei-responde\/onde-informar-saldo-negativo-de-irpj-na-ecf\/","og_locale":"pt_BR","og_type":"article","og_title":"Onde informar saldo negativo de IRPJ na ECF?","og_description":"Saiba onde informar saldo negativo de IRPJ na ECF, quem deve informar e principais cuidados. Confira agora mesmo!","og_url":"https:\/\/www.contabilizei.com.br\/contabilizei-responde\/onde-informar-saldo-negativo-de-irpj-na-ecf\/","og_site_name":"Contador Responde","article_modified_time":"2024-05-03T19:47:59+00:00","twitter_card":"summary_large_image","twitter_misc":{"Est. tempo de leitura":"2 minutos"},"schema":{"@context":"https:\/\/schema.org","@graph":[{"@type":"WebPage","@id":"https:\/\/www.contabilizei.com.br\/contabilizei-responde\/onde-informar-saldo-negativo-de-irpj-na-ecf\/","url":"https:\/\/www.contabilizei.com.br\/contabilizei-responde\/onde-informar-saldo-negativo-de-irpj-na-ecf\/","name":"Onde informar saldo negativo de IRPJ na ECF?","isPartOf":{"@id":"https:\/\/www.contabilizei.com.br\/contabilizei-responde\/#website"},"datePublished":"2023-01-26T18:05:58+00:00","dateModified":"2024-05-03T19:47:59+00:00","description":"Saiba onde informar saldo negativo de IRPJ na ECF, quem deve informar e principais cuidados. Confira agora mesmo!","breadcrumb":{"@id":"https:\/\/www.contabilizei.com.br\/contabilizei-responde\/onde-informar-saldo-negativo-de-irpj-na-ecf\/#breadcrumb"},"inLanguage":"pt-BR","potentialAction":[{"@type":"ReadAction","target":["https:\/\/www.contabilizei.com.br\/contabilizei-responde\/onde-informar-saldo-negativo-de-irpj-na-ecf\/"]}]},{"@type":"BreadcrumbList","@id":"https:\/\/www.contabilizei.com.br\/contabilizei-responde\/onde-informar-saldo-negativo-de-irpj-na-ecf\/#breadcrumb","itemListElement":[{"@type":"ListItem","position":1,"name":"Home","item":"https:\/\/www.contabilizei.com.br\/contabilizei-responde\/"},{"@type":"ListItem","position":2,"name":"Perguntas","item":"https:\/\/www.contabilizei.com.br\/contabilizei-responde\/perguntas\/"},{"@type":"ListItem","position":3,"name":"Onde informar saldo negativo de IRPJ na ECF?"}]},{"@type":"WebSite","@id":"https:\/\/www.contabilizei.com.br\/contabilizei-responde\/#website","url":"https:\/\/www.contabilizei.com.br\/contabilizei-responde\/","name":"Contador Responde","description":"","potentialAction":[{"@type":"SearchAction","target":{"@type":"EntryPoint","urlTemplate":"https:\/\/www.contabilizei.com.br\/contabilizei-responde\/?s={search_term_string}"},"query-input":{"@type":"PropertyValueSpecification","valueRequired":true,"valueName":"search_term_string"}}],"inLanguage":"pt-BR"}]}},"_links":{"self":[{"href":"https:\/\/www.contabilizei.com.br\/contabilizei-responde\/api\/wp\/v2\/questions\/615","targetHints":{"allow":["GET"]}}],"collection":[{"href":"https:\/\/www.contabilizei.com.br\/contabilizei-responde\/api\/wp\/v2\/questions"}],"about":[{"href":"https:\/\/www.contabilizei.com.br\/contabilizei-responde\/api\/wp\/v2\/types\/perguntas"}],"acf:post":[{"embeddable":true,"href":"https:\/\/www.contabilizei.com.br\/contabilizei-responde\/api\/wp\/v2\/contador\/1751"}],"wp:attachment":[{"href":"https:\/\/www.contabilizei.com.br\/contabilizei-responde\/api\/wp\/v2\/media?parent=615"}],"wp:term":[{"taxonomy":"category_questions","embeddable":true,"href":"https:\/\/www.contabilizei.com.br\/contabilizei-responde\/api\/wp\/v2\/category-questions?post=615"}],"curies":[{"name":"wp","href":"https:\/\/api.w.org\/{rel}","templated":true}]}}

<p><b>O saldo negativo de IRPJ na ECF deve ser informado no registro N630 da Escrituração Contábil Fiscal. </b><span style="font-weight: 400;">Os dados solicitados neste registro incluem o volume de Imposto de Renda retido na fonte e o imposto mensal pago por estimativa. No cálculo final desta contabilização, ficará expresso se o contribuinte precisa pagar ou tem valor a receber nesta prestação de contas com o Governo Federal.</span></p>
<p><span style="font-weight: 400;">Com um serviço de contabilidade de confiança você pode ficar tranquilo a respeito da sua tarifação: na </span><a href="https://www.contabilizei.com.br/" target="_blank" rel="noopener"><span style="font-weight: 400;">Contabilizei</span></a><span style="font-weight: 400;"> o acompanhamento da sua empresa é feito de perto, para que você não precise ter custos fiscais maiores do que o necessário.</span></p>
<p><span style="font-weight: 400;">O saldo negativo acontece porque algumas vezes a empresa antecipou Imposto de Renda maior do que deveria ao longo do período. Quando o imposto é avaliado na totalidade do ano &#8211; com meses de maior movimentação e outros de menor volume de negócios &#8211; a empresa pode não ter valor a pagar, e ter até mesmo valor a receber como devolução dos impostos adiantados.</span></p>
<p><span style="font-weight: 400;">Assim como o imposto é adiantado com a apuração em períodos do ano, a devolução também pode ser compensada ao longo dos trimestres do ano-fiscal. O que acontece é que os valores referentes ao último trimestre não podem ser recebidos antes da entrega da ECF. </span></p>
<p><b>Continue com a gente e saiba mais:</b></p>
<p>&nbsp;</p>
<p><a href="https://www.contabilizei.com.br/contabilidade-online/imposto-de-renda-para-quem-tem-empresa/" target="_blank" rel="noopener"><span style="font-weight: 400;">https://www.contabilizei.com.br/contabilidade-online/tudo-sobre-imposto-de-renda-irpf/</span></a></p>
<p><a href="https://www.contabilizei.com.br/contabilidade-online/imposto-de-renda-para-quem-tem-empresa/" target="_blank" rel="noopener"><span style="font-weight: 400;">https://www.contabilizei.com.br/contabilidade-online/autonomo-precisa-declarar-imposto-de-renda/</span></a></p>
<p><a href="https://www.contabilizei.com.br/contabilidade-online/imposto-de-renda-para-quem-tem-empresa/" target="_blank" rel="noopener"><span style="font-weight: 400;">https://www.contabilizei.com.br/contabilidade-online/imposto-de-renda-retido-na-fonte/</span></a></p>
<p><a href="https://www.contabilizei.com.br/contabilidade-online/imposto-de-renda-para-quem-tem-empresa/" target="_blank" rel="noopener"><span style="font-weight: 400;">https://www.contabilizei.com.br/contabilidade-online/como-declarar-empresa-no-irpf/</span></a></p>
<p><a href="https://www.contabilizei.com.br/contabilidade-online/imposto-de-renda-para-quem-tem-empresa/" target="_blank" rel="noopener"><span style="font-weight: 400;">https://www.contabilizei.com.br/contabilidade-online/imposto-de-renda-para-quem-tem-empresa/</span></a></p>

<p>O saldo negativo de IRPJ na ECF deve ser informado no registro N630 da Escrituração Contábil Fiscal. Os dados solicitados neste registro incluem o volume de Imposto de Renda retido na fonte e o imposto mensal pago por estimativa. No cálculo final desta contabilização, ficará expresso se o contribuinte precisa pagar ou tem valor a [&hellip;]</p>

Nilcéia Domingues
