{"id":536,"date":"2022-12-27T11:37:24","date_gmt":"2022-12-27T14:37:24","guid":{"rendered":"https:\/\/www.contabilizei.com.br\/contabilizei-responde\/?post_type=perguntas&#038;p=536"},"modified":"2022-12-27T11:45:52","modified_gmt":"2022-12-27T14:45:52","slug":"profissional-liberal-tem-direito-a-auxilio-doenca","status":"publish","type":"perguntas","link":"https:\/\/www.contabilizei.com.br\/contabilizei-responde\/profissional-liberal-tem-direito-a-auxilio-doenca\/","title":{"rendered":"Profissional liberal tem direito a aux\u00edlio-doen\u00e7a?"},"content":{"rendered":"<p><b>Sim, o profissional liberal que contribui para a Previd\u00eancia Social (INSS) tem direito ao Aux\u00edlio Doen\u00e7a do Governo Federal<\/b><span style=\"font-weight: 400;\">. Assim como outros benef\u00edcios sociais, o aux\u00edlio-doen\u00e7a \u00e9 concedido ao segurado que fica impossibilitado de trabalhar, por doen\u00e7a ou acidente, por mais de 15 dias consecutivos.\u00a0<\/span><\/p>\n<p><span style=\"font-weight: 400;\">Para ter direito ao Aux\u00edlio Doen\u00e7a o benefici\u00e1rio precisa possuir um <\/span><b>per\u00edodo m\u00ednimo de contribui\u00e7\u00e3o, a car\u00eancia, que \u00e9 de 12 meses, <\/b><span style=\"font-weight: 400;\">prazo n\u00e3o exigido em casos\u00a0 de acidentes ou de doen\u00e7as como tuberculose ativa, hansen\u00edase, aliena\u00e7\u00e3o mental, neoplasia maligna, cegueira, paralisia irrevers\u00edvel e incapacitante, cardiopatia grave, doen\u00e7a de Parkinson, s\u00edndrome da defici\u00eancia imunol\u00f3gica adquirida (Aids), entre outras.<\/span><\/p>\n<p><span style=\"font-weight: 400;\">Para ter direito ao benef\u00edcio, o profissional liberal deve realizar a solicita\u00e7\u00e3o na Previd\u00eancia Social Regional, acompanhada do comprovante m\u00e9dico da incapacidade com o CID, al\u00e9m de realizar a per\u00edcia no \u00f3rg\u00e3o, de acordo com a agenda do mesmo. Regularmente o benefici\u00e1rio deve repetir o procedimento, enquanto continuar impossibilitado de exercer seu trabalho.\u00a0<\/span><\/p>\n<p><span style=\"font-weight: 400;\">Quando o profissional liberal estiver apto a realizar sua atividade, o aux\u00edlio-doen\u00e7a deixa de ser pago, bem como se o benef\u00edcio se transformar em aposentadoria por invalidez.<\/span><\/p>\n<p><span style=\"font-weight: 400;\">No caso dos trabalhadores com carteira assinada, diferente dos contribuintes individuais (empres\u00e1rios, profissionais liberais, entre outros), que o INSS paga o aux\u00edlio-doen\u00e7a a partir do requerimento do benef\u00edcio, os primeiros 15 dias s\u00e3o pagos pelo empregador e a Previd\u00eancia Social assume o compromisso a partir do 16\u00ba dia de afastamento.<\/span><\/p>\n<p>Abra seu CNPJ gratuitamente com a <a href=\"https:\/\/www.contabilizei.com.br\/\" target=\"_blank\" rel=\"noopener\">Contabilizei<\/a>!<\/p>\n<p>&nbsp;<\/p>\n<p><b>Continue com a gente e saiba mais:<\/b><\/p>\n<p><a href=\"https:\/\/www.contabilizei.com.br\/contabilidade-online\/profissional-liberal-autonomo-diferencas\/\" target=\"_blank\" rel=\"noopener\"><span style=\"font-weight: 400;\">https:\/\/www.contabilizei.com.br\/contabilidade-online\/profissional-liberal-autonomo-diferencas\/<\/span><\/a><\/p>\n<p><a href=\"https:\/\/www.contabilizei.com.br\/contabilidade-online\/o-que-e-prestador-de-servicos-pj-e-quais-as-diferencas-para-autonomo-e-profissional-liberal\/\" target=\"_blank\" rel=\"noopener\"><span style=\"font-weight: 400;\">https:\/\/www.contabilizei.com.br\/contabilidade-online\/o-que-e-prestador-de-servicos-pj-e-quais-as-diferencas-para-autonomo-e-profissional-liberal\/<\/span><\/a><\/p>\n<p><a href=\"https:\/\/www.contabilizei.com.br\/contabilidade-online\/profissional-liberal-como-lidar-com-a-contabilidade-de-um-jeito-mais-facil\/\" target=\"_blank\" rel=\"noopener\"><span style=\"font-weight: 400;\">https:\/\/www.contabilizei.com.br\/contabilidade-online\/profissional-liberal-como-lidar-com-a-contabilidade-de-um-jeito-mais-facil\/<\/span><\/a><\/p>\n<p><a href=\"https:\/\/www.contabilizei.com.br\/contabilidade-online\/pessoa-juridica\/\" target=\"_blank\" rel=\"noopener\"><span style=\"font-weight: 400;\">https:\/\/www.contabilizei.com.br\/contabilidade-online\/pessoa-juridica\/<\/span><\/a><\/p>\n","protected":false},"excerpt":{"rendered":"<p>Sim, o profissional liberal que contribui para a Previd\u00eancia Social (INSS) tem direito ao Aux\u00edlio Doen\u00e7a do Governo Federal. Assim como outros benef\u00edcios sociais, o aux\u00edlio-doen\u00e7a \u00e9 concedido ao segurado que fica impossibilitado de trabalhar, por doen\u00e7a ou acidente, por mais de 15 dias consecutivos.\u00a0 Para ter direito ao Aux\u00edlio Doen\u00e7a o benefici\u00e1rio precisa possuir [&hellip;]<\/p>\n","protected":false},"parent":0,"menu_order":0,"template":"","category-questions":[27],"class_list":["post-536","perguntas","type-perguntas","status-publish","hentry","category_questions-autonomo"],"acf":{"contador":{"ID":1732,"post_author":"22","post_date":"2025-03-31 12:51:15","post_date_gmt":"2025-03-31 15:51:15","post_content":"","post_title":"Juliana Steffano","post_excerpt":"","post_status":"publish","comment_status":"closed","ping_status":"closed","post_password":"","post_name":"juliana-steffano","to_ping":"","pinged":"","post_modified":"2025-03-31 12:51:15","post_modified_gmt":"2025-03-31 15:51:15","post_content_filtered":"","post_parent":0,"guid":"https:\/\/www.contabilizei.com.br\/contabilizei-responde\/?post_type=contador&#038;p=1732","menu_order":0,"post_type":"contador","post_mime_type":"","comment_count":"0","filter":"raw"}},"yoast_head":"<!-- This site is optimized with the Yoast SEO plugin v27.5 - https:\/\/yoast.com\/product\/yoast-seo-wordpress\/ -->\n<title>Profissional liberal tem direito a aux\u00edlio-doen\u00e7a?<\/title>\n<meta name=\"description\" content=\"Saiba se o profissional liberal tem direito a aux\u00edlio-doen\u00e7a e como solicitar nos casos permitidos. Confira agora mesmo!\" \/>\n<meta name=\"robots\" content=\"index, follow, max-snippet:-1, max-image-preview:large, max-video-preview:-1\" \/>\n<link rel=\"canonical\" href=\"https:\/\/www.contabilizei.com.br\/contabilizei-responde\/profissional-liberal-tem-direito-a-auxilio-doenca\/\" \/>\n<meta property=\"og:locale\" content=\"pt_BR\" \/>\n<meta property=\"og:type\" content=\"article\" \/>\n<meta property=\"og:title\" content=\"Profissional liberal tem direito a aux\u00edlio-doen\u00e7a?\" \/>\n<meta property=\"og:description\" content=\"Saiba se o profissional liberal tem direito a aux\u00edlio-doen\u00e7a e como solicitar nos casos permitidos. Confira agora mesmo!\" \/>\n<meta property=\"og:url\" content=\"https:\/\/www.contabilizei.com.br\/contabilizei-responde\/profissional-liberal-tem-direito-a-auxilio-doenca\/\" \/>\n<meta property=\"og:site_name\" content=\"Contador Responde\" \/>\n<meta property=\"article:modified_time\" content=\"2022-12-27T14:45:52+00:00\" \/>\n<meta name=\"twitter:card\" content=\"summary_large_image\" \/>\n<meta name=\"twitter:label1\" content=\"Est. tempo de leitura\" \/>\n\t<meta name=\"twitter:data1\" content=\"2 minutos\" \/>\n<!-- \/ Yoast SEO plugin. -->","yoast_head_json":{"title":"Profissional liberal tem direito a aux\u00edlio-doen\u00e7a?","description":"Saiba se o profissional liberal tem direito a aux\u00edlio-doen\u00e7a e como solicitar nos casos permitidos. Confira agora mesmo!","robots":{"index":"index","follow":"follow","max-snippet":"max-snippet:-1","max-image-preview":"max-image-preview:large","max-video-preview":"max-video-preview:-1"},"canonical":"https:\/\/www.contabilizei.com.br\/contabilizei-responde\/profissional-liberal-tem-direito-a-auxilio-doenca\/","og_locale":"pt_BR","og_type":"article","og_title":"Profissional liberal tem direito a aux\u00edlio-doen\u00e7a?","og_description":"Saiba se o profissional liberal tem direito a aux\u00edlio-doen\u00e7a e como solicitar nos casos permitidos. Confira agora mesmo!","og_url":"https:\/\/www.contabilizei.com.br\/contabilizei-responde\/profissional-liberal-tem-direito-a-auxilio-doenca\/","og_site_name":"Contador Responde","article_modified_time":"2022-12-27T14:45:52+00:00","twitter_card":"summary_large_image","twitter_misc":{"Est. tempo de leitura":"2 minutos"},"schema":{"@context":"https:\/\/schema.org","@graph":[{"@type":"WebPage","@id":"https:\/\/www.contabilizei.com.br\/contabilizei-responde\/profissional-liberal-tem-direito-a-auxilio-doenca\/","url":"https:\/\/www.contabilizei.com.br\/contabilizei-responde\/profissional-liberal-tem-direito-a-auxilio-doenca\/","name":"Profissional liberal tem direito a aux\u00edlio-doen\u00e7a?","isPartOf":{"@id":"https:\/\/www.contabilizei.com.br\/contabilizei-responde\/#website"},"datePublished":"2022-12-27T14:37:24+00:00","dateModified":"2022-12-27T14:45:52+00:00","description":"Saiba se o profissional liberal tem direito a aux\u00edlio-doen\u00e7a e como solicitar nos casos permitidos. Confira agora mesmo!","breadcrumb":{"@id":"https:\/\/www.contabilizei.com.br\/contabilizei-responde\/profissional-liberal-tem-direito-a-auxilio-doenca\/#breadcrumb"},"inLanguage":"pt-BR","potentialAction":[{"@type":"ReadAction","target":["https:\/\/www.contabilizei.com.br\/contabilizei-responde\/profissional-liberal-tem-direito-a-auxilio-doenca\/"]}]},{"@type":"BreadcrumbList","@id":"https:\/\/www.contabilizei.com.br\/contabilizei-responde\/profissional-liberal-tem-direito-a-auxilio-doenca\/#breadcrumb","itemListElement":[{"@type":"ListItem","position":1,"name":"Home","item":"https:\/\/www.contabilizei.com.br\/contabilizei-responde\/"},{"@type":"ListItem","position":2,"name":"Perguntas","item":"https:\/\/www.contabilizei.com.br\/contabilizei-responde\/perguntas\/"},{"@type":"ListItem","position":3,"name":"Profissional liberal tem direito a aux\u00edlio-doen\u00e7a?"}]},{"@type":"WebSite","@id":"https:\/\/www.contabilizei.com.br\/contabilizei-responde\/#website","url":"https:\/\/www.contabilizei.com.br\/contabilizei-responde\/","name":"Contador Responde","description":"","potentialAction":[{"@type":"SearchAction","target":{"@type":"EntryPoint","urlTemplate":"https:\/\/www.contabilizei.com.br\/contabilizei-responde\/?s={search_term_string}"},"query-input":{"@type":"PropertyValueSpecification","valueRequired":true,"valueName":"search_term_string"}}],"inLanguage":"pt-BR"}]}},"_links":{"self":[{"href":"https:\/\/www.contabilizei.com.br\/contabilizei-responde\/api\/wp\/v2\/questions\/536","targetHints":{"allow":["GET"]}}],"collection":[{"href":"https:\/\/www.contabilizei.com.br\/contabilizei-responde\/api\/wp\/v2\/questions"}],"about":[{"href":"https:\/\/www.contabilizei.com.br\/contabilizei-responde\/api\/wp\/v2\/types\/perguntas"}],"acf:post":[{"embeddable":true,"href":"https:\/\/www.contabilizei.com.br\/contabilizei-responde\/api\/wp\/v2\/contador\/1732"}],"wp:attachment":[{"href":"https:\/\/www.contabilizei.com.br\/contabilizei-responde\/api\/wp\/v2\/media?parent=536"}],"wp:term":[{"taxonomy":"category_questions","embeddable":true,"href":"https:\/\/www.contabilizei.com.br\/contabilizei-responde\/api\/wp\/v2\/category-questions?post=536"}],"curies":[{"name":"wp","href":"https:\/\/api.w.org\/{rel}","templated":true}]}}

Profissional liberal tem direito a auxílio-doença?

<p><b>Sim, o profissional liberal que contribui para a Previdência Social (INSS) tem direito ao Auxílio Doença do Governo Federal</b><span style="font-weight: 400;">. Assim como outros benefícios sociais, o auxílio-doença é concedido ao segurado que fica impossibilitado de trabalhar, por doença ou acidente, por mais de 15 dias consecutivos. </span></p>
<p><span style="font-weight: 400;">Para ter direito ao Auxílio Doença o beneficiário precisa possuir um </span><b>período mínimo de contribuição, a carência, que é de 12 meses, </b><span style="font-weight: 400;">prazo não exigido em casos  de acidentes ou de doenças como tuberculose ativa, hanseníase, alienação mental, neoplasia maligna, cegueira, paralisia irreversível e incapacitante, cardiopatia grave, doença de Parkinson, síndrome da deficiência imunológica adquirida (Aids), entre outras.</span></p>
<p><span style="font-weight: 400;">Para ter direito ao benefício, o profissional liberal deve realizar a solicitação na Previdência Social Regional, acompanhada do comprovante médico da incapacidade com o CID, além de realizar a perícia no órgão, de acordo com a agenda do mesmo. Regularmente o beneficiário deve repetir o procedimento, enquanto continuar impossibilitado de exercer seu trabalho. </span></p>
<p><span style="font-weight: 400;">Quando o profissional liberal estiver apto a realizar sua atividade, o auxílio-doença deixa de ser pago, bem como se o benefício se transformar em aposentadoria por invalidez.</span></p>
<p><span style="font-weight: 400;">No caso dos trabalhadores com carteira assinada, diferente dos contribuintes individuais (empresários, profissionais liberais, entre outros), que o INSS paga o auxílio-doença a partir do requerimento do benefício, os primeiros 15 dias são pagos pelo empregador e a Previdência Social assume o compromisso a partir do 16º dia de afastamento.</span></p>
<p>Abra seu CNPJ gratuitamente com a <a href="https://www.contabilizei.com.br/" target="_blank" rel="noopener">Contabilizei</a>!</p>
<p>&nbsp;</p>
<p><b>Continue com a gente e saiba mais:</b></p>
<p><a href="https://www.contabilizei.com.br/contabilidade-online/profissional-liberal-autonomo-diferencas/" target="_blank" rel="noopener"><span style="font-weight: 400;">https://www.contabilizei.com.br/contabilidade-online/profissional-liberal-autonomo-diferencas/</span></a></p>
<p><a href="https://www.contabilizei.com.br/contabilidade-online/o-que-e-prestador-de-servicos-pj-e-quais-as-diferencas-para-autonomo-e-profissional-liberal/" target="_blank" rel="noopener"><span style="font-weight: 400;">https://www.contabilizei.com.br/contabilidade-online/o-que-e-prestador-de-servicos-pj-e-quais-as-diferencas-para-autonomo-e-profissional-liberal/</span></a></p>
<p><a href="https://www.contabilizei.com.br/contabilidade-online/profissional-liberal-como-lidar-com-a-contabilidade-de-um-jeito-mais-facil/" target="_blank" rel="noopener"><span style="font-weight: 400;">https://www.contabilizei.com.br/contabilidade-online/profissional-liberal-como-lidar-com-a-contabilidade-de-um-jeito-mais-facil/</span></a></p>
<p><a href="https://www.contabilizei.com.br/contabilidade-online/pessoa-juridica/" target="_blank" rel="noopener"><span style="font-weight: 400;">https://www.contabilizei.com.br/contabilidade-online/pessoa-juridica/</span></a></p>

<p>Sim, o profissional liberal que contribui para a Previdência Social (INSS) tem direito ao Auxílio Doença do Governo Federal. Assim como outros benefícios sociais, o auxílio-doença é concedido ao segurado que fica impossibilitado de trabalhar, por doença ou acidente, por mais de 15 dias consecutivos.  Para ter direito ao Auxílio Doença o beneficiário precisa possuir [&hellip;]</p>

<!-- This site is optimized with the Yoast SEO plugin v27.5 - https://yoast.com/product/yoast-seo-wordpress/ -->
<title>Profissional liberal tem direito a auxílio-doença?</title>
<meta name="description" content="Saiba se o profissional liberal tem direito a auxílio-doença e como solicitar nos casos permitidos. Confira agora mesmo!" />
<meta name="robots" content="index, follow, max-snippet:-1, max-image-preview:large, max-video-preview:-1" />
<link rel="canonical" href="https://www.contabilizei.com.br/contabilizei-responde/profissional-liberal-tem-direito-a-auxilio-doenca/" />
<meta property="og:locale" content="pt_BR" />
<meta property="og:type" content="article" />
<meta property="og:title" content="Profissional liberal tem direito a auxílio-doença?" />
<meta property="og:description" content="Saiba se o profissional liberal tem direito a auxílio-doença e como solicitar nos casos permitidos. Confira agora mesmo!" />
<meta property="og:url" content="https://www.contabilizei.com.br/contabilizei-responde/profissional-liberal-tem-direito-a-auxilio-doenca/" />
<meta property="og:site_name" content="Contador Responde" />
<meta property="article:modified_time" content="2022-12-27T14:45:52+00:00" />
<meta name="twitter:card" content="summary_large_image" />
<meta name="twitter:label1" content="Est. tempo de leitura" />
	<meta name="twitter:data1" content="2 minutos" />
<!-- / Yoast SEO plugin. -->

Saiba se o profissional liberal tem direito a auxílio-doença e como solicitar nos casos permitidos. Confira agora mesmo!
