{"id":482,"date":"2022-12-13T17:48:13","date_gmt":"2022-12-13T20:48:13","guid":{"rendered":"https:\/\/www.contabilizei.com.br\/contabilizei-responde\/?post_type=perguntas&#038;p=482"},"modified":"2025-11-21T10:20:22","modified_gmt":"2025-11-21T13:20:22","slug":"representante-comercial-e-anexo-iii-ou-v","status":"publish","type":"perguntas","link":"https:\/\/www.contabilizei.com.br\/contabilizei-responde\/representante-comercial-e-anexo-iii-ou-v\/","title":{"rendered":"Representante comercial \u00e9 anexo III ou V do Simples Nacional?"},"content":{"rendered":"<p><b>A atividade de representa\u00e7\u00e3o comercial<\/b> <b>pode ser enquadrada tanto no Anexo V quanto no Anexo III do Simples Nacional<\/b><span style=\"font-weight: 400;\">. <\/span><b>O que ir\u00e1 definir<\/b><span style=\"font-weight: 400;\"> em qual deles a atividade ser\u00e1 enquadrada <\/span><b>\u00e9 o Fator R<\/b><span style=\"font-weight: 400;\">, um c\u00e1lculo que considera a rela\u00e7\u00e3o entre os valores da folha de pagamento e o faturamento da empresa dos \u00faltimos 12 meses.<\/span><\/p>\n<p><b>Originalmente, a atividade de representa\u00e7\u00e3o comercial \u00e9 enquadrada no Anexo V<\/b><span style=\"font-weight: 400;\"> do Simples Nacional, <\/span><b>que tem al\u00edquota inicial de 15,5%<\/b><span style=\"font-weight: 400;\">.\u00a0<\/span><\/p>\n<p><span style=\"font-weight: 400;\">Por\u00e9m, <\/span><b>por estar sujeita ao c\u00e1lculo do Fator R mensalmente, se o resultado do c\u00e1lculo for igual ou maior que 28%, a atividade passa a ser enquadrada no Anexo III<\/b><span style=\"font-weight: 400;\">, que tem <\/span><b>al\u00edquota inicial de 6%<\/b><span style=\"font-weight: 400;\">. Ou seja, o c\u00e1lculo do Fator R pode proporcionar uma grande diferen\u00e7a no valor do imposto.<\/span><\/p>\n<p><span style=\"font-weight: 400;\">Fique atento e fale com seu contador para entender melhor sobre o Fator R. Al\u00e9m das despesas com os empregados, tamb\u00e9m comp\u00f5e o valor da folha de pagamento, o pr\u00f3-labore (ou seja, o \u201csal\u00e1rio\u201d) dos s\u00f3cios e administradores.<\/span><\/p>\n<p><span style=\"font-weight: 400;\">At\u00e9 um determinado valor de faturamento anual, o Simples Nacional, em geral, \u00e9 a melhor op\u00e7\u00e3o para as micro e pequenas empresas, o que inclui os representantes comerciais.\u00a0<\/span><\/p>\n<p><span style=\"font-weight: 400;\">Uma das maiores vantagens do Simples Nacional \u00e9 que, por ser um regime simplificado, ele concentra o recolhimento de v\u00e1rios impostos em uma guia \u00fanica, chamada DAS, facilitando a vida de quem tem uma rotina atribulada, como a dos representantes comerciais.<\/span><\/p>\n<p><b>Continue conosco e saiba mais:<\/b><\/p>\n<p><a href=\"https:\/\/www.contabilizei.com.br\/contabilidade-online\/simples-nacional\/\" target=\"_blank\" rel=\"noopener\"><span style=\"font-weight: 400;\">Simples Nacional: o que \u00e9 e quanto paga de imposto no DAS<\/span><\/a><\/p>\n<p><a href=\"https:\/\/www.contabilizei.com.br\/contabilidade-online\/fator-r-simples-nacional\/\" target=\"_blank\" rel=\"noopener\"><span style=\"font-weight: 400;\">Fator R: o que \u00e9 e como calcular o Fator R nos anexos III e V<\/span><\/a><\/p>\n<p><a href=\"https:\/\/www.contabilizei.com.br\/contabilidade-online\/anexo-3-simples-nacional\/\" target=\"_blank\" rel=\"noopener\"><span style=\"font-weight: 400;\">Anexo III Simples Nacional: tabela completa, atividades, al\u00edquotas e c\u00e1lculos<\/span><\/a><\/p>\n<p><a href=\"https:\/\/www.contabilizei.com.br\/contabilidade-online\/anexo-5-simples-nacional\/\" target=\"_blank\" rel=\"noopener\"><span style=\"font-weight: 400;\">Anexo V simples nacional: Tabela completa de atividades, guias, al\u00edquotas e impostos<\/span><\/a><\/p>\n","protected":false},"excerpt":{"rendered":"<p>A atividade de representa\u00e7\u00e3o comercial pode ser enquadrada tanto no Anexo V quanto no Anexo III do Simples Nacional. O que ir\u00e1 definir em qual deles a atividade ser\u00e1 enquadrada \u00e9 o Fator R, um c\u00e1lculo que considera a rela\u00e7\u00e3o entre os valores da folha de pagamento e o faturamento da empresa dos \u00faltimos 12 [&hellip;]<\/p>\n","protected":false},"parent":0,"menu_order":0,"template":"","category-questions":[26],"class_list":["post-482","perguntas","type-perguntas","status-publish","hentry","category_questions-simples-nacional"],"acf":{"contador":{"ID":1751,"post_author":"22","post_date":"2025-06-18 17:54:34","post_date_gmt":"2025-06-18 20:54:34","post_content":"","post_title":"Nilc\u00e9ia Domingues","post_excerpt":"","post_status":"publish","comment_status":"closed","ping_status":"closed","post_password":"","post_name":"nilceia-domingues","to_ping":"","pinged":"","post_modified":"2025-06-23 14:16:39","post_modified_gmt":"2025-06-23 17:16:39","post_content_filtered":"","post_parent":0,"guid":"https:\/\/www.contabilizei.com.br\/contabilizei-responde\/?post_type=contador&#038;p=1751","menu_order":0,"post_type":"contador","post_mime_type":"","comment_count":"0","filter":"raw"}},"yoast_head":"<!-- This site is optimized with the Yoast SEO plugin v27.5 - https:\/\/yoast.com\/product\/yoast-seo-wordpress\/ -->\n<title>Representante comercial \u00e9 anexo III ou V do Simples Nacional? -<\/title>\n<meta name=\"description\" content=\"Saiba se representante comercial \u00e9 anexo III ou V e como definir qual anexo pertence o seu CNPJ na hora de pagar corretamente os impostos.\" \/>\n<meta name=\"robots\" content=\"index, follow, max-snippet:-1, max-image-preview:large, max-video-preview:-1\" \/>\n<link rel=\"canonical\" href=\"https:\/\/www.contabilizei.com.br\/contabilizei-responde\/representante-comercial-e-anexo-iii-ou-v\/\" \/>\n<meta property=\"og:locale\" content=\"pt_BR\" \/>\n<meta property=\"og:type\" content=\"article\" \/>\n<meta property=\"og:title\" content=\"Representante comercial \u00e9 anexo III ou V do Simples Nacional? -\" \/>\n<meta property=\"og:description\" content=\"Saiba se representante comercial \u00e9 anexo III ou V e como definir qual anexo pertence o seu CNPJ na hora de pagar corretamente os impostos.\" \/>\n<meta property=\"og:url\" content=\"https:\/\/www.contabilizei.com.br\/contabilizei-responde\/representante-comercial-e-anexo-iii-ou-v\/\" \/>\n<meta property=\"og:site_name\" content=\"Contador Responde\" \/>\n<meta property=\"article:modified_time\" content=\"2025-11-21T13:20:22+00:00\" \/>\n<meta name=\"twitter:card\" content=\"summary_large_image\" \/>\n<meta name=\"twitter:label1\" content=\"Est. tempo de leitura\" \/>\n\t<meta name=\"twitter:data1\" content=\"2 minutos\" \/>\n<!-- \/ Yoast SEO plugin. -->","yoast_head_json":{"title":"Representante comercial \u00e9 anexo III ou V do Simples Nacional? -","description":"Saiba se representante comercial \u00e9 anexo III ou V e como definir qual anexo pertence o seu CNPJ na hora de pagar corretamente os impostos.","robots":{"index":"index","follow":"follow","max-snippet":"max-snippet:-1","max-image-preview":"max-image-preview:large","max-video-preview":"max-video-preview:-1"},"canonical":"https:\/\/www.contabilizei.com.br\/contabilizei-responde\/representante-comercial-e-anexo-iii-ou-v\/","og_locale":"pt_BR","og_type":"article","og_title":"Representante comercial \u00e9 anexo III ou V do Simples Nacional? -","og_description":"Saiba se representante comercial \u00e9 anexo III ou V e como definir qual anexo pertence o seu CNPJ na hora de pagar corretamente os impostos.","og_url":"https:\/\/www.contabilizei.com.br\/contabilizei-responde\/representante-comercial-e-anexo-iii-ou-v\/","og_site_name":"Contador Responde","article_modified_time":"2025-11-21T13:20:22+00:00","twitter_card":"summary_large_image","twitter_misc":{"Est. tempo de leitura":"2 minutos"},"schema":{"@context":"https:\/\/schema.org","@graph":[{"@type":"WebPage","@id":"https:\/\/www.contabilizei.com.br\/contabilizei-responde\/representante-comercial-e-anexo-iii-ou-v\/","url":"https:\/\/www.contabilizei.com.br\/contabilizei-responde\/representante-comercial-e-anexo-iii-ou-v\/","name":"Representante comercial \u00e9 anexo III ou V do Simples Nacional? -","isPartOf":{"@id":"https:\/\/www.contabilizei.com.br\/contabilizei-responde\/#website"},"datePublished":"2022-12-13T20:48:13+00:00","dateModified":"2025-11-21T13:20:22+00:00","description":"Saiba se representante comercial \u00e9 anexo III ou V e como definir qual anexo pertence o seu CNPJ na hora de pagar corretamente os impostos.","breadcrumb":{"@id":"https:\/\/www.contabilizei.com.br\/contabilizei-responde\/representante-comercial-e-anexo-iii-ou-v\/#breadcrumb"},"inLanguage":"pt-BR","potentialAction":[{"@type":"ReadAction","target":["https:\/\/www.contabilizei.com.br\/contabilizei-responde\/representante-comercial-e-anexo-iii-ou-v\/"]}]},{"@type":"BreadcrumbList","@id":"https:\/\/www.contabilizei.com.br\/contabilizei-responde\/representante-comercial-e-anexo-iii-ou-v\/#breadcrumb","itemListElement":[{"@type":"ListItem","position":1,"name":"Home","item":"https:\/\/www.contabilizei.com.br\/contabilizei-responde\/"},{"@type":"ListItem","position":2,"name":"Perguntas","item":"https:\/\/www.contabilizei.com.br\/contabilizei-responde\/perguntas\/"},{"@type":"ListItem","position":3,"name":"Representante comercial \u00e9 anexo III ou V do Simples Nacional?"}]},{"@type":"WebSite","@id":"https:\/\/www.contabilizei.com.br\/contabilizei-responde\/#website","url":"https:\/\/www.contabilizei.com.br\/contabilizei-responde\/","name":"Contador Responde","description":"","potentialAction":[{"@type":"SearchAction","target":{"@type":"EntryPoint","urlTemplate":"https:\/\/www.contabilizei.com.br\/contabilizei-responde\/?s={search_term_string}"},"query-input":{"@type":"PropertyValueSpecification","valueRequired":true,"valueName":"search_term_string"}}],"inLanguage":"pt-BR"}]}},"_links":{"self":[{"href":"https:\/\/www.contabilizei.com.br\/contabilizei-responde\/api\/wp\/v2\/questions\/482","targetHints":{"allow":["GET"]}}],"collection":[{"href":"https:\/\/www.contabilizei.com.br\/contabilizei-responde\/api\/wp\/v2\/questions"}],"about":[{"href":"https:\/\/www.contabilizei.com.br\/contabilizei-responde\/api\/wp\/v2\/types\/perguntas"}],"acf:post":[{"embeddable":true,"href":"https:\/\/www.contabilizei.com.br\/contabilizei-responde\/api\/wp\/v2\/contador\/1751"}],"wp:attachment":[{"href":"https:\/\/www.contabilizei.com.br\/contabilizei-responde\/api\/wp\/v2\/media?parent=482"}],"wp:term":[{"taxonomy":"category_questions","embeddable":true,"href":"https:\/\/www.contabilizei.com.br\/contabilizei-responde\/api\/wp\/v2\/category-questions?post=482"}],"curies":[{"name":"wp","href":"https:\/\/api.w.org\/{rel}","templated":true}]}}

Representante comercial é anexo III ou V do Simples Nacional?

<p><b>A atividade de representação comercial</b> <b>pode ser enquadrada tanto no Anexo V quanto no Anexo III do Simples Nacional</b><span style="font-weight: 400;">. </span><b>O que irá definir</b><span style="font-weight: 400;"> em qual deles a atividade será enquadrada </span><b>é o Fator R</b><span style="font-weight: 400;">, um cálculo que considera a relação entre os valores da folha de pagamento e o faturamento da empresa dos últimos 12 meses.</span></p>
<p><b>Originalmente, a atividade de representação comercial é enquadrada no Anexo V</b><span style="font-weight: 400;"> do Simples Nacional, </span><b>que tem alíquota inicial de 15,5%</b><span style="font-weight: 400;">. </span></p>
<p><span style="font-weight: 400;">Porém, </span><b>por estar sujeita ao cálculo do Fator R mensalmente, se o resultado do cálculo for igual ou maior que 28%, a atividade passa a ser enquadrada no Anexo III</b><span style="font-weight: 400;">, que tem </span><b>alíquota inicial de 6%</b><span style="font-weight: 400;">. Ou seja, o cálculo do Fator R pode proporcionar uma grande diferença no valor do imposto.</span></p>
<p><span style="font-weight: 400;">Fique atento e fale com seu contador para entender melhor sobre o Fator R. Além das despesas com os empregados, também compõe o valor da folha de pagamento, o pró-labore (ou seja, o “salário”) dos sócios e administradores.</span></p>
<p><span style="font-weight: 400;">Até um determinado valor de faturamento anual, o Simples Nacional, em geral, é a melhor opção para as micro e pequenas empresas, o que inclui os representantes comerciais. </span></p>
<p><span style="font-weight: 400;">Uma das maiores vantagens do Simples Nacional é que, por ser um regime simplificado, ele concentra o recolhimento de vários impostos em uma guia única, chamada DAS, facilitando a vida de quem tem uma rotina atribulada, como a dos representantes comerciais.</span></p>
<p><b>Continue conosco e saiba mais:</b></p>
<p><a href="https://www.contabilizei.com.br/contabilidade-online/simples-nacional/" target="_blank" rel="noopener"><span style="font-weight: 400;">Simples Nacional: o que é e quanto paga de imposto no DAS</span></a></p>
<p><a href="https://www.contabilizei.com.br/contabilidade-online/fator-r-simples-nacional/" target="_blank" rel="noopener"><span style="font-weight: 400;">Fator R: o que é e como calcular o Fator R nos anexos III e V</span></a></p>
<p><a href="https://www.contabilizei.com.br/contabilidade-online/anexo-3-simples-nacional/" target="_blank" rel="noopener"><span style="font-weight: 400;">Anexo III Simples Nacional: tabela completa, atividades, alíquotas e cálculos</span></a></p>
<p><a href="https://www.contabilizei.com.br/contabilidade-online/anexo-5-simples-nacional/" target="_blank" rel="noopener"><span style="font-weight: 400;">Anexo V simples nacional: Tabela completa de atividades, guias, alíquotas e impostos</span></a></p>

<p>A atividade de representação comercial pode ser enquadrada tanto no Anexo V quanto no Anexo III do Simples Nacional. O que irá definir em qual deles a atividade será enquadrada é o Fator R, um cálculo que considera a relação entre os valores da folha de pagamento e o faturamento da empresa dos últimos 12 [&hellip;]</p>

Nilcéia Domingues

<!-- This site is optimized with the Yoast SEO plugin v27.5 - https://yoast.com/product/yoast-seo-wordpress/ -->
<title>Representante comercial é anexo III ou V do Simples Nacional? -</title>
<meta name="description" content="Saiba se representante comercial é anexo III ou V e como definir qual anexo pertence o seu CNPJ na hora de pagar corretamente os impostos." />
<meta name="robots" content="index, follow, max-snippet:-1, max-image-preview:large, max-video-preview:-1" />
<link rel="canonical" href="https://www.contabilizei.com.br/contabilizei-responde/representante-comercial-e-anexo-iii-ou-v/" />
<meta property="og:locale" content="pt_BR" />
<meta property="og:type" content="article" />
<meta property="og:title" content="Representante comercial é anexo III ou V do Simples Nacional? -" />
<meta property="og:description" content="Saiba se representante comercial é anexo III ou V e como definir qual anexo pertence o seu CNPJ na hora de pagar corretamente os impostos." />
<meta property="og:url" content="https://www.contabilizei.com.br/contabilizei-responde/representante-comercial-e-anexo-iii-ou-v/" />
<meta property="og:site_name" content="Contador Responde" />
<meta property="article:modified_time" content="2025-11-21T13:20:22+00:00" />
<meta name="twitter:card" content="summary_large_image" />
<meta name="twitter:label1" content="Est. tempo de leitura" />
	<meta name="twitter:data1" content="2 minutos" />
<!-- / Yoast SEO plugin. -->

Representante comercial é anexo III ou V do Simples Nacional? -

Saiba se representante comercial é anexo III ou V e como definir qual anexo pertence o seu CNPJ na hora de pagar corretamente os impostos.
