{"id":473,"date":"2022-12-06T11:17:06","date_gmt":"2022-12-06T14:17:06","guid":{"rendered":"https:\/\/www.contabilizei.com.br\/contabilizei-responde\/?post_type=perguntas&#038;p=473"},"modified":"2024-05-06T11:15:56","modified_gmt":"2024-05-06T14:15:56","slug":"medico-profissional-liberal","status":"publish","type":"perguntas","link":"https:\/\/www.contabilizei.com.br\/contabilizei-responde\/medico-profissional-liberal\/","title":{"rendered":"O m\u00e9dico \u00e9 profissional liberal ou aut\u00f4nomo?"},"content":{"rendered":"<p><b>Ambas as denomina\u00e7\u00f5es est\u00e3o corretas para o m\u00e9dico. O profissional liberal \u00e9 aquele que tem uma forma\u00e7\u00e3o t\u00e9cnica ou superior, o que confere liberdade para exercer sua profiss\u00e3o como empregado CLT de uma empresa ou como profissional aut\u00f4nomo.\u00a0<\/b><\/p>\n<p><span style=\"font-weight: 400;\">O profissional aut\u00f4nomo \u00e9 todo aquele que exerce suas atividades de forma independente e sem v\u00ednculo empregat\u00edcio, podendo ser liberal (com qualifica\u00e7\u00e3o profissional) ou n\u00e3o.\u00a0 Para o m\u00e9dico aut\u00f4nomo, a contabilidade \u00e9 feita atrav\u00e9s da escritura\u00e7\u00e3o no Livro Caixa, onde s\u00e3o registradas todas as receitas e despesas em ordem cronol\u00f3gica, apurando-se o lucro a ser tributado (receitas menos despesas).\u00a0<\/span><\/p>\n<p><span style=\"font-weight: 400;\">Neste caso n\u00e3o h\u00e1 a obrigatoriedade de emiss\u00e3o de nota fiscal, mas para a escritura\u00e7\u00e3o cont\u00e1bil atrav\u00e9s do livro caixa e obriga\u00e7\u00f5es fiscais, s\u00e3o necess\u00e1rias, assim como emitir recibos ou RPAs (no caso de pessoa jur\u00eddica).\u00a0<\/span><\/p>\n<p><span style=\"font-weight: 400;\">Al\u00e9m da tributa\u00e7\u00e3o do imposto de renda demonstrada acima, o m\u00e9dico tamb\u00e9m deve procurar a prefeitura e se cadastrar como profissional aut\u00f4nomo. Deve ser recolhido de acordo com as normas de seu munic\u00edpio o ISSQN (Imposto sobre Servi\u00e7os de Qualquer Natureza).<\/span><\/p>\n<p><span style=\"font-weight: 400;\">Por\u00e9m nem sempre a melhor alternativa para o m\u00e9dico \u00e9 ser profissional aut\u00f4nomo &#8211; sem CNPJ. a partir de um determinado valor de ganhos mensais passa a ser mais vantajoso se formalizar atrav\u00e9s de um CNPJ de microempresa. a partir dessa decis\u00e3o o m\u00e9dico pode pagar cerca de 10% a menos de impostos anuais.<\/span><\/p>\n<p>&nbsp;<\/p>\n<p><b>Continue com a gente e saiba mais:<\/b><\/p>\n<p><a href=\"https:\/\/www.contabilizei.com.br\/contabilidade-online\/quanto-ganha-um-medico\/\" target=\"_blank\" rel=\"noopener\"><span style=\"font-weight: 400;\">https:\/\/www.contabilizei.com.br\/contabilidade-online\/quanto-ganha-um-medico\/<\/span><\/a><\/p>\n<p><a href=\"https:\/\/www.contabilizei.com.br\/contabilidade-online\/abertura-cnpj-medicos\/\" target=\"_blank\" rel=\"noopener\"><span style=\"font-weight: 400;\">https:\/\/www.contabilizei.com.br\/contabilidade-online\/abertura-cnpj-medicos\/<\/span><\/a><\/p>\n<p><a href=\"https:\/\/www.contabilizei.com.br\/contabilidade-online\/assinatura-digital-para-medicos\/\" target=\"_blank\" rel=\"noopener\"><span style=\"font-weight: 400;\">https:\/\/www.contabilizei.com.br\/contabilidade-online\/assinatura-digital-para-medicos\/<\/span><\/a><\/p>\n<p><a href=\"https:\/\/www.contabilizei.com.br\/contabilidade-online\/pj-medico\/\" target=\"_blank\" rel=\"noopener\"><span style=\"font-weight: 400;\">https:\/\/www.contabilizei.com.br\/contabilidade-online\/pj-medico\/<\/span><\/a><\/p>\n<p><a href=\"https:\/\/www.contabilizei.com.br\/contabilidade-online\/vantagens-medico-pessoa-juridica\/\" target=\"_blank\" rel=\"noopener\"><span style=\"font-weight: 400;\">https:\/\/www.contabilizei.com.br\/contabilidade-online\/vantagens-medico-pessoa-juridica\/<\/span><\/a><\/p>\n<p>&nbsp;<\/p>\n","protected":false},"excerpt":{"rendered":"<p>Ambas as denomina\u00e7\u00f5es est\u00e3o corretas para o m\u00e9dico. O profissional liberal \u00e9 aquele que tem uma forma\u00e7\u00e3o t\u00e9cnica ou superior, o que confere liberdade para exercer sua profiss\u00e3o como empregado CLT de uma empresa ou como profissional aut\u00f4nomo.\u00a0 O profissional aut\u00f4nomo \u00e9 todo aquele que exerce suas atividades de forma independente e sem v\u00ednculo empregat\u00edcio, [&hellip;]<\/p>\n","protected":false},"parent":0,"menu_order":0,"template":"","category-questions":[27],"class_list":["post-473","perguntas","type-perguntas","status-publish","hentry","category_questions-autonomo"],"acf":{"contador":{"ID":1732,"post_author":"22","post_date":"2025-03-31 12:51:15","post_date_gmt":"2025-03-31 15:51:15","post_content":"","post_title":"Juliana Steffano","post_excerpt":"","post_status":"publish","comment_status":"closed","ping_status":"closed","post_password":"","post_name":"juliana-steffano","to_ping":"","pinged":"","post_modified":"2025-03-31 12:51:15","post_modified_gmt":"2025-03-31 15:51:15","post_content_filtered":"","post_parent":0,"guid":"https:\/\/www.contabilizei.com.br\/contabilizei-responde\/?post_type=contador&#038;p=1732","menu_order":0,"post_type":"contador","post_mime_type":"","comment_count":"0","filter":"raw"}},"yoast_head":"<!-- This site is optimized with the Yoast SEO plugin v27.5 - https:\/\/yoast.com\/product\/yoast-seo-wordpress\/ -->\n<title>O m\u00e9dico \u00e9 profissional liberal ou aut\u00f4nomo?<\/title>\n<meta name=\"description\" content=\"O m\u00e9dico \u00e9 profissional liberal ou aut\u00f4nomo? Veja qual a melhor forma de atua\u00e7\u00e3o: se pessoa f\u00edsica ou pessoa jur\u00eddica. Confira!\" \/>\n<meta name=\"robots\" content=\"index, follow, max-snippet:-1, max-image-preview:large, max-video-preview:-1\" \/>\n<link rel=\"canonical\" href=\"https:\/\/www.contabilizei.com.br\/contabilizei-responde\/medico-profissional-liberal\/\" \/>\n<meta property=\"og:locale\" content=\"pt_BR\" \/>\n<meta property=\"og:type\" content=\"article\" \/>\n<meta property=\"og:title\" content=\"O m\u00e9dico \u00e9 profissional liberal ou aut\u00f4nomo?\" \/>\n<meta property=\"og:description\" content=\"O m\u00e9dico \u00e9 profissional liberal ou aut\u00f4nomo? Veja qual a melhor forma de atua\u00e7\u00e3o: se pessoa f\u00edsica ou pessoa jur\u00eddica. Confira!\" \/>\n<meta property=\"og:url\" content=\"https:\/\/www.contabilizei.com.br\/contabilizei-responde\/medico-profissional-liberal\/\" \/>\n<meta property=\"og:site_name\" content=\"Contador Responde\" \/>\n<meta property=\"article:modified_time\" content=\"2024-05-06T14:15:56+00:00\" \/>\n<meta name=\"twitter:card\" content=\"summary_large_image\" \/>\n<meta name=\"twitter:label1\" content=\"Est. tempo de leitura\" \/>\n\t<meta name=\"twitter:data1\" content=\"2 minutos\" \/>\n<!-- \/ Yoast SEO plugin. -->","yoast_head_json":{"title":"O m\u00e9dico \u00e9 profissional liberal ou aut\u00f4nomo?","description":"O m\u00e9dico \u00e9 profissional liberal ou aut\u00f4nomo? Veja qual a melhor forma de atua\u00e7\u00e3o: se pessoa f\u00edsica ou pessoa jur\u00eddica. Confira!","robots":{"index":"index","follow":"follow","max-snippet":"max-snippet:-1","max-image-preview":"max-image-preview:large","max-video-preview":"max-video-preview:-1"},"canonical":"https:\/\/www.contabilizei.com.br\/contabilizei-responde\/medico-profissional-liberal\/","og_locale":"pt_BR","og_type":"article","og_title":"O m\u00e9dico \u00e9 profissional liberal ou aut\u00f4nomo?","og_description":"O m\u00e9dico \u00e9 profissional liberal ou aut\u00f4nomo? Veja qual a melhor forma de atua\u00e7\u00e3o: se pessoa f\u00edsica ou pessoa jur\u00eddica. Confira!","og_url":"https:\/\/www.contabilizei.com.br\/contabilizei-responde\/medico-profissional-liberal\/","og_site_name":"Contador Responde","article_modified_time":"2024-05-06T14:15:56+00:00","twitter_card":"summary_large_image","twitter_misc":{"Est. tempo de leitura":"2 minutos"},"schema":{"@context":"https:\/\/schema.org","@graph":[{"@type":"WebPage","@id":"https:\/\/www.contabilizei.com.br\/contabilizei-responde\/medico-profissional-liberal\/","url":"https:\/\/www.contabilizei.com.br\/contabilizei-responde\/medico-profissional-liberal\/","name":"O m\u00e9dico \u00e9 profissional liberal ou aut\u00f4nomo?","isPartOf":{"@id":"https:\/\/www.contabilizei.com.br\/contabilizei-responde\/#website"},"datePublished":"2022-12-06T14:17:06+00:00","dateModified":"2024-05-06T14:15:56+00:00","description":"O m\u00e9dico \u00e9 profissional liberal ou aut\u00f4nomo? Veja qual a melhor forma de atua\u00e7\u00e3o: se pessoa f\u00edsica ou pessoa jur\u00eddica. Confira!","breadcrumb":{"@id":"https:\/\/www.contabilizei.com.br\/contabilizei-responde\/medico-profissional-liberal\/#breadcrumb"},"inLanguage":"pt-BR","potentialAction":[{"@type":"ReadAction","target":["https:\/\/www.contabilizei.com.br\/contabilizei-responde\/medico-profissional-liberal\/"]}]},{"@type":"BreadcrumbList","@id":"https:\/\/www.contabilizei.com.br\/contabilizei-responde\/medico-profissional-liberal\/#breadcrumb","itemListElement":[{"@type":"ListItem","position":1,"name":"Home","item":"https:\/\/www.contabilizei.com.br\/contabilizei-responde\/"},{"@type":"ListItem","position":2,"name":"Perguntas","item":"https:\/\/www.contabilizei.com.br\/contabilizei-responde\/perguntas\/"},{"@type":"ListItem","position":3,"name":"O m\u00e9dico \u00e9 profissional liberal ou aut\u00f4nomo?"}]},{"@type":"WebSite","@id":"https:\/\/www.contabilizei.com.br\/contabilizei-responde\/#website","url":"https:\/\/www.contabilizei.com.br\/contabilizei-responde\/","name":"Contador Responde","description":"","potentialAction":[{"@type":"SearchAction","target":{"@type":"EntryPoint","urlTemplate":"https:\/\/www.contabilizei.com.br\/contabilizei-responde\/?s={search_term_string}"},"query-input":{"@type":"PropertyValueSpecification","valueRequired":true,"valueName":"search_term_string"}}],"inLanguage":"pt-BR"}]}},"_links":{"self":[{"href":"https:\/\/www.contabilizei.com.br\/contabilizei-responde\/api\/wp\/v2\/questions\/473","targetHints":{"allow":["GET"]}}],"collection":[{"href":"https:\/\/www.contabilizei.com.br\/contabilizei-responde\/api\/wp\/v2\/questions"}],"about":[{"href":"https:\/\/www.contabilizei.com.br\/contabilizei-responde\/api\/wp\/v2\/types\/perguntas"}],"acf:post":[{"embeddable":true,"href":"https:\/\/www.contabilizei.com.br\/contabilizei-responde\/api\/wp\/v2\/contador\/1732"}],"wp:attachment":[{"href":"https:\/\/www.contabilizei.com.br\/contabilizei-responde\/api\/wp\/v2\/media?parent=473"}],"wp:term":[{"taxonomy":"category_questions","embeddable":true,"href":"https:\/\/www.contabilizei.com.br\/contabilizei-responde\/api\/wp\/v2\/category-questions?post=473"}],"curies":[{"name":"wp","href":"https:\/\/api.w.org\/{rel}","templated":true}]}}

O médico é profissional liberal ou autônomo?

<p><b>Ambas as denominações estão corretas para o médico. O profissional liberal é aquele que tem uma formação técnica ou superior, o que confere liberdade para exercer sua profissão como empregado CLT de uma empresa ou como profissional autônomo. </b></p>
<p><span style="font-weight: 400;">O profissional autônomo é todo aquele que exerce suas atividades de forma independente e sem vínculo empregatício, podendo ser liberal (com qualificação profissional) ou não.  Para o médico autônomo, a contabilidade é feita através da escrituração no Livro Caixa, onde são registradas todas as receitas e despesas em ordem cronológica, apurando-se o lucro a ser tributado (receitas menos despesas). </span></p>
<p><span style="font-weight: 400;">Neste caso não há a obrigatoriedade de emissão de nota fiscal, mas para a escrituração contábil através do livro caixa e obrigações fiscais, são necessárias, assim como emitir recibos ou RPAs (no caso de pessoa jurídica). </span></p>
<p><span style="font-weight: 400;">Além da tributação do imposto de renda demonstrada acima, o médico também deve procurar a prefeitura e se cadastrar como profissional autônomo. Deve ser recolhido de acordo com as normas de seu município o ISSQN (Imposto sobre Serviços de Qualquer Natureza).</span></p>
<p><span style="font-weight: 400;">Porém nem sempre a melhor alternativa para o médico é ser profissional autônomo &#8211; sem CNPJ. a partir de um determinado valor de ganhos mensais passa a ser mais vantajoso se formalizar através de um CNPJ de microempresa. a partir dessa decisão o médico pode pagar cerca de 10% a menos de impostos anuais.</span></p>
<p>&nbsp;</p>
<p><b>Continue com a gente e saiba mais:</b></p>
<p><a href="https://www.contabilizei.com.br/contabilidade-online/quanto-ganha-um-medico/" target="_blank" rel="noopener"><span style="font-weight: 400;">https://www.contabilizei.com.br/contabilidade-online/quanto-ganha-um-medico/</span></a></p>
<p><a href="https://www.contabilizei.com.br/contabilidade-online/abertura-cnpj-medicos/" target="_blank" rel="noopener"><span style="font-weight: 400;">https://www.contabilizei.com.br/contabilidade-online/abertura-cnpj-medicos/</span></a></p>
<p><a href="https://www.contabilizei.com.br/contabilidade-online/assinatura-digital-para-medicos/" target="_blank" rel="noopener"><span style="font-weight: 400;">https://www.contabilizei.com.br/contabilidade-online/assinatura-digital-para-medicos/</span></a></p>
<p><a href="https://www.contabilizei.com.br/contabilidade-online/pj-medico/" target="_blank" rel="noopener"><span style="font-weight: 400;">https://www.contabilizei.com.br/contabilidade-online/pj-medico/</span></a></p>
<p><a href="https://www.contabilizei.com.br/contabilidade-online/vantagens-medico-pessoa-juridica/" target="_blank" rel="noopener"><span style="font-weight: 400;">https://www.contabilizei.com.br/contabilidade-online/vantagens-medico-pessoa-juridica/</span></a></p>
<p>&nbsp;</p>

<p>Ambas as denominações estão corretas para o médico. O profissional liberal é aquele que tem uma formação técnica ou superior, o que confere liberdade para exercer sua profissão como empregado CLT de uma empresa ou como profissional autônomo.  O profissional autônomo é todo aquele que exerce suas atividades de forma independente e sem vínculo empregatício, [&hellip;]</p>

<!-- This site is optimized with the Yoast SEO plugin v27.5 - https://yoast.com/product/yoast-seo-wordpress/ -->
<title>O médico é profissional liberal ou autônomo?</title>
<meta name="description" content="O médico é profissional liberal ou autônomo? Veja qual a melhor forma de atuação: se pessoa física ou pessoa jurídica. Confira!" />
<meta name="robots" content="index, follow, max-snippet:-1, max-image-preview:large, max-video-preview:-1" />
<link rel="canonical" href="https://www.contabilizei.com.br/contabilizei-responde/medico-profissional-liberal/" />
<meta property="og:locale" content="pt_BR" />
<meta property="og:type" content="article" />
<meta property="og:title" content="O médico é profissional liberal ou autônomo?" />
<meta property="og:description" content="O médico é profissional liberal ou autônomo? Veja qual a melhor forma de atuação: se pessoa física ou pessoa jurídica. Confira!" />
<meta property="og:url" content="https://www.contabilizei.com.br/contabilizei-responde/medico-profissional-liberal/" />
<meta property="og:site_name" content="Contador Responde" />
<meta property="article:modified_time" content="2024-05-06T14:15:56+00:00" />
<meta name="twitter:card" content="summary_large_image" />
<meta name="twitter:label1" content="Est. tempo de leitura" />
	<meta name="twitter:data1" content="2 minutos" />
<!-- / Yoast SEO plugin. -->

O médico é profissional liberal ou autônomo? Veja qual a melhor forma de atuação: se pessoa física ou pessoa jurídica. Confira!
