{"id":447,"date":"2022-11-23T10:24:09","date_gmt":"2022-11-23T13:24:09","guid":{"rendered":"https:\/\/www.contabilizei.com.br\/contabilizei-responde\/?post_type=perguntas&#038;p=447"},"modified":"2025-07-14T10:13:28","modified_gmt":"2025-07-14T13:13:28","slug":"o-empresario-deve-efetuar-o-registro-na-junta-comercial","status":"publish","type":"perguntas","link":"https:\/\/www.contabilizei.com.br\/contabilizei-responde\/o-empresario-deve-efetuar-o-registro-na-junta-comercial\/","title":{"rendered":"O empres\u00e1rio deve efetuar o registro na junta comercial?"},"content":{"rendered":"<p><b>Sim, o Empres\u00e1rio, em qualquer tipo de empresa, exceto o MEI (Microempreendedor Individual) precisa ter registro na Junta Comercial para operar. <\/b><span style=\"font-weight: 400;\">Considera-se empres\u00e1rio quem exerce profissionalmente atividade econ\u00f4mica organizada para a produ\u00e7\u00e3o ou a circula\u00e7\u00e3o de bens ou de servi\u00e7os.\u00a0<\/span><\/p>\n<p><b>\u00c9 obrigat\u00f3ria a inscri\u00e7\u00e3o na Junta Comercial (Registro P\u00fablico de Empresas Mercantis) da respectiva sede, antes do in\u00edcio de sua atividade.<\/b><span style=\"font-weight: 400;\"> A inscri\u00e7\u00e3o se faz mediante o requerimento de inscri\u00e7\u00e3o de Empres\u00e1rio Individual que contenha o seu nome, nacionalidade, domic\u00edlio, estado civil e, se casado, o regime de bens; a firma, com a respectiva assinatura aut\u00f3grafa; o capital e o objeto e a sede da empresa.<\/span><\/p>\n<p><b>Para o registro na Junta Comercial \u00e9 obrigat\u00f3rio indicar o nome completo ou abreviado do requerente a empres\u00e1rio<\/b><span style=\"font-weight: 400;\">. Caso haja nome igual ao registrado, o empres\u00e1rio dever\u00e1 incluir ao nome escolhido designa\u00e7\u00e3o mais precisa de sua pessoa ou g\u00eanero de neg\u00f3cio, que deve constar do objeto.<\/span><\/p>\n<p><span style=\"font-weight: 400;\">Ressaltamos que n\u00e3o podem ser inseridos termos estrangeiros na descri\u00e7\u00e3o do objeto, exceto quando n\u00e3o houver termo correspondente em portugu\u00eas ou quando j\u00e1 estiver incorporado \u00e0 l\u00edngua portuguesa. Quanto ao capital investido no neg\u00f3cio, deve ser separado do patrim\u00f4nio do empres\u00e1rio e dever\u00e1 ser expresso no ato do registro.<\/span><\/p>\n<p><span style=\"font-weight: 400;\">Caso tenha d\u00favida, procure um profissional de contabilidade especializado em abertura de empresas e na sua \u00e1rea profissional. A <a href=\"https:\/\/www.contabilizei.com.br\/\" target=\"_blank\" rel=\"noopener\">Contabilizei<\/a>, l\u00edder em aberturas de CNPJ no Brasil, com mais de 100 mil clientes, pode dar a orienta\u00e7\u00e3o correta para que todo empreendedor possa abrir o seu neg\u00f3cio com tranquilidade, confian\u00e7a e seguran\u00e7a.<\/span><\/p>\n<p>&nbsp;<\/p>\n<p><b>Continue com a gente e saiba mais:<\/b><\/p>\n<p><a href=\"https:\/\/www.contabilizei.com.br\/contabilidade-online\/nire\/\" target=\"_blank\" rel=\"noopener\"><span style=\"font-weight: 400;\">https:\/\/www.contabilizei.com.br\/contabilidade-online\/nire\/<\/span><\/a><\/p>\n<p><a href=\"https:\/\/www.contabilizei.com.br\/contabilidade-online\/certidao-conjunta-de-debitos-de-tributos-mobiliarios\/\" target=\"_blank\" rel=\"noopener\"><span style=\"font-weight: 400;\">https:\/\/www.contabilizei.com.br\/contabilidade-online\/certidao-conjunta-de-debitos-de-tributos-mobiliarios\/<\/span><\/a><\/p>\n<p><a href=\"https:\/\/www.contabilizei.com.br\/contabilidade-online\/escritorio-da-empresa\/\" target=\"_blank\" rel=\"noopener\"><span style=\"font-weight: 400;\">https:\/\/www.contabilizei.com.br\/contabilidade-online\/escritorio-da-empresa\/<\/span><\/a><\/p>\n<p><a href=\"https:\/\/www.contabilizei.com.br\/contabilidade-online\/como-abrir-empresa\/\" target=\"_blank\" rel=\"noopener\"><span style=\"font-weight: 400;\">https:\/\/www.contabilizei.com.br\/contabilidade-online\/como-abrir-empre<\/span><span style=\"font-weight: 400;\">sa\/<\/span><\/a><\/p>\n<p><a href=\"https:\/\/www.contabilizei.com.br\/calculadora-de-custo-para-tirar-cnpj\/\" target=\"_blank\" rel=\"noopener\"><span style=\"font-weight: 400;\">https:\/\/www.contabilizei.com.br\/calculadora-de-custo-para-tirar-c<\/span><\/a><span style=\"font-weight: 400;\">npj\/<\/span><\/p>\n<p>&nbsp;<\/p>\n","protected":false},"excerpt":{"rendered":"<p>Sim, o Empres\u00e1rio, em qualquer tipo de empresa, exceto o MEI (Microempreendedor Individual) precisa ter registro na Junta Comercial para operar. Considera-se empres\u00e1rio quem exerce profissionalmente atividade econ\u00f4mica organizada para a produ\u00e7\u00e3o ou a circula\u00e7\u00e3o de bens ou de servi\u00e7os.\u00a0 \u00c9 obrigat\u00f3ria a inscri\u00e7\u00e3o na Junta Comercial (Registro P\u00fablico de Empresas Mercantis) da respectiva sede, [&hellip;]<\/p>\n","protected":false},"parent":0,"menu_order":0,"template":"","category-questions":[29],"class_list":["post-447","perguntas","type-perguntas","status-publish","hentry","category_questions-abertura-de-empresa"],"acf":{"contador":{"ID":1735,"post_author":"22","post_date":"2025-03-31 13:18:42","post_date_gmt":"2025-03-31 16:18:42","post_content":"","post_title":"Eduarda Cristina de Souza","post_excerpt":"","post_status":"publish","comment_status":"closed","ping_status":"closed","post_password":"","post_name":"eduarda-cristina-de-souza","to_ping":"","pinged":"","post_modified":"2025-07-16 17:01:33","post_modified_gmt":"2025-07-16 20:01:33","post_content_filtered":"","post_parent":0,"guid":"https:\/\/www.contabilizei.com.br\/contabilizei-responde\/?post_type=contador&#038;p=1735","menu_order":0,"post_type":"contador","post_mime_type":"","comment_count":"0","filter":"raw"}},"yoast_head":"<!-- This site is optimized with the Yoast SEO plugin v27.5 - https:\/\/yoast.com\/product\/yoast-seo-wordpress\/ -->\n<title>O empres\u00e1rio deve efetuar o registro na junta comercial?<\/title>\n<meta name=\"description\" content=\"Saiba se \u00e9 o empres\u00e1rio quem deve efetuar o registro na junta comercial, se todos os tipos de empresa s\u00e3o obrigados a ter esse registro e mais.\" \/>\n<meta name=\"robots\" content=\"index, follow, max-snippet:-1, max-image-preview:large, max-video-preview:-1\" \/>\n<link rel=\"canonical\" href=\"https:\/\/www.contabilizei.com.br\/contabilizei-responde\/o-empresario-deve-efetuar-o-registro-na-junta-comercial\/\" \/>\n<meta property=\"og:locale\" content=\"pt_BR\" \/>\n<meta property=\"og:type\" content=\"article\" \/>\n<meta property=\"og:title\" content=\"O empres\u00e1rio deve efetuar o registro na junta comercial?\" \/>\n<meta property=\"og:description\" content=\"Saiba se \u00e9 o empres\u00e1rio quem deve efetuar o registro na junta comercial, se todos os tipos de empresa s\u00e3o obrigados a ter esse registro e mais.\" \/>\n<meta property=\"og:url\" content=\"https:\/\/www.contabilizei.com.br\/contabilizei-responde\/o-empresario-deve-efetuar-o-registro-na-junta-comercial\/\" \/>\n<meta property=\"og:site_name\" content=\"Contador Responde\" \/>\n<meta property=\"article:modified_time\" content=\"2025-07-14T13:13:28+00:00\" \/>\n<meta name=\"twitter:card\" content=\"summary_large_image\" \/>\n<meta name=\"twitter:label1\" content=\"Est. tempo de leitura\" \/>\n\t<meta name=\"twitter:data1\" content=\"2 minutos\" \/>\n<!-- \/ Yoast SEO plugin. -->","yoast_head_json":{"title":"O empres\u00e1rio deve efetuar o registro na junta comercial?","description":"Saiba se \u00e9 o empres\u00e1rio quem deve efetuar o registro na junta comercial, se todos os tipos de empresa s\u00e3o obrigados a ter esse registro e mais.","robots":{"index":"index","follow":"follow","max-snippet":"max-snippet:-1","max-image-preview":"max-image-preview:large","max-video-preview":"max-video-preview:-1"},"canonical":"https:\/\/www.contabilizei.com.br\/contabilizei-responde\/o-empresario-deve-efetuar-o-registro-na-junta-comercial\/","og_locale":"pt_BR","og_type":"article","og_title":"O empres\u00e1rio deve efetuar o registro na junta comercial?","og_description":"Saiba se \u00e9 o empres\u00e1rio quem deve efetuar o registro na junta comercial, se todos os tipos de empresa s\u00e3o obrigados a ter esse registro e mais.","og_url":"https:\/\/www.contabilizei.com.br\/contabilizei-responde\/o-empresario-deve-efetuar-o-registro-na-junta-comercial\/","og_site_name":"Contador Responde","article_modified_time":"2025-07-14T13:13:28+00:00","twitter_card":"summary_large_image","twitter_misc":{"Est. tempo de leitura":"2 minutos"},"schema":{"@context":"https:\/\/schema.org","@graph":[{"@type":"WebPage","@id":"https:\/\/www.contabilizei.com.br\/contabilizei-responde\/o-empresario-deve-efetuar-o-registro-na-junta-comercial\/","url":"https:\/\/www.contabilizei.com.br\/contabilizei-responde\/o-empresario-deve-efetuar-o-registro-na-junta-comercial\/","name":"O empres\u00e1rio deve efetuar o registro na junta comercial?","isPartOf":{"@id":"https:\/\/www.contabilizei.com.br\/contabilizei-responde\/#website"},"datePublished":"2022-11-23T13:24:09+00:00","dateModified":"2025-07-14T13:13:28+00:00","description":"Saiba se \u00e9 o empres\u00e1rio quem deve efetuar o registro na junta comercial, se todos os tipos de empresa s\u00e3o obrigados a ter esse registro e mais.","breadcrumb":{"@id":"https:\/\/www.contabilizei.com.br\/contabilizei-responde\/o-empresario-deve-efetuar-o-registro-na-junta-comercial\/#breadcrumb"},"inLanguage":"pt-BR","potentialAction":[{"@type":"ReadAction","target":["https:\/\/www.contabilizei.com.br\/contabilizei-responde\/o-empresario-deve-efetuar-o-registro-na-junta-comercial\/"]}]},{"@type":"BreadcrumbList","@id":"https:\/\/www.contabilizei.com.br\/contabilizei-responde\/o-empresario-deve-efetuar-o-registro-na-junta-comercial\/#breadcrumb","itemListElement":[{"@type":"ListItem","position":1,"name":"Home","item":"https:\/\/www.contabilizei.com.br\/contabilizei-responde\/"},{"@type":"ListItem","position":2,"name":"Perguntas","item":"https:\/\/www.contabilizei.com.br\/contabilizei-responde\/perguntas\/"},{"@type":"ListItem","position":3,"name":"O empres\u00e1rio deve efetuar o registro na junta comercial?"}]},{"@type":"WebSite","@id":"https:\/\/www.contabilizei.com.br\/contabilizei-responde\/#website","url":"https:\/\/www.contabilizei.com.br\/contabilizei-responde\/","name":"Contador Responde","description":"","potentialAction":[{"@type":"SearchAction","target":{"@type":"EntryPoint","urlTemplate":"https:\/\/www.contabilizei.com.br\/contabilizei-responde\/?s={search_term_string}"},"query-input":{"@type":"PropertyValueSpecification","valueRequired":true,"valueName":"search_term_string"}}],"inLanguage":"pt-BR"}]}},"_links":{"self":[{"href":"https:\/\/www.contabilizei.com.br\/contabilizei-responde\/api\/wp\/v2\/questions\/447","targetHints":{"allow":["GET"]}}],"collection":[{"href":"https:\/\/www.contabilizei.com.br\/contabilizei-responde\/api\/wp\/v2\/questions"}],"about":[{"href":"https:\/\/www.contabilizei.com.br\/contabilizei-responde\/api\/wp\/v2\/types\/perguntas"}],"acf:post":[{"embeddable":true,"href":"https:\/\/www.contabilizei.com.br\/contabilizei-responde\/api\/wp\/v2\/contador\/1735"}],"wp:attachment":[{"href":"https:\/\/www.contabilizei.com.br\/contabilizei-responde\/api\/wp\/v2\/media?parent=447"}],"wp:term":[{"taxonomy":"category_questions","embeddable":true,"href":"https:\/\/www.contabilizei.com.br\/contabilizei-responde\/api\/wp\/v2\/category-questions?post=447"}],"curies":[{"name":"wp","href":"https:\/\/api.w.org\/{rel}","templated":true}]}}

O empresário deve efetuar o registro na junta comercial?

<p><b>Sim, o Empresário, em qualquer tipo de empresa, exceto o MEI (Microempreendedor Individual) precisa ter registro na Junta Comercial para operar. </b><span style="font-weight: 400;">Considera-se empresário quem exerce profissionalmente atividade econômica organizada para a produção ou a circulação de bens ou de serviços. </span></p>
<p><b>É obrigatória a inscrição na Junta Comercial (Registro Público de Empresas Mercantis) da respectiva sede, antes do início de sua atividade.</b><span style="font-weight: 400;"> A inscrição se faz mediante o requerimento de inscrição de Empresário Individual que contenha o seu nome, nacionalidade, domicílio, estado civil e, se casado, o regime de bens; a firma, com a respectiva assinatura autógrafa; o capital e o objeto e a sede da empresa.</span></p>
<p><b>Para o registro na Junta Comercial é obrigatório indicar o nome completo ou abreviado do requerente a empresário</b><span style="font-weight: 400;">. Caso haja nome igual ao registrado, o empresário deverá incluir ao nome escolhido designação mais precisa de sua pessoa ou gênero de negócio, que deve constar do objeto.</span></p>
<p><span style="font-weight: 400;">Ressaltamos que não podem ser inseridos termos estrangeiros na descrição do objeto, exceto quando não houver termo correspondente em português ou quando já estiver incorporado à língua portuguesa. Quanto ao capital investido no negócio, deve ser separado do patrimônio do empresário e deverá ser expresso no ato do registro.</span></p>
<p><span style="font-weight: 400;">Caso tenha dúvida, procure um profissional de contabilidade especializado em abertura de empresas e na sua área profissional. A <a href="https://www.contabilizei.com.br/" target="_blank" rel="noopener">Contabilizei</a>, líder em aberturas de CNPJ no Brasil, com mais de 100 mil clientes, pode dar a orientação correta para que todo empreendedor possa abrir o seu negócio com tranquilidade, confiança e segurança.</span></p>
<p>&nbsp;</p>
<p><b>Continue com a gente e saiba mais:</b></p>
<p><a href="https://www.contabilizei.com.br/contabilidade-online/nire/" target="_blank" rel="noopener"><span style="font-weight: 400;">https://www.contabilizei.com.br/contabilidade-online/nire/</span></a></p>
<p><a href="https://www.contabilizei.com.br/contabilidade-online/certidao-conjunta-de-debitos-de-tributos-mobiliarios/" target="_blank" rel="noopener"><span style="font-weight: 400;">https://www.contabilizei.com.br/contabilidade-online/certidao-conjunta-de-debitos-de-tributos-mobiliarios/</span></a></p>
<p><a href="https://www.contabilizei.com.br/contabilidade-online/escritorio-da-empresa/" target="_blank" rel="noopener"><span style="font-weight: 400;">https://www.contabilizei.com.br/contabilidade-online/escritorio-da-empresa/</span></a></p>
<p><a href="https://www.contabilizei.com.br/contabilidade-online/como-abrir-empresa/" target="_blank" rel="noopener"><span style="font-weight: 400;">https://www.contabilizei.com.br/contabilidade-online/como-abrir-empre</span><span style="font-weight: 400;">sa/</span></a></p>
<p><a href="https://www.contabilizei.com.br/calculadora-de-custo-para-tirar-cnpj/" target="_blank" rel="noopener"><span style="font-weight: 400;">https://www.contabilizei.com.br/calculadora-de-custo-para-tirar-c</span></a><span style="font-weight: 400;">npj/</span></p>
<p>&nbsp;</p>

<p>Sim, o Empresário, em qualquer tipo de empresa, exceto o MEI (Microempreendedor Individual) precisa ter registro na Junta Comercial para operar. Considera-se empresário quem exerce profissionalmente atividade econômica organizada para a produção ou a circulação de bens ou de serviços.  É obrigatória a inscrição na Junta Comercial (Registro Público de Empresas Mercantis) da respectiva sede, [&hellip;]</p>

<!-- This site is optimized with the Yoast SEO plugin v27.5 - https://yoast.com/product/yoast-seo-wordpress/ -->
<title>O empresário deve efetuar o registro na junta comercial?</title>
<meta name="description" content="Saiba se é o empresário quem deve efetuar o registro na junta comercial, se todos os tipos de empresa são obrigados a ter esse registro e mais." />
<meta name="robots" content="index, follow, max-snippet:-1, max-image-preview:large, max-video-preview:-1" />
<link rel="canonical" href="https://www.contabilizei.com.br/contabilizei-responde/o-empresario-deve-efetuar-o-registro-na-junta-comercial/" />
<meta property="og:locale" content="pt_BR" />
<meta property="og:type" content="article" />
<meta property="og:title" content="O empresário deve efetuar o registro na junta comercial?" />
<meta property="og:description" content="Saiba se é o empresário quem deve efetuar o registro na junta comercial, se todos os tipos de empresa são obrigados a ter esse registro e mais." />
<meta property="og:url" content="https://www.contabilizei.com.br/contabilizei-responde/o-empresario-deve-efetuar-o-registro-na-junta-comercial/" />
<meta property="og:site_name" content="Contador Responde" />
<meta property="article:modified_time" content="2025-07-14T13:13:28+00:00" />
<meta name="twitter:card" content="summary_large_image" />
<meta name="twitter:label1" content="Est. tempo de leitura" />
	<meta name="twitter:data1" content="2 minutos" />
<!-- / Yoast SEO plugin. -->

Saiba se é o empresário quem deve efetuar o registro na junta comercial, se todos os tipos de empresa são obrigados a ter esse registro e mais.
