{"id":408,"date":"2022-10-14T09:07:03","date_gmt":"2022-10-14T12:07:03","guid":{"rendered":"https:\/\/site-static-prd1.ctbz.com.br\/contabilizei-responde\/?post_type=perguntas&#038;p=408"},"modified":"2024-05-06T11:28:26","modified_gmt":"2024-05-06T14:28:26","slug":"empreendedor-individual-pode-ter-nome-fantasia","status":"publish","type":"perguntas","link":"https:\/\/www.contabilizei.com.br\/contabilizei-responde\/empreendedor-individual-pode-ter-nome-fantasia\/","title":{"rendered":"Empreendedor individual pode ter nome fantasia?"},"content":{"rendered":"<p><b>Sim, o MEI (Microempreendedor Individual) pode usar Nome Fantasia, j\u00e1 que a Raz\u00e3o Social (nome empresarial) possui muitas limita\u00e7\u00f5es pelo seu formato.<\/b><span style=\"font-weight: 400;\"> Tamb\u00e9m \u00e9 importante manter o nome fantasia (nome comercial) porque ele ir\u00e1 diferenciar voc\u00ea no mercado.<\/span><\/p>\n<p><span style=\"font-weight: 400;\">O Nome Fantasia MEI nada mais \u00e9 do que o nome comercial que voc\u00ea utilizar\u00e1 para a sua empresa, ele \u00e9 diferente do nome empresarial, que no caso do MEI \u00e9 o seu pr\u00f3prio nome completo seguido do CPF. O nome fantasia MEI \u00e9 um dos itens que voc\u00ea precisar\u00e1 fornecer no momento de abertura e registro da sua empresa e ser\u00e1 muito importante para os seus neg\u00f3cios.<\/span><\/p>\n<p><span style=\"font-weight: 400;\">E neste caso a criatividade \u00e9 fundamental. Pense com carinho em um nome para o seu neg\u00f3cio e <\/span><b>siga algumas dicas importantes:<\/b><span style=\"font-weight: 400;\">\u00a0<\/span><\/p>\n<ol>\n<li style=\"font-weight: 400;\" aria-level=\"1\"><span style=\"font-weight: 400;\">Pense em um nome que permita ampliar o seu neg\u00f3cio<\/span><\/li>\n<li style=\"font-weight: 400;\" aria-level=\"1\"><span style=\"font-weight: 400;\">Busque uma hist\u00f3ria para contar atrav\u00e9s do seu nome<\/span><\/li>\n<li style=\"font-weight: 400;\" aria-level=\"1\"><span style=\"font-weight: 400;\">Nomes curtos facilitam o entendimento e memoriza\u00e7\u00e3o do consumidor<\/span><\/li>\n<li style=\"font-weight: 400;\" aria-level=\"1\"><span style=\"font-weight: 400;\">Em tempos de marketing digital, n\u00e3o deixe de verificar o dom\u00ednio e os registros no seu estado<\/span><\/li>\n<li style=\"font-weight: 400;\" aria-level=\"1\"><span style=\"font-weight: 400;\">Tenha uma lista com ideias de nome e pesquise com amigos, familiares, poss\u00edveis clientes<\/span><\/li>\n<\/ol>\n<p><b>O Nome Fantasia n\u00e3o precisa cumprir nenhum requisito. <\/b><span style=\"font-weight: 400;\">Pode ser uma palavra \u00fanica que nunca existiu, um nome informativo que permitir\u00e1 que as pessoas saibam o que a sua empresa faz ou apenas um nome significativo para voc\u00ea.<\/span><\/p>\n<p>&nbsp;<\/p>\n<p><b>Continue com a gente e saiba mais:<\/b><\/p>\n<p><a href=\"https:\/\/www.contabilizei.com.br\/contabilidade-online\/perfis-de-empreendedor\/\" target=\"_blank\" rel=\"noopener\"><span style=\"font-weight: 400;\">https:\/\/www.contabilizei.com.br\/contabilidade-online\/perfis-de-empreendedor\/<\/span><\/a><\/p>\n<p><a href=\"https:\/\/www.contabilizei.com.br\/contabilidade-online\/empreendedorismo-digital\/\" target=\"_blank\" rel=\"noopener\"><span style=\"font-weight: 400;\">https:\/\/www.contabilizei.com.br\/contabilidade-online\/empreendedorismo-digital\/<\/span><\/a><\/p>\n<p><a href=\"https:\/\/www.contabilizei.com.br\/contabilidade-online\/riscos-calculados\/\" target=\"_blank\" rel=\"noopener\"><span style=\"font-weight: 400;\">https:\/\/www.contabilizei.com.br\/contabilidade-online\/riscos-calculados\/<\/span><\/a><\/p>\n<p><a href=\"https:\/\/www.contabilizei.com.br\/contabilidade-online\/nome-fantasia\/\" target=\"_blank\" rel=\"noopener\"><span style=\"font-weight: 400;\">https:\/\/www.contabilizei.com.br\/contabilidade-online\/nome-fantasia\/<\/span><\/a><\/p>\n<p><a href=\"https:\/\/www.contabilizei.com.br\/contabilidade-online\/o-que-e-a-razao-social-da-empresa-e-para-que-ela-serve\/\" target=\"_blank\" rel=\"noopener\"><span style=\"font-weight: 400;\">https:\/\/www.contabilizei.com.br\/contabilidade-online\/o-que-e-a-razao-social-da-empresa-e-para-que-ela-serve\/<\/span><\/a><\/p>\n","protected":false},"excerpt":{"rendered":"<p>Sim, o MEI (Microempreendedor Individual) pode usar Nome Fantasia, j\u00e1 que a Raz\u00e3o Social (nome empresarial) possui muitas limita\u00e7\u00f5es pelo seu formato. Tamb\u00e9m \u00e9 importante manter o nome fantasia (nome comercial) porque ele ir\u00e1 diferenciar voc\u00ea no mercado. O Nome Fantasia MEI nada mais \u00e9 do que o nome comercial que voc\u00ea utilizar\u00e1 para a [&hellip;]<\/p>\n","protected":false},"parent":0,"menu_order":0,"template":"","category-questions":[25],"class_list":["post-408","perguntas","type-perguntas","status-publish","hentry","category_questions-mei"],"acf":{"contador":{"ID":1735,"post_author":"22","post_date":"2025-03-31 13:18:42","post_date_gmt":"2025-03-31 16:18:42","post_content":"","post_title":"Eduarda Cristina de Souza","post_excerpt":"","post_status":"publish","comment_status":"closed","ping_status":"closed","post_password":"","post_name":"eduarda-cristina-de-souza","to_ping":"","pinged":"","post_modified":"2025-07-16 17:01:33","post_modified_gmt":"2025-07-16 20:01:33","post_content_filtered":"","post_parent":0,"guid":"https:\/\/www.contabilizei.com.br\/contabilizei-responde\/?post_type=contador&#038;p=1735","menu_order":0,"post_type":"contador","post_mime_type":"","comment_count":"0","filter":"raw"}},"yoast_head":"<!-- This site is optimized with the Yoast SEO plugin v27.5 - https:\/\/yoast.com\/product\/yoast-seo-wordpress\/ -->\n<title>Empreendedor individual pode ter nome fantasia?<\/title>\n<meta name=\"description\" content=\"Veja se empreendedor individual pode ter nome fantasia, como escolher o seu e qual a diferen\u00e7a de nome fantasia e raz\u00e3o social.\" \/>\n<meta name=\"robots\" content=\"index, follow, max-snippet:-1, max-image-preview:large, max-video-preview:-1\" \/>\n<link rel=\"canonical\" href=\"https:\/\/www.contabilizei.com.br\/contabilizei-responde\/empreendedor-individual-pode-ter-nome-fantasia\/\" \/>\n<meta property=\"og:locale\" content=\"pt_BR\" \/>\n<meta property=\"og:type\" content=\"article\" \/>\n<meta property=\"og:title\" content=\"Empreendedor individual pode ter nome fantasia?\" \/>\n<meta property=\"og:description\" content=\"Veja se empreendedor individual pode ter nome fantasia, como escolher o seu e qual a diferen\u00e7a de nome fantasia e raz\u00e3o social.\" \/>\n<meta property=\"og:url\" content=\"https:\/\/www.contabilizei.com.br\/contabilizei-responde\/empreendedor-individual-pode-ter-nome-fantasia\/\" \/>\n<meta property=\"og:site_name\" content=\"Contador Responde\" \/>\n<meta property=\"article:modified_time\" content=\"2024-05-06T14:28:26+00:00\" \/>\n<meta name=\"twitter:card\" content=\"summary_large_image\" \/>\n<meta name=\"twitter:label1\" content=\"Est. tempo de leitura\" \/>\n\t<meta name=\"twitter:data1\" content=\"2 minutos\" \/>\n<!-- \/ Yoast SEO plugin. -->","yoast_head_json":{"title":"Empreendedor individual pode ter nome fantasia?","description":"Veja se empreendedor individual pode ter nome fantasia, como escolher o seu e qual a diferen\u00e7a de nome fantasia e raz\u00e3o social.","robots":{"index":"index","follow":"follow","max-snippet":"max-snippet:-1","max-image-preview":"max-image-preview:large","max-video-preview":"max-video-preview:-1"},"canonical":"https:\/\/www.contabilizei.com.br\/contabilizei-responde\/empreendedor-individual-pode-ter-nome-fantasia\/","og_locale":"pt_BR","og_type":"article","og_title":"Empreendedor individual pode ter nome fantasia?","og_description":"Veja se empreendedor individual pode ter nome fantasia, como escolher o seu e qual a diferen\u00e7a de nome fantasia e raz\u00e3o social.","og_url":"https:\/\/www.contabilizei.com.br\/contabilizei-responde\/empreendedor-individual-pode-ter-nome-fantasia\/","og_site_name":"Contador Responde","article_modified_time":"2024-05-06T14:28:26+00:00","twitter_card":"summary_large_image","twitter_misc":{"Est. tempo de leitura":"2 minutos"},"schema":{"@context":"https:\/\/schema.org","@graph":[{"@type":"WebPage","@id":"https:\/\/www.contabilizei.com.br\/contabilizei-responde\/empreendedor-individual-pode-ter-nome-fantasia\/","url":"https:\/\/www.contabilizei.com.br\/contabilizei-responde\/empreendedor-individual-pode-ter-nome-fantasia\/","name":"Empreendedor individual pode ter nome fantasia?","isPartOf":{"@id":"https:\/\/www.contabilizei.com.br\/contabilizei-responde\/#website"},"datePublished":"2022-10-14T12:07:03+00:00","dateModified":"2024-05-06T14:28:26+00:00","description":"Veja se empreendedor individual pode ter nome fantasia, como escolher o seu e qual a diferen\u00e7a de nome fantasia e raz\u00e3o social.","breadcrumb":{"@id":"https:\/\/www.contabilizei.com.br\/contabilizei-responde\/empreendedor-individual-pode-ter-nome-fantasia\/#breadcrumb"},"inLanguage":"pt-BR","potentialAction":[{"@type":"ReadAction","target":["https:\/\/www.contabilizei.com.br\/contabilizei-responde\/empreendedor-individual-pode-ter-nome-fantasia\/"]}]},{"@type":"BreadcrumbList","@id":"https:\/\/www.contabilizei.com.br\/contabilizei-responde\/empreendedor-individual-pode-ter-nome-fantasia\/#breadcrumb","itemListElement":[{"@type":"ListItem","position":1,"name":"Home","item":"https:\/\/www.contabilizei.com.br\/contabilizei-responde\/"},{"@type":"ListItem","position":2,"name":"Perguntas","item":"https:\/\/www.contabilizei.com.br\/contabilizei-responde\/perguntas\/"},{"@type":"ListItem","position":3,"name":"Empreendedor individual pode ter nome fantasia?"}]},{"@type":"WebSite","@id":"https:\/\/www.contabilizei.com.br\/contabilizei-responde\/#website","url":"https:\/\/www.contabilizei.com.br\/contabilizei-responde\/","name":"Contador Responde","description":"","potentialAction":[{"@type":"SearchAction","target":{"@type":"EntryPoint","urlTemplate":"https:\/\/www.contabilizei.com.br\/contabilizei-responde\/?s={search_term_string}"},"query-input":{"@type":"PropertyValueSpecification","valueRequired":true,"valueName":"search_term_string"}}],"inLanguage":"pt-BR"}]}},"_links":{"self":[{"href":"https:\/\/www.contabilizei.com.br\/contabilizei-responde\/api\/wp\/v2\/questions\/408","targetHints":{"allow":["GET"]}}],"collection":[{"href":"https:\/\/www.contabilizei.com.br\/contabilizei-responde\/api\/wp\/v2\/questions"}],"about":[{"href":"https:\/\/www.contabilizei.com.br\/contabilizei-responde\/api\/wp\/v2\/types\/perguntas"}],"acf:post":[{"embeddable":true,"href":"https:\/\/www.contabilizei.com.br\/contabilizei-responde\/api\/wp\/v2\/contador\/1735"}],"wp:attachment":[{"href":"https:\/\/www.contabilizei.com.br\/contabilizei-responde\/api\/wp\/v2\/media?parent=408"}],"wp:term":[{"taxonomy":"category_questions","embeddable":true,"href":"https:\/\/www.contabilizei.com.br\/contabilizei-responde\/api\/wp\/v2\/category-questions?post=408"}],"curies":[{"name":"wp","href":"https:\/\/api.w.org\/{rel}","templated":true}]}}

<p><b>Sim, o MEI (Microempreendedor Individual) pode usar Nome Fantasia, já que a Razão Social (nome empresarial) possui muitas limitações pelo seu formato.</b><span style="font-weight: 400;"> Também é importante manter o nome fantasia (nome comercial) porque ele irá diferenciar você no mercado.</span></p>
<p><span style="font-weight: 400;">O Nome Fantasia MEI nada mais é do que o nome comercial que você utilizará para a sua empresa, ele é diferente do nome empresarial, que no caso do MEI é o seu próprio nome completo seguido do CPF. O nome fantasia MEI é um dos itens que você precisará fornecer no momento de abertura e registro da sua empresa e será muito importante para os seus negócios.</span></p>
<p><span style="font-weight: 400;">E neste caso a criatividade é fundamental. Pense com carinho em um nome para o seu negócio e </span><b>siga algumas dicas importantes:</b><span style="font-weight: 400;"> </span></p>
<ol>
<li style="font-weight: 400;" aria-level="1"><span style="font-weight: 400;">Pense em um nome que permita ampliar o seu negócio</span></li>
<li style="font-weight: 400;" aria-level="1"><span style="font-weight: 400;">Busque uma história para contar através do seu nome</span></li>
<li style="font-weight: 400;" aria-level="1"><span style="font-weight: 400;">Nomes curtos facilitam o entendimento e memorização do consumidor</span></li>
<li style="font-weight: 400;" aria-level="1"><span style="font-weight: 400;">Em tempos de marketing digital, não deixe de verificar o domínio e os registros no seu estado</span></li>
<li style="font-weight: 400;" aria-level="1"><span style="font-weight: 400;">Tenha uma lista com ideias de nome e pesquise com amigos, familiares, possíveis clientes</span></li>
</ol>
<p><b>O Nome Fantasia não precisa cumprir nenhum requisito. </b><span style="font-weight: 400;">Pode ser uma palavra única que nunca existiu, um nome informativo que permitirá que as pessoas saibam o que a sua empresa faz ou apenas um nome significativo para você.</span></p>
<p>&nbsp;</p>
<p><b>Continue com a gente e saiba mais:</b></p>
<p><a href="https://www.contabilizei.com.br/contabilidade-online/perfis-de-empreendedor/" target="_blank" rel="noopener"><span style="font-weight: 400;">https://www.contabilizei.com.br/contabilidade-online/perfis-de-empreendedor/</span></a></p>
<p><a href="https://www.contabilizei.com.br/contabilidade-online/empreendedorismo-digital/" target="_blank" rel="noopener"><span style="font-weight: 400;">https://www.contabilizei.com.br/contabilidade-online/empreendedorismo-digital/</span></a></p>
<p><a href="https://www.contabilizei.com.br/contabilidade-online/riscos-calculados/" target="_blank" rel="noopener"><span style="font-weight: 400;">https://www.contabilizei.com.br/contabilidade-online/riscos-calculados/</span></a></p>
<p><a href="https://www.contabilizei.com.br/contabilidade-online/nome-fantasia/" target="_blank" rel="noopener"><span style="font-weight: 400;">https://www.contabilizei.com.br/contabilidade-online/nome-fantasia/</span></a></p>
<p><a href="https://www.contabilizei.com.br/contabilidade-online/o-que-e-a-razao-social-da-empresa-e-para-que-ela-serve/" target="_blank" rel="noopener"><span style="font-weight: 400;">https://www.contabilizei.com.br/contabilidade-online/o-que-e-a-razao-social-da-empresa-e-para-que-ela-serve/</span></a></p>

<p>Sim, o MEI (Microempreendedor Individual) pode usar Nome Fantasia, já que a Razão Social (nome empresarial) possui muitas limitações pelo seu formato. Também é importante manter o nome fantasia (nome comercial) porque ele irá diferenciar você no mercado. O Nome Fantasia MEI nada mais é do que o nome comercial que você utilizará para a [&hellip;]</p>

<!-- This site is optimized with the Yoast SEO plugin v27.5 - https://yoast.com/product/yoast-seo-wordpress/ -->
<title>Empreendedor individual pode ter nome fantasia?</title>
<meta name="description" content="Veja se empreendedor individual pode ter nome fantasia, como escolher o seu e qual a diferença de nome fantasia e razão social." />
<meta name="robots" content="index, follow, max-snippet:-1, max-image-preview:large, max-video-preview:-1" />
<link rel="canonical" href="https://www.contabilizei.com.br/contabilizei-responde/empreendedor-individual-pode-ter-nome-fantasia/" />
<meta property="og:locale" content="pt_BR" />
<meta property="og:type" content="article" />
<meta property="og:title" content="Empreendedor individual pode ter nome fantasia?" />
<meta property="og:description" content="Veja se empreendedor individual pode ter nome fantasia, como escolher o seu e qual a diferença de nome fantasia e razão social." />
<meta property="og:url" content="https://www.contabilizei.com.br/contabilizei-responde/empreendedor-individual-pode-ter-nome-fantasia/" />
<meta property="og:site_name" content="Contador Responde" />
<meta property="article:modified_time" content="2024-05-06T14:28:26+00:00" />
<meta name="twitter:card" content="summary_large_image" />
<meta name="twitter:label1" content="Est. tempo de leitura" />
	<meta name="twitter:data1" content="2 minutos" />
<!-- / Yoast SEO plugin. -->

Veja se empreendedor individual pode ter nome fantasia, como escolher o seu e qual a diferença de nome fantasia e razão social.
