{"id":368,"date":"2022-08-25T15:27:24","date_gmt":"2022-08-25T18:27:24","guid":{"rendered":"https:\/\/site-static-prd1.ctbz.com.br\/contabilizei-responde\/?post_type=perguntas&#038;p=368"},"modified":"2025-01-24T17:07:45","modified_gmt":"2025-01-24T20:07:45","slug":"quem-tem-carteira-assinada-pode-abrir-uma-empresa","status":"publish","type":"perguntas","link":"https:\/\/www.contabilizei.com.br\/contabilizei-responde\/quem-tem-carteira-assinada-pode-abrir-uma-empresa\/","title":{"rendered":"Quem tem carteira assinada pode abrir uma empresa?"},"content":{"rendered":"<p><span style=\"font-weight: 400;\">De maneira geral,<\/span><b> n\u00e3o h\u00e1 nenhuma legisla\u00e7\u00e3o que pro\u00edba que um trabalhador registrado como CLT possua um CNPJ em seu nome<\/b><span style=\"font-weight: 400;\">. Contudo, o contrato de trabalho com cada empresa pode ser diferente e, nesses casos, \u00e9 preciso certificar as condi\u00e7\u00f5es espec\u00edficas de cada rela\u00e7\u00e3o de trabalho.<\/span><\/p>\n<p><span style=\"font-weight: 400;\">\u00c9 comum que o<\/span><b> contrato de trabalho CLT possua uma cl\u00e1usula que impede o contratado de abrir um neg\u00f3cio que concorra diretamente com a empresa na qual trabalha como CLT<\/b><span style=\"font-weight: 400;\">. Nesta condi\u00e7\u00e3o, abrir a pr\u00f3pria empresa ser\u00e1 considerado ilegal. Esse tipo de cl\u00e1usula costuma ser mais comum em algumas empresas, por causa, principalmente, de segredos comerciais e\/ou industriais.<\/span><\/p>\n<p><span style=\"font-weight: 400;\">Caso o empreendedor tenha ou pretenda ter um CNPJ para fins similares aos da empresa que ser\u00e1 registrado como CLT, \u00e9 recomend\u00e1vel, ler seu contrato de trabalho e se certificar de que ele permite a abertura da sua pr\u00f3pria empresa. Neste caso, tamb\u00e9m \u00e9 importante consultar um contador para entender as implica\u00e7\u00f5es legais da sobreposi\u00e7\u00e3o de atividades CLT e CNPJ.<\/span><\/p>\n<p><span style=\"font-weight: 400;\">Agora, vale se atentar para exercer a dupla atua\u00e7\u00e3o quanto ao\u00a0 hor\u00e1rio das suas atividades no outro neg\u00f3cio, para que eles n\u00e3o coincidam com o do seu trabalho. Esta situa\u00e7\u00e3o exige planejamento e respeito ao acordado com o empregador CLT.<\/span><\/p>\n<p><span style=\"font-weight: 400;\">Outro ponto importante \u00e9 que ao assumir a dupla fun\u00e7\u00e3o &#8211; CLT e PJ &#8211; ao ser desligado pelo empregador, o contratado n\u00e3o ter\u00e1 direito ao Seguro Desemprego, j\u00e1 que possui outra fonte de renda ativa ou n\u00e3o.<\/span><\/p>\n<p>&nbsp;<\/p>\n<p><b>Continue com a gente e saiba mais:<\/b><\/p>\n<p><a href=\"https:\/\/www.contabilizei.com.br\/contabilidade-online\/vinculo-empregaticio\/\" target=\"_blank\" rel=\"noopener\"><span style=\"font-weight: 400;\">https:\/\/www.contabilizei.com.br\/contabilidade-online\/vinculo-empregaticio\/<\/span><\/a><\/p>\n<p><a href=\"https:\/\/www.contabilizei.com.br\/contabilidade-online\/como-transformar-salario-clt-em-pj\/\" target=\"_blank\" rel=\"noopener\"><span style=\"font-weight: 400;\">https:\/\/www.contabilizei.com.br\/contabilidade-online\/como-transformar-salario-clt-em-pj\/<\/span><\/a><\/p>\n<p><a href=\"https:\/\/www.contabilizei.com.br\/contabilidade-online\/contratacao-pj\/\" target=\"_blank\" rel=\"noopener\"><span style=\"font-weight: 400;\">https:\/\/www.contabilizei.com.br\/contabilidade-online\/contratacao-pj\/<\/span><\/a><\/p>\n<p><a href=\"https:\/\/www.contabilizei.com.br\/contabilidade-online\/gfip-beneficios\/\" target=\"_blank\" rel=\"noopener\"><span style=\"font-weight: 400;\">https:\/\/www.contabilizei.com.br\/contabilidade-online\/gfip-beneficios\/<\/span><\/a><\/p>\n<p><a href=\"https:\/\/www.contabilizei.com.br\/contabilidade-online\/como-pagar-o-inss-por-conta-propria\/\" target=\"_blank\" rel=\"noopener\"><span style=\"font-weight: 400;\">https:\/\/www.contabilizei.com.br\/contabilidade-online\/como-pagar-o-inss-por-conta-propria\/<\/span><\/a><\/p>\n","protected":false},"excerpt":{"rendered":"<p>De maneira geral, n\u00e3o h\u00e1 nenhuma legisla\u00e7\u00e3o que pro\u00edba que um trabalhador registrado como CLT possua um CNPJ em seu nome. Contudo, o contrato de trabalho com cada empresa pode ser diferente e, nesses casos, \u00e9 preciso certificar as condi\u00e7\u00f5es espec\u00edficas de cada rela\u00e7\u00e3o de trabalho. \u00c9 comum que o contrato de trabalho CLT possua [&hellip;]<\/p>\n","protected":false},"parent":0,"menu_order":0,"template":"","category-questions":[29],"class_list":["post-368","perguntas","type-perguntas","status-publish","hentry","category_questions-abertura-de-empresa"],"acf":{"contador":{"ID":301,"post_author":"8","post_date":"2022-06-15 16:14:23","post_date_gmt":"2022-06-15 19:14:23","post_content":"","post_title":"Nicoli Meira","post_excerpt":"","post_status":"publish","comment_status":"closed","ping_status":"closed","post_password":"","post_name":"nicoli-meira","to_ping":"","pinged":"","post_modified":"2023-03-07 16:50:32","post_modified_gmt":"2023-03-07 19:50:32","post_content_filtered":"","post_parent":0,"guid":"https:\/\/site-static-prd1.ctbz.com.br\/contabilizei-responde\/?post_type=contador&#038;p=301","menu_order":0,"post_type":"contador","post_mime_type":"","comment_count":"0","filter":"raw"}},"yoast_head":"<!-- This site is optimized with the Yoast SEO plugin v27.5 - https:\/\/yoast.com\/product\/yoast-seo-wordpress\/ -->\n<title>Quem tem carteira assinada pode abrir uma empresa?<\/title>\n<meta name=\"description\" content=\"Quem tem carteira assinada pode abrir uma empresa? Tire essa e outras d\u00favidas sobre abertura de empresa no Contabilizei Responde.\" \/>\n<meta name=\"robots\" content=\"index, follow, max-snippet:-1, max-image-preview:large, max-video-preview:-1\" \/>\n<link rel=\"canonical\" href=\"https:\/\/www.contabilizei.com.br\/contabilizei-responde\/quem-tem-carteira-assinada-pode-abrir-uma-empresa\/\" \/>\n<meta property=\"og:locale\" content=\"pt_BR\" \/>\n<meta property=\"og:type\" content=\"article\" \/>\n<meta property=\"og:title\" content=\"Quem tem carteira assinada pode abrir uma empresa?\" \/>\n<meta property=\"og:description\" content=\"Quem tem carteira assinada pode abrir uma empresa? Tire essa e outras d\u00favidas sobre abertura de empresa no Contabilizei Responde.\" \/>\n<meta property=\"og:url\" content=\"https:\/\/www.contabilizei.com.br\/contabilizei-responde\/quem-tem-carteira-assinada-pode-abrir-uma-empresa\/\" \/>\n<meta property=\"og:site_name\" content=\"Contador Responde\" \/>\n<meta property=\"article:modified_time\" content=\"2025-01-24T20:07:45+00:00\" \/>\n<meta name=\"twitter:card\" content=\"summary_large_image\" \/>\n<meta name=\"twitter:label1\" content=\"Est. tempo de leitura\" \/>\n\t<meta name=\"twitter:data1\" content=\"2 minutos\" \/>\n<!-- \/ Yoast SEO plugin. -->","yoast_head_json":{"title":"Quem tem carteira assinada pode abrir uma empresa?","description":"Quem tem carteira assinada pode abrir uma empresa? Tire essa e outras d\u00favidas sobre abertura de empresa no Contabilizei Responde.","robots":{"index":"index","follow":"follow","max-snippet":"max-snippet:-1","max-image-preview":"max-image-preview:large","max-video-preview":"max-video-preview:-1"},"canonical":"https:\/\/www.contabilizei.com.br\/contabilizei-responde\/quem-tem-carteira-assinada-pode-abrir-uma-empresa\/","og_locale":"pt_BR","og_type":"article","og_title":"Quem tem carteira assinada pode abrir uma empresa?","og_description":"Quem tem carteira assinada pode abrir uma empresa? Tire essa e outras d\u00favidas sobre abertura de empresa no Contabilizei Responde.","og_url":"https:\/\/www.contabilizei.com.br\/contabilizei-responde\/quem-tem-carteira-assinada-pode-abrir-uma-empresa\/","og_site_name":"Contador Responde","article_modified_time":"2025-01-24T20:07:45+00:00","twitter_card":"summary_large_image","twitter_misc":{"Est. tempo de leitura":"2 minutos"},"schema":{"@context":"https:\/\/schema.org","@graph":[{"@type":"WebPage","@id":"https:\/\/www.contabilizei.com.br\/contabilizei-responde\/quem-tem-carteira-assinada-pode-abrir-uma-empresa\/","url":"https:\/\/www.contabilizei.com.br\/contabilizei-responde\/quem-tem-carteira-assinada-pode-abrir-uma-empresa\/","name":"Quem tem carteira assinada pode abrir uma empresa?","isPartOf":{"@id":"https:\/\/www.contabilizei.com.br\/contabilizei-responde\/#website"},"datePublished":"2022-08-25T18:27:24+00:00","dateModified":"2025-01-24T20:07:45+00:00","description":"Quem tem carteira assinada pode abrir uma empresa? Tire essa e outras d\u00favidas sobre abertura de empresa no Contabilizei Responde.","breadcrumb":{"@id":"https:\/\/www.contabilizei.com.br\/contabilizei-responde\/quem-tem-carteira-assinada-pode-abrir-uma-empresa\/#breadcrumb"},"inLanguage":"pt-BR","potentialAction":[{"@type":"ReadAction","target":["https:\/\/www.contabilizei.com.br\/contabilizei-responde\/quem-tem-carteira-assinada-pode-abrir-uma-empresa\/"]}]},{"@type":"BreadcrumbList","@id":"https:\/\/www.contabilizei.com.br\/contabilizei-responde\/quem-tem-carteira-assinada-pode-abrir-uma-empresa\/#breadcrumb","itemListElement":[{"@type":"ListItem","position":1,"name":"Home","item":"https:\/\/www.contabilizei.com.br\/contabilizei-responde\/"},{"@type":"ListItem","position":2,"name":"Perguntas","item":"https:\/\/www.contabilizei.com.br\/contabilizei-responde\/perguntas\/"},{"@type":"ListItem","position":3,"name":"Quem tem carteira assinada pode abrir uma empresa?"}]},{"@type":"WebSite","@id":"https:\/\/www.contabilizei.com.br\/contabilizei-responde\/#website","url":"https:\/\/www.contabilizei.com.br\/contabilizei-responde\/","name":"Contador Responde","description":"","potentialAction":[{"@type":"SearchAction","target":{"@type":"EntryPoint","urlTemplate":"https:\/\/www.contabilizei.com.br\/contabilizei-responde\/?s={search_term_string}"},"query-input":{"@type":"PropertyValueSpecification","valueRequired":true,"valueName":"search_term_string"}}],"inLanguage":"pt-BR"}]}},"_links":{"self":[{"href":"https:\/\/www.contabilizei.com.br\/contabilizei-responde\/api\/wp\/v2\/questions\/368","targetHints":{"allow":["GET"]}}],"collection":[{"href":"https:\/\/www.contabilizei.com.br\/contabilizei-responde\/api\/wp\/v2\/questions"}],"about":[{"href":"https:\/\/www.contabilizei.com.br\/contabilizei-responde\/api\/wp\/v2\/types\/perguntas"}],"acf:post":[{"embeddable":true,"href":"https:\/\/www.contabilizei.com.br\/contabilizei-responde\/api\/wp\/v2\/contador\/301"}],"wp:attachment":[{"href":"https:\/\/www.contabilizei.com.br\/contabilizei-responde\/api\/wp\/v2\/media?parent=368"}],"wp:term":[{"taxonomy":"category_questions","embeddable":true,"href":"https:\/\/www.contabilizei.com.br\/contabilizei-responde\/api\/wp\/v2\/category-questions?post=368"}],"curies":[{"name":"wp","href":"https:\/\/api.w.org\/{rel}","templated":true}]}}

<p><span style="font-weight: 400;">De maneira geral,</span><b> não há nenhuma legislação que proíba que um trabalhador registrado como CLT possua um CNPJ em seu nome</b><span style="font-weight: 400;">. Contudo, o contrato de trabalho com cada empresa pode ser diferente e, nesses casos, é preciso certificar as condições específicas de cada relação de trabalho.</span></p>
<p><span style="font-weight: 400;">É comum que o</span><b> contrato de trabalho CLT possua uma cláusula que impede o contratado de abrir um negócio que concorra diretamente com a empresa na qual trabalha como CLT</b><span style="font-weight: 400;">. Nesta condição, abrir a própria empresa será considerado ilegal. Esse tipo de cláusula costuma ser mais comum em algumas empresas, por causa, principalmente, de segredos comerciais e/ou industriais.</span></p>
<p><span style="font-weight: 400;">Caso o empreendedor tenha ou pretenda ter um CNPJ para fins similares aos da empresa que será registrado como CLT, é recomendável, ler seu contrato de trabalho e se certificar de que ele permite a abertura da sua própria empresa. Neste caso, também é importante consultar um contador para entender as implicações legais da sobreposição de atividades CLT e CNPJ.</span></p>
<p><span style="font-weight: 400;">Agora, vale se atentar para exercer a dupla atuação quanto ao  horário das suas atividades no outro negócio, para que eles não coincidam com o do seu trabalho. Esta situação exige planejamento e respeito ao acordado com o empregador CLT.</span></p>
<p><span style="font-weight: 400;">Outro ponto importante é que ao assumir a dupla função &#8211; CLT e PJ &#8211; ao ser desligado pelo empregador, o contratado não terá direito ao Seguro Desemprego, já que possui outra fonte de renda ativa ou não.</span></p>
<p>&nbsp;</p>
<p><b>Continue com a gente e saiba mais:</b></p>
<p><a href="https://www.contabilizei.com.br/contabilidade-online/vinculo-empregaticio/" target="_blank" rel="noopener"><span style="font-weight: 400;">https://www.contabilizei.com.br/contabilidade-online/vinculo-empregaticio/</span></a></p>
<p><a href="https://www.contabilizei.com.br/contabilidade-online/como-transformar-salario-clt-em-pj/" target="_blank" rel="noopener"><span style="font-weight: 400;">https://www.contabilizei.com.br/contabilidade-online/como-transformar-salario-clt-em-pj/</span></a></p>
<p><a href="https://www.contabilizei.com.br/contabilidade-online/contratacao-pj/" target="_blank" rel="noopener"><span style="font-weight: 400;">https://www.contabilizei.com.br/contabilidade-online/contratacao-pj/</span></a></p>
<p><a href="https://www.contabilizei.com.br/contabilidade-online/gfip-beneficios/" target="_blank" rel="noopener"><span style="font-weight: 400;">https://www.contabilizei.com.br/contabilidade-online/gfip-beneficios/</span></a></p>
<p><a href="https://www.contabilizei.com.br/contabilidade-online/como-pagar-o-inss-por-conta-propria/" target="_blank" rel="noopener"><span style="font-weight: 400;">https://www.contabilizei.com.br/contabilidade-online/como-pagar-o-inss-por-conta-propria/</span></a></p>

<p>De maneira geral, não há nenhuma legislação que proíba que um trabalhador registrado como CLT possua um CNPJ em seu nome. Contudo, o contrato de trabalho com cada empresa pode ser diferente e, nesses casos, é preciso certificar as condições específicas de cada relação de trabalho. É comum que o contrato de trabalho CLT possua [&hellip;]</p>

<!-- This site is optimized with the Yoast SEO plugin v27.5 - https://yoast.com/product/yoast-seo-wordpress/ -->
<title>Quem tem carteira assinada pode abrir uma empresa?</title>
<meta name="description" content="Quem tem carteira assinada pode abrir uma empresa? Tire essa e outras dúvidas sobre abertura de empresa no Contabilizei Responde." />
<meta name="robots" content="index, follow, max-snippet:-1, max-image-preview:large, max-video-preview:-1" />
<link rel="canonical" href="https://www.contabilizei.com.br/contabilizei-responde/quem-tem-carteira-assinada-pode-abrir-uma-empresa/" />
<meta property="og:locale" content="pt_BR" />
<meta property="og:type" content="article" />
<meta property="og:title" content="Quem tem carteira assinada pode abrir uma empresa?" />
<meta property="og:description" content="Quem tem carteira assinada pode abrir uma empresa? Tire essa e outras dúvidas sobre abertura de empresa no Contabilizei Responde." />
<meta property="og:url" content="https://www.contabilizei.com.br/contabilizei-responde/quem-tem-carteira-assinada-pode-abrir-uma-empresa/" />
<meta property="og:site_name" content="Contador Responde" />
<meta property="article:modified_time" content="2025-01-24T20:07:45+00:00" />
<meta name="twitter:card" content="summary_large_image" />
<meta name="twitter:label1" content="Est. tempo de leitura" />
	<meta name="twitter:data1" content="2 minutos" />
<!-- / Yoast SEO plugin. -->

Quem tem carteira assinada pode abrir uma empresa? Tire essa e outras dúvidas sobre abertura de empresa no Contabilizei Responde.
