{"id":346,"date":"2022-06-28T17:47:15","date_gmt":"2022-06-28T20:47:15","guid":{"rendered":"https:\/\/site-static-prd1.ctbz.com.br\/contabilizei-responde\/?post_type=perguntas&#038;p=346"},"modified":"2023-03-20T10:28:13","modified_gmt":"2023-03-20T13:28:13","slug":"qual-a-porcentagem-de-contribuicao-do-inss-para-autonomo","status":"publish","type":"perguntas","link":"https:\/\/www.contabilizei.com.br\/contabilizei-responde\/qual-a-porcentagem-de-contribuicao-do-inss-para-autonomo\/","title":{"rendered":"Qual a porcentagem de contribui\u00e7\u00e3o do INSS para aut\u00f4nomo?"},"content":{"rendered":"<p><span style=\"font-weight: 400;\">Os profissionais aut\u00f4nomos contribuem com o INSS com percentuais que podem ser de 11% ou 20%. Para os contribuintes facultativos, sem nenhuma renda a contribui\u00e7\u00e3o \u00e9 de 5% do sal\u00e1rio m\u00ednimo.<\/span><\/p>\n<h2><b>1.Aut\u00f4nomos que prestam servi\u00e7os a pessoas f\u00edsicas<\/b><\/h2>\n<p><span style=\"font-weight: 400;\">Profissionais aut\u00f4nomos enquadrados nessa condi\u00e7\u00e3o, podem contribuir tanto com a al\u00edquota de 11%, como a de 20%. Nos dois casos est\u00e3o dependentes do sal\u00e1rio m\u00ednimo vigente, e na segunda tamb\u00e9m do teto atual da previd\u00eancia.<\/span><\/p>\n<ol>\n<li style=\"font-weight: 400;\" aria-level=\"1\"><span style=\"font-weight: 400;\">C\u00f3digos 1163 ou 1236 (Rural): contribui mensalmente com 11% sobre o sal\u00e1rio m\u00ednimo*\u00a0<\/span><\/li>\n<li style=\"font-weight: 400;\" aria-level=\"1\"><span style=\"font-weight: 400;\">C\u00f3digos 1007 ou 1287 (Rural): contribui mensalmente com\u00a0 20% sobre os rendimentos, n\u00e3o podendo ser inferior ao sal\u00e1rio m\u00ednimo*, nem superior ao teto** do INSS.<\/span><\/li>\n<\/ol>\n<p><span style=\"font-weight: 400;\">*Sal\u00e1rio m\u00ednimo 2023: R$ 1.302,00\u00a0<\/span><\/p>\n<p><span style=\"font-weight: 400;\">** Teto INSS 2023: R$ 7.507,49<\/span><\/p>\n<h2><b>2.Aut\u00f4nomos que prestam servi\u00e7os a pessoas jur\u00eddicas<\/b><\/h2>\n<p><span style=\"font-weight: 400;\">Os aut\u00f4nomos prestadores de servi\u00e7os para pessoas jur\u00eddicas contribuem aplicando 20% sobre o valor recebido. Por\u00e9m, como a empresa contratante j\u00e1 faz a reten\u00e7\u00e3o de 11% deste total, a contribui\u00e7\u00e3o \u00e9 calculada com uma dedu\u00e7\u00e3o de 45%.<\/span><\/p>\n<ol>\n<li style=\"font-weight: 400;\" aria-level=\"1\"><span style=\"font-weight: 400;\">C\u00f3digo 1120 ou 1805 (rural): contribui mensalmente com 20% sobre os rendimentos, n\u00e3o podendo ser inferior ao sal\u00e1rio m\u00ednimo*, nem superior ao teto** do INSS.\u00a0<\/span><\/li>\n<\/ol>\n<p><span style=\"font-weight: 400;\">*Sal\u00e1rio m\u00ednimo 2023: R$ 1.302,00\u00a0<\/span><\/p>\n<p><span style=\"font-weight: 400;\">** Teto INSS 2023: R$ 7.507,49<\/span><\/p>\n<h2><b>3.Contribuinte facultativo<\/b><\/h2>\n<p><span style=\"font-weight: 400;\">Categoria que abrange pessoas maiores de 16 anos que n\u00e3o exercem atividade remunerada, como estudantes, donas de casa e pessoas sem trabalho.<\/span><\/p>\n<p><span style=\"font-weight: 400;\">Um dos casos est\u00e1 relacionado ao contribuinte facultativo de baixa renda, com renda familiar inferior a dois sal\u00e1rios m\u00ednimos e inscrito no sistema Cad\u00danico. A contribui\u00e7\u00e3o \u00e9 feita na faixa dos 5% sobre o sal\u00e1rio m\u00ednimo vigente.<\/span><\/p>\n<ol>\n<li style=\"font-weight: 400;\" aria-level=\"1\"><span style=\"font-weight: 400;\">C\u00f3digo 1929 (baixa renda): contribui com 5% do sal\u00e1rio m\u00ednimo*<\/span><\/li>\n<li style=\"font-weight: 400;\" aria-level=\"1\"><span style=\"font-weight: 400;\">C\u00f3digo 1473: contribui na al\u00edquota de 11% do sal\u00e1rio m\u00ednimo*<\/span><\/li>\n<li style=\"font-weight: 400;\" aria-level=\"1\"><span style=\"font-weight: 400;\">C\u00f3digo 1406: contribui mensalmente com 20% sobre o sal\u00e1rio de contribui\u00e7\u00e3o desejado, n\u00e3o podendo ser inferior ao sal\u00e1rio m\u00ednimo*, nem superior ao teto** do INSS.\u00a0<\/span><\/li>\n<\/ol>\n<p><span style=\"font-weight: 400;\">*Sal\u00e1rio m\u00ednimo 2023: R$ 1.302,00\u00a0<\/span><\/p>\n<p><span style=\"font-weight: 400;\">** Teto INSS 2023: R$ 7.507,49<\/span><\/p>\n","protected":false},"excerpt":{"rendered":"<p>Os profissionais aut\u00f4nomos contribuem com o INSS com percentuais que podem ser de 11% ou 20%. Para os contribuintes facultativos, sem nenhuma renda a contribui\u00e7\u00e3o \u00e9 de 5% do sal\u00e1rio m\u00ednimo. 1.Aut\u00f4nomos que prestam servi\u00e7os a pessoas f\u00edsicas Profissionais aut\u00f4nomos enquadrados nessa condi\u00e7\u00e3o, podem contribuir tanto com a al\u00edquota de 11%, como a de 20%. [&hellip;]<\/p>\n","protected":false},"parent":0,"menu_order":0,"template":"","category-questions":[27],"class_list":["post-346","perguntas","type-perguntas","status-publish","hentry","category_questions-autonomo"],"acf":{"contador":{"ID":301,"post_author":"8","post_date":"2022-06-15 16:14:23","post_date_gmt":"2022-06-15 19:14:23","post_content":"","post_title":"Nicoli Meira","post_excerpt":"","post_status":"publish","comment_status":"closed","ping_status":"closed","post_password":"","post_name":"nicoli-meira","to_ping":"","pinged":"","post_modified":"2023-03-07 16:50:32","post_modified_gmt":"2023-03-07 19:50:32","post_content_filtered":"","post_parent":0,"guid":"https:\/\/site-static-prd1.ctbz.com.br\/contabilizei-responde\/?post_type=contador&#038;p=301","menu_order":0,"post_type":"contador","post_mime_type":"","comment_count":"0","filter":"raw"}},"yoast_head":"<!-- This site is optimized with the Yoast SEO plugin v27.5 - https:\/\/yoast.com\/product\/yoast-seo-wordpress\/ -->\n<title>Qual a porcentagem de contribui\u00e7\u00e3o do INSS para aut\u00f4nomo?<\/title>\n<meta name=\"description\" content=\"Confira qual a porcentagem de contribui\u00e7\u00e3o do INSS para Aut\u00f4nomo.\" \/>\n<meta name=\"robots\" content=\"index, follow, max-snippet:-1, max-image-preview:large, max-video-preview:-1\" \/>\n<link rel=\"canonical\" href=\"https:\/\/www.contabilizei.com.br\/contabilizei-responde\/qual-a-porcentagem-de-contribuicao-do-inss-para-autonomo\/\" \/>\n<meta property=\"og:locale\" content=\"pt_BR\" \/>\n<meta property=\"og:type\" content=\"article\" \/>\n<meta property=\"og:title\" content=\"Qual a porcentagem de contribui\u00e7\u00e3o do INSS para aut\u00f4nomo?\" \/>\n<meta property=\"og:description\" content=\"Confira qual a porcentagem de contribui\u00e7\u00e3o do INSS para Aut\u00f4nomo.\" \/>\n<meta property=\"og:url\" content=\"https:\/\/www.contabilizei.com.br\/contabilizei-responde\/qual-a-porcentagem-de-contribuicao-do-inss-para-autonomo\/\" \/>\n<meta property=\"og:site_name\" content=\"Contador Responde\" \/>\n<meta property=\"article:modified_time\" content=\"2023-03-20T13:28:13+00:00\" \/>\n<meta name=\"twitter:card\" content=\"summary_large_image\" \/>\n<meta name=\"twitter:label1\" content=\"Est. tempo de leitura\" \/>\n\t<meta name=\"twitter:data1\" content=\"2 minutos\" \/>\n<!-- \/ Yoast SEO plugin. -->","yoast_head_json":{"title":"Qual a porcentagem de contribui\u00e7\u00e3o do INSS para aut\u00f4nomo?","description":"Confira qual a porcentagem de contribui\u00e7\u00e3o do INSS para Aut\u00f4nomo.","robots":{"index":"index","follow":"follow","max-snippet":"max-snippet:-1","max-image-preview":"max-image-preview:large","max-video-preview":"max-video-preview:-1"},"canonical":"https:\/\/www.contabilizei.com.br\/contabilizei-responde\/qual-a-porcentagem-de-contribuicao-do-inss-para-autonomo\/","og_locale":"pt_BR","og_type":"article","og_title":"Qual a porcentagem de contribui\u00e7\u00e3o do INSS para aut\u00f4nomo?","og_description":"Confira qual a porcentagem de contribui\u00e7\u00e3o do INSS para Aut\u00f4nomo.","og_url":"https:\/\/www.contabilizei.com.br\/contabilizei-responde\/qual-a-porcentagem-de-contribuicao-do-inss-para-autonomo\/","og_site_name":"Contador Responde","article_modified_time":"2023-03-20T13:28:13+00:00","twitter_card":"summary_large_image","twitter_misc":{"Est. tempo de leitura":"2 minutos"},"schema":{"@context":"https:\/\/schema.org","@graph":[{"@type":"WebPage","@id":"https:\/\/www.contabilizei.com.br\/contabilizei-responde\/qual-a-porcentagem-de-contribuicao-do-inss-para-autonomo\/","url":"https:\/\/www.contabilizei.com.br\/contabilizei-responde\/qual-a-porcentagem-de-contribuicao-do-inss-para-autonomo\/","name":"Qual a porcentagem de contribui\u00e7\u00e3o do INSS para aut\u00f4nomo?","isPartOf":{"@id":"https:\/\/www.contabilizei.com.br\/contabilizei-responde\/#website"},"datePublished":"2022-06-28T20:47:15+00:00","dateModified":"2023-03-20T13:28:13+00:00","description":"Confira qual a porcentagem de contribui\u00e7\u00e3o do INSS para Aut\u00f4nomo.","breadcrumb":{"@id":"https:\/\/www.contabilizei.com.br\/contabilizei-responde\/qual-a-porcentagem-de-contribuicao-do-inss-para-autonomo\/#breadcrumb"},"inLanguage":"pt-BR","potentialAction":[{"@type":"ReadAction","target":["https:\/\/www.contabilizei.com.br\/contabilizei-responde\/qual-a-porcentagem-de-contribuicao-do-inss-para-autonomo\/"]}]},{"@type":"BreadcrumbList","@id":"https:\/\/www.contabilizei.com.br\/contabilizei-responde\/qual-a-porcentagem-de-contribuicao-do-inss-para-autonomo\/#breadcrumb","itemListElement":[{"@type":"ListItem","position":1,"name":"Home","item":"https:\/\/www.contabilizei.com.br\/contabilizei-responde\/"},{"@type":"ListItem","position":2,"name":"Perguntas","item":"https:\/\/www.contabilizei.com.br\/contabilizei-responde\/perguntas\/"},{"@type":"ListItem","position":3,"name":"Qual a porcentagem de contribui\u00e7\u00e3o do INSS para aut\u00f4nomo?"}]},{"@type":"WebSite","@id":"https:\/\/www.contabilizei.com.br\/contabilizei-responde\/#website","url":"https:\/\/www.contabilizei.com.br\/contabilizei-responde\/","name":"Contador Responde","description":"","potentialAction":[{"@type":"SearchAction","target":{"@type":"EntryPoint","urlTemplate":"https:\/\/www.contabilizei.com.br\/contabilizei-responde\/?s={search_term_string}"},"query-input":{"@type":"PropertyValueSpecification","valueRequired":true,"valueName":"search_term_string"}}],"inLanguage":"pt-BR"}]}},"_links":{"self":[{"href":"https:\/\/www.contabilizei.com.br\/contabilizei-responde\/api\/wp\/v2\/questions\/346","targetHints":{"allow":["GET"]}}],"collection":[{"href":"https:\/\/www.contabilizei.com.br\/contabilizei-responde\/api\/wp\/v2\/questions"}],"about":[{"href":"https:\/\/www.contabilizei.com.br\/contabilizei-responde\/api\/wp\/v2\/types\/perguntas"}],"acf:post":[{"embeddable":true,"href":"https:\/\/www.contabilizei.com.br\/contabilizei-responde\/api\/wp\/v2\/contador\/301"}],"wp:attachment":[{"href":"https:\/\/www.contabilizei.com.br\/contabilizei-responde\/api\/wp\/v2\/media?parent=346"}],"wp:term":[{"taxonomy":"category_questions","embeddable":true,"href":"https:\/\/www.contabilizei.com.br\/contabilizei-responde\/api\/wp\/v2\/category-questions?post=346"}],"curies":[{"name":"wp","href":"https:\/\/api.w.org\/{rel}","templated":true}]}}

Qual a porcentagem de contribuição do INSS para autônomo?

<p><span style="font-weight: 400;">Os profissionais autônomos contribuem com o INSS com percentuais que podem ser de 11% ou 20%. Para os contribuintes facultativos, sem nenhuma renda a contribuição é de 5% do salário mínimo.</span></p>
<h2><b>1.Autônomos que prestam serviços a pessoas físicas</b></h2>
<p><span style="font-weight: 400;">Profissionais autônomos enquadrados nessa condição, podem contribuir tanto com a alíquota de 11%, como a de 20%. Nos dois casos estão dependentes do salário mínimo vigente, e na segunda também do teto atual da previdência.</span></p>
<ol>
<li style="font-weight: 400;" aria-level="1"><span style="font-weight: 400;">Códigos 1163 ou 1236 (Rural): contribui mensalmente com 11% sobre o salário mínimo* </span></li>
<li style="font-weight: 400;" aria-level="1"><span style="font-weight: 400;">Códigos 1007 ou 1287 (Rural): contribui mensalmente com  20% sobre os rendimentos, não podendo ser inferior ao salário mínimo*, nem superior ao teto** do INSS.</span></li>
</ol>
<p><span style="font-weight: 400;">*Salário mínimo 2023: R$ 1.302,00 </span></p>
<p><span style="font-weight: 400;">** Teto INSS 2023: R$ 7.507,49</span></p>
<h2><b>2.Autônomos que prestam serviços a pessoas jurídicas</b></h2>
<p><span style="font-weight: 400;">Os autônomos prestadores de serviços para pessoas jurídicas contribuem aplicando 20% sobre o valor recebido. Porém, como a empresa contratante já faz a retenção de 11% deste total, a contribuição é calculada com uma dedução de 45%.</span></p>
<ol>
<li style="font-weight: 400;" aria-level="1"><span style="font-weight: 400;">Código 1120 ou 1805 (rural): contribui mensalmente com 20% sobre os rendimentos, não podendo ser inferior ao salário mínimo*, nem superior ao teto** do INSS. </span></li>
</ol>
<p><span style="font-weight: 400;">*Salário mínimo 2023: R$ 1.302,00 </span></p>
<p><span style="font-weight: 400;">** Teto INSS 2023: R$ 7.507,49</span></p>
<h2><b>3.Contribuinte facultativo</b></h2>
<p><span style="font-weight: 400;">Categoria que abrange pessoas maiores de 16 anos que não exercem atividade remunerada, como estudantes, donas de casa e pessoas sem trabalho.</span></p>
<p><span style="font-weight: 400;">Um dos casos está relacionado ao contribuinte facultativo de baixa renda, com renda familiar inferior a dois salários mínimos e inscrito no sistema CadÚnico. A contribuição é feita na faixa dos 5% sobre o salário mínimo vigente.</span></p>
<ol>
<li style="font-weight: 400;" aria-level="1"><span style="font-weight: 400;">Código 1929 (baixa renda): contribui com 5% do salário mínimo*</span></li>
<li style="font-weight: 400;" aria-level="1"><span style="font-weight: 400;">Código 1473: contribui na alíquota de 11% do salário mínimo*</span></li>
<li style="font-weight: 400;" aria-level="1"><span style="font-weight: 400;">Código 1406: contribui mensalmente com 20% sobre o salário de contribuição desejado, não podendo ser inferior ao salário mínimo*, nem superior ao teto** do INSS. </span></li>
</ol>
<p><span style="font-weight: 400;">*Salário mínimo 2023: R$ 1.302,00 </span></p>
<p><span style="font-weight: 400;">** Teto INSS 2023: R$ 7.507,49</span></p>

<p>Os profissionais autônomos contribuem com o INSS com percentuais que podem ser de 11% ou 20%. Para os contribuintes facultativos, sem nenhuma renda a contribuição é de 5% do salário mínimo. 1.Autônomos que prestam serviços a pessoas físicas Profissionais autônomos enquadrados nessa condição, podem contribuir tanto com a alíquota de 11%, como a de 20%. [&hellip;]</p>

<!-- This site is optimized with the Yoast SEO plugin v27.5 - https://yoast.com/product/yoast-seo-wordpress/ -->
<title>Qual a porcentagem de contribuição do INSS para autônomo?</title>
<meta name="description" content="Confira qual a porcentagem de contribuição do INSS para Autônomo." />
<meta name="robots" content="index, follow, max-snippet:-1, max-image-preview:large, max-video-preview:-1" />
<link rel="canonical" href="https://www.contabilizei.com.br/contabilizei-responde/qual-a-porcentagem-de-contribuicao-do-inss-para-autonomo/" />
<meta property="og:locale" content="pt_BR" />
<meta property="og:type" content="article" />
<meta property="og:title" content="Qual a porcentagem de contribuição do INSS para autônomo?" />
<meta property="og:description" content="Confira qual a porcentagem de contribuição do INSS para Autônomo." />
<meta property="og:url" content="https://www.contabilizei.com.br/contabilizei-responde/qual-a-porcentagem-de-contribuicao-do-inss-para-autonomo/" />
<meta property="og:site_name" content="Contador Responde" />
<meta property="article:modified_time" content="2023-03-20T13:28:13+00:00" />
<meta name="twitter:card" content="summary_large_image" />
<meta name="twitter:label1" content="Est. tempo de leitura" />
	<meta name="twitter:data1" content="2 minutos" />
<!-- / Yoast SEO plugin. -->

Confira qual a porcentagem de contribuição do INSS para Autônomo.
