{"id":342,"date":"2022-06-28T17:18:57","date_gmt":"2022-06-28T20:18:57","guid":{"rendered":"https:\/\/site-static-prd1.ctbz.com.br\/contabilizei-responde\/?post_type=perguntas&#038;p=342"},"modified":"2026-01-23T16:16:56","modified_gmt":"2026-01-23T19:16:56","slug":"quais-os-impostos-que-o-profissional-liberal-deve-pagar","status":"publish","type":"perguntas","link":"https:\/\/www.contabilizei.com.br\/contabilizei-responde\/quais-os-impostos-que-o-profissional-liberal-deve-pagar\/","title":{"rendered":"Quais os impostos que o profissional liberal deve pagar?"},"content":{"rendered":"<p><span style=\"font-weight: 400;\">Profissionais liberais precisam pagar os seguintes impostos:<\/span><\/p>\n<ol>\n<li style=\"font-weight: 400;\" aria-level=\"1\"><span style=\"font-weight: 400;\">IRPF \u2013 Imposto de Renda Pessoa F\u00edsica, com al\u00edquota entre 7,5% e 27,5%;<\/span><\/li>\n<li style=\"font-weight: 400;\" aria-level=\"1\"><span style=\"font-weight: 400;\">ISS \u2013 Imposto Sobre Servi\u00e7os, com al\u00edquota entre 2% e 5%;<\/span><\/li>\n<li style=\"font-weight: 400;\" aria-level=\"1\"><span style=\"font-weight: 400;\">INSS \u2013 Contribui\u00e7\u00e3o Previdenci\u00e1ria, com al\u00edquota de 20%\u00a0<\/span><\/li>\n<\/ol>\n<p><span style=\"font-weight: 400;\">As al\u00edquotas incidem sobre os rendimentos mensais do profissional liberal e devem ser recolhidas separadamente, veja como funciona:<\/span><\/p>\n<h2><b>IRPF<\/b><\/h2>\n<p><span style=\"font-weight: 400;\">Ap\u00f3s o preenchimento do Carn\u00ea Le\u00e3o, \u00e9 necess\u00e1rio gerar a Guia DARF para pagamento do imposto devido e este \u00e9 calculado com base na tabela abaixo:<\/span><\/p>\n<table style=\"height: 376px;\" width=\"752\">\n<tbody>\n<tr>\n<td><b>Base de C\u00e1lculo<\/b><\/td>\n<td><b>Al\u00edquota<\/b><\/td>\n<td><b>Parcela a deduzir do IR<\/b><\/td>\n<\/tr>\n<tr>\n<td><span style=\"font-weight: 400;\">At\u00e9 R$ 2.428,80<\/span><\/td>\n<td><span style=\"font-weight: 400;\">zero<\/span><\/td>\n<td><span style=\"font-weight: 400;\">zero<\/span><\/td>\n<\/tr>\n<tr>\n<td><span style=\"font-weight: 400;\">De R$ 2.428.81 <\/span><span style=\"font-weight: 400;\">at\u00e9 R$ 2.826,65<\/span><\/td>\n<td><span style=\"font-weight: 400;\">7,50%<\/span><\/td>\n<td><span style=\"font-weight: 400;\">R$ 182,16<\/span><\/td>\n<\/tr>\n<tr>\n<td><span style=\"font-weight: 400;\">De R$ 2.826,66 at\u00e9 R$ 3.751,05<\/span><\/td>\n<td><span style=\"font-weight: 400;\">15%<\/span><\/td>\n<td><span style=\"font-weight: 400;\">R$ 394,16<\/span><\/td>\n<\/tr>\n<tr>\n<td><span style=\"font-weight: 400;\">De R$ 3.751,06 at\u00e9 R$ 4.664,68<\/span><\/td>\n<td><span style=\"font-weight: 400;\">22,50%<\/span><\/td>\n<td><span style=\"font-weight: 400;\">R$ 675,49<\/span><\/td>\n<\/tr>\n<tr>\n<td><span style=\"font-weight: 400;\">Acima de R$ 4.664,68<\/span><\/td>\n<td><span style=\"font-weight: 400;\">27,50%<\/span><\/td>\n<td><span style=\"font-weight: 400;\">R$ 908,73<\/span><\/td>\n<\/tr>\n<\/tbody>\n<\/table>\n<p><span style=\"font-weight: 400;\">Para preencher o Carn\u00ea Le\u00e3o o profissional liberal deve utilizar o Portal e-CAC. Para acessar o ambiente gov.br, , \u00e9 necess\u00e1rio ter um C\u00f3digo de Acesso ou senha.<\/span><\/p>\n<h2><b>ISS<\/b><\/h2>\n<p><span style=\"font-weight: 400;\">O contribuinte deve recolher em guia municipal e a favor do seu munic\u00edpio de 2% a 5% do valor da presta\u00e7\u00e3o de servi\u00e7os, observando o que determina a legisla\u00e7\u00e3o do seu munic\u00edpio.<\/span><\/p>\n<h2><b>INSS<\/b><\/h2>\n<p><span style=\"font-weight: 400;\">O contribuinte aut\u00f4nomo e o trabalhador liberal devem contribuir para o INSS com 20% dos seus rendimentos mensais. O recolhimento dos impostos pode ser realizado com o preenchimento e pagamento do Carn\u00ea do INSS, dispon\u00edvel em papelarias ou atrav\u00e9s da internet no site da Receita Federal.<\/span><\/p>\n<p><span style=\"font-weight: 400;\">Importante destacar que o recolhimento do INSS fica limitado ao teto de contribui\u00e7\u00e3o da Previd\u00eancia Social, sendo este no valor de R$ 6.433,57.<\/span><\/p>\n<h2><b>O profissional liberal com CNPJ<\/b><\/h2>\n<p><span style=\"font-weight: 400;\">Muitos profissionais liberais optam por ter CNPJ para exercer sua profiss\u00e3o como pessoa jur\u00eddica, al\u00e9m de possibilitar uma carga tribut\u00e1ria menor atrav\u00e9s da op\u00e7\u00e3o ao Simples Nacional, o CNPJ garante outras vantagens aos profissionais e maiores ganhos. Por\u00e9m \u00e9 importante ficar atento porque a maioria das profiss\u00f5es ditas intelectuais (medicina, arquitetura, advocacia, publicidade, etc) n\u00e3o possibilitam a abertura de CNPJ MEI, a mais simples das formas de empresa. Para estes profissionais liberais a solu\u00e7\u00e3o &#8211; ainda bastante vantajosa do ponto de vista tribut\u00e1rio &#8211; \u00e9 abrir um CNPJ como ME (microempresa).<\/span><\/p>\n<p><strong>Leia mais&#8230;<\/strong><\/p>\n<p><a href=\"https:\/\/www.contabilizei.com.br\/contabilidade-online\/profissional-liberal-como-lidar-com-a-contabilidade-de-um-jeito-mais-facil\/\">Profissional liberal: como lidar com a contabilidade de um jeito mais f\u00e1cil?<\/a><\/p>\n<p><a href=\"https:\/\/www.contabilizei.com.br\/contabilidade-online\/tudo-sobre-imposto-de-renda-irpf\/\">Imposto de Renda (IRPF) <span data-sheets-root=\"1\">2026\u00a0<\/span> ATUALIZADO \u2013 Tudo sobre prazos, declara\u00e7\u00e3o e documentos<\/a><\/p>\n<p><a href=\"https:\/\/www.contabilizei.com.br\/contabilidade-online\/tabela-inss\/\" target=\"_blank\" rel=\"noopener\">Tabela INSS <span data-sheets-root=\"1\">2026<\/span>: Contribui\u00e7\u00e3o, Al\u00edquotas, Mudan\u00e7as<\/a><\/p>\n<p><a href=\"https:\/\/www.contabilizei.com.br\/contabilidade-online\/o-que-e-iss-e-como-calcular\/\" target=\"_blank\" rel=\"noopener\">O que \u00e9 ISS, como calcular esse imposto e quem precisa pagar?<\/a><\/p>\n<p><a href=\"https:\/\/www.contabilizei.com.br\/contabilidade-online\/profissional-liberal-autonomo-diferencas\/\" target=\"_blank\" rel=\"noopener\">Entenda a diferen\u00e7a entre profissional liberal e aut\u00f4nomo<\/a><\/p>\n<p><a href=\"https:\/\/www.contabilizei.com.br\/contabilidade-online\/profissionais-liberais-lista\/\" target=\"_blank\" rel=\"noopener\">Lista de profissionais Liberais: Profiss\u00f5es regulamentadas<\/a><\/p>\n<p><a href=\"https:\/\/www.contabilizei.com.br\/contabilidade-online\/profissionais-liberais-podem-ser-mei\/\" target=\"_blank\" rel=\"noopener\">Profissionais Liberais podem ser MEI? Entenda e veja alternativas<\/a><\/p>\n<p><a href=\"https:\/\/www.contabilizei.com.br\/contabilidade-online\/tipos-de-trabalho-e-contratos\/\" target=\"_blank\" rel=\"noopener\">Formal, Informal, Aut\u00f4nomo, Liberal. Encontre o melhor modelo para sua atividade econ\u00f4mica<\/a><\/p>\n<p>&nbsp;<\/p>\n","protected":false},"excerpt":{"rendered":"<p>Profissionais liberais precisam pagar os seguintes impostos: IRPF \u2013 Imposto de Renda Pessoa F\u00edsica, com al\u00edquota entre 7,5% e 27,5%; ISS \u2013 Imposto Sobre Servi\u00e7os, com al\u00edquota entre 2% e 5%; INSS \u2013 Contribui\u00e7\u00e3o Previdenci\u00e1ria, com al\u00edquota de 20%\u00a0 As al\u00edquotas incidem sobre os rendimentos mensais do profissional liberal e devem ser recolhidas separadamente, veja [&hellip;]<\/p>\n","protected":false},"parent":0,"menu_order":0,"template":"","category-questions":[27],"class_list":["post-342","perguntas","type-perguntas","status-publish","hentry","category_questions-autonomo"],"acf":{"contador":{"ID":1732,"post_author":"22","post_date":"2025-03-31 12:51:15","post_date_gmt":"2025-03-31 15:51:15","post_content":"","post_title":"Juliana Steffano","post_excerpt":"","post_status":"publish","comment_status":"closed","ping_status":"closed","post_password":"","post_name":"juliana-steffano","to_ping":"","pinged":"","post_modified":"2025-03-31 12:51:15","post_modified_gmt":"2025-03-31 15:51:15","post_content_filtered":"","post_parent":0,"guid":"https:\/\/www.contabilizei.com.br\/contabilizei-responde\/?post_type=contador&#038;p=1732","menu_order":0,"post_type":"contador","post_mime_type":"","comment_count":"0","filter":"raw"}},"yoast_head":"<!-- This site is optimized with the Yoast SEO plugin v27.5 - https:\/\/yoast.com\/product\/yoast-seo-wordpress\/ -->\n<title>Quais os impostos que o profissional liberal deve pagar?<\/title>\n<meta name=\"description\" content=\"Confira quais impostos e al\u00edquotas que o profissional Liberal deve pagar.\" \/>\n<meta name=\"robots\" content=\"index, follow, max-snippet:-1, max-image-preview:large, max-video-preview:-1\" \/>\n<link rel=\"canonical\" href=\"https:\/\/www.contabilizei.com.br\/contabilizei-responde\/quais-os-impostos-que-o-profissional-liberal-deve-pagar\/\" \/>\n<meta property=\"og:locale\" content=\"pt_BR\" \/>\n<meta property=\"og:type\" content=\"article\" \/>\n<meta property=\"og:title\" content=\"Quais os impostos que o profissional liberal deve pagar?\" \/>\n<meta property=\"og:description\" content=\"Confira quais impostos e al\u00edquotas que o profissional Liberal deve pagar.\" \/>\n<meta property=\"og:url\" content=\"https:\/\/www.contabilizei.com.br\/contabilizei-responde\/quais-os-impostos-que-o-profissional-liberal-deve-pagar\/\" \/>\n<meta property=\"og:site_name\" content=\"Contador Responde\" \/>\n<meta property=\"article:modified_time\" content=\"2026-01-23T19:16:56+00:00\" \/>\n<meta name=\"twitter:card\" content=\"summary_large_image\" \/>\n<meta name=\"twitter:label1\" content=\"Est. tempo de leitura\" \/>\n\t<meta name=\"twitter:data1\" content=\"3 minutos\" \/>\n<!-- \/ Yoast SEO plugin. -->","yoast_head_json":{"title":"Quais os impostos que o profissional liberal deve pagar?","description":"Confira quais impostos e al\u00edquotas que o profissional Liberal deve pagar.","robots":{"index":"index","follow":"follow","max-snippet":"max-snippet:-1","max-image-preview":"max-image-preview:large","max-video-preview":"max-video-preview:-1"},"canonical":"https:\/\/www.contabilizei.com.br\/contabilizei-responde\/quais-os-impostos-que-o-profissional-liberal-deve-pagar\/","og_locale":"pt_BR","og_type":"article","og_title":"Quais os impostos que o profissional liberal deve pagar?","og_description":"Confira quais impostos e al\u00edquotas que o profissional Liberal deve pagar.","og_url":"https:\/\/www.contabilizei.com.br\/contabilizei-responde\/quais-os-impostos-que-o-profissional-liberal-deve-pagar\/","og_site_name":"Contador Responde","article_modified_time":"2026-01-23T19:16:56+00:00","twitter_card":"summary_large_image","twitter_misc":{"Est. tempo de leitura":"3 minutos"},"schema":{"@context":"https:\/\/schema.org","@graph":[{"@type":"WebPage","@id":"https:\/\/www.contabilizei.com.br\/contabilizei-responde\/quais-os-impostos-que-o-profissional-liberal-deve-pagar\/","url":"https:\/\/www.contabilizei.com.br\/contabilizei-responde\/quais-os-impostos-que-o-profissional-liberal-deve-pagar\/","name":"Quais os impostos que o profissional liberal deve pagar?","isPartOf":{"@id":"https:\/\/www.contabilizei.com.br\/contabilizei-responde\/#website"},"datePublished":"2022-06-28T20:18:57+00:00","dateModified":"2026-01-23T19:16:56+00:00","description":"Confira quais impostos e al\u00edquotas que o profissional Liberal deve pagar.","breadcrumb":{"@id":"https:\/\/www.contabilizei.com.br\/contabilizei-responde\/quais-os-impostos-que-o-profissional-liberal-deve-pagar\/#breadcrumb"},"inLanguage":"pt-BR","potentialAction":[{"@type":"ReadAction","target":["https:\/\/www.contabilizei.com.br\/contabilizei-responde\/quais-os-impostos-que-o-profissional-liberal-deve-pagar\/"]}]},{"@type":"BreadcrumbList","@id":"https:\/\/www.contabilizei.com.br\/contabilizei-responde\/quais-os-impostos-que-o-profissional-liberal-deve-pagar\/#breadcrumb","itemListElement":[{"@type":"ListItem","position":1,"name":"Home","item":"https:\/\/www.contabilizei.com.br\/contabilizei-responde\/"},{"@type":"ListItem","position":2,"name":"Perguntas","item":"https:\/\/www.contabilizei.com.br\/contabilizei-responde\/perguntas\/"},{"@type":"ListItem","position":3,"name":"Quais os impostos que o profissional liberal deve pagar?"}]},{"@type":"WebSite","@id":"https:\/\/www.contabilizei.com.br\/contabilizei-responde\/#website","url":"https:\/\/www.contabilizei.com.br\/contabilizei-responde\/","name":"Contador Responde","description":"","potentialAction":[{"@type":"SearchAction","target":{"@type":"EntryPoint","urlTemplate":"https:\/\/www.contabilizei.com.br\/contabilizei-responde\/?s={search_term_string}"},"query-input":{"@type":"PropertyValueSpecification","valueRequired":true,"valueName":"search_term_string"}}],"inLanguage":"pt-BR"}]}},"_links":{"self":[{"href":"https:\/\/www.contabilizei.com.br\/contabilizei-responde\/api\/wp\/v2\/questions\/342","targetHints":{"allow":["GET"]}}],"collection":[{"href":"https:\/\/www.contabilizei.com.br\/contabilizei-responde\/api\/wp\/v2\/questions"}],"about":[{"href":"https:\/\/www.contabilizei.com.br\/contabilizei-responde\/api\/wp\/v2\/types\/perguntas"}],"acf:post":[{"embeddable":true,"href":"https:\/\/www.contabilizei.com.br\/contabilizei-responde\/api\/wp\/v2\/contador\/1732"}],"wp:attachment":[{"href":"https:\/\/www.contabilizei.com.br\/contabilizei-responde\/api\/wp\/v2\/media?parent=342"}],"wp:term":[{"taxonomy":"category_questions","embeddable":true,"href":"https:\/\/www.contabilizei.com.br\/contabilizei-responde\/api\/wp\/v2\/category-questions?post=342"}],"curies":[{"name":"wp","href":"https:\/\/api.w.org\/{rel}","templated":true}]}}

<p><span style="font-weight: 400;">Profissionais liberais precisam pagar os seguintes impostos:</span></p>
<ol>
<li style="font-weight: 400;" aria-level="1"><span style="font-weight: 400;">IRPF – Imposto de Renda Pessoa Física, com alíquota entre 7,5% e 27,5%;</span></li>
<li style="font-weight: 400;" aria-level="1"><span style="font-weight: 400;">ISS – Imposto Sobre Serviços, com alíquota entre 2% e 5%;</span></li>
<li style="font-weight: 400;" aria-level="1"><span style="font-weight: 400;">INSS – Contribuição Previdenciária, com alíquota de 20% </span></li>
</ol>
<p><span style="font-weight: 400;">As alíquotas incidem sobre os rendimentos mensais do profissional liberal e devem ser recolhidas separadamente, veja como funciona:</span></p>
<h2><b>IRPF</b></h2>
<p><span style="font-weight: 400;">Após o preenchimento do Carnê Leão, é necessário gerar a Guia DARF para pagamento do imposto devido e este é calculado com base na tabela abaixo:</span></p>
<table style="height: 376px;" width="752">
<tbody>
<tr>
<td><b>Base de Cálculo</b></td>
<td><b>Alíquota</b></td>
<td><b>Parcela a deduzir do IR</b></td>
</tr>
<tr>
<td><span style="font-weight: 400;">Até R$ 2.428,80</span></td>
<td><span style="font-weight: 400;">zero</span></td>
<td><span style="font-weight: 400;">zero</span></td>
</tr>
<tr>
<td><span style="font-weight: 400;">De R$ 2.428.81 </span><span style="font-weight: 400;">até R$ 2.826,65</span></td>
<td><span style="font-weight: 400;">7,50%</span></td>
<td><span style="font-weight: 400;">R$ 182,16</span></td>
</tr>
<tr>
<td><span style="font-weight: 400;">De R$ 2.826,66 até R$ 3.751,05</span></td>
<td><span style="font-weight: 400;">15%</span></td>
<td><span style="font-weight: 400;">R$ 394,16</span></td>
</tr>
<tr>
<td><span style="font-weight: 400;">De R$ 3.751,06 até R$ 4.664,68</span></td>
<td><span style="font-weight: 400;">22,50%</span></td>
<td><span style="font-weight: 400;">R$ 675,49</span></td>
</tr>
<tr>
<td><span style="font-weight: 400;">Acima de R$ 4.664,68</span></td>
<td><span style="font-weight: 400;">27,50%</span></td>
<td><span style="font-weight: 400;">R$ 908,73</span></td>
</tr>
</tbody>
</table>
<p><span style="font-weight: 400;">Para preencher o Carnê Leão o profissional liberal deve utilizar o Portal e-CAC. Para acessar o ambiente gov.br, , é necessário ter um Código de Acesso ou senha.</span></p>
<h2><b>ISS</b></h2>
<p><span style="font-weight: 400;">O contribuinte deve recolher em guia municipal e a favor do seu município de 2% a 5% do valor da prestação de serviços, observando o que determina a legislação do seu município.</span></p>
<h2><b>INSS</b></h2>
<p><span style="font-weight: 400;">O contribuinte autônomo e o trabalhador liberal devem contribuir para o INSS com 20% dos seus rendimentos mensais. O recolhimento dos impostos pode ser realizado com o preenchimento e pagamento do Carnê do INSS, disponível em papelarias ou através da internet no site da Receita Federal.</span></p>
<p><span style="font-weight: 400;">Importante destacar que o recolhimento do INSS fica limitado ao teto de contribuição da Previdência Social, sendo este no valor de R$ 6.433,57.</span></p>
<h2><b>O profissional liberal com CNPJ</b></h2>
<p><span style="font-weight: 400;">Muitos profissionais liberais optam por ter CNPJ para exercer sua profissão como pessoa jurídica, além de possibilitar uma carga tributária menor através da opção ao Simples Nacional, o CNPJ garante outras vantagens aos profissionais e maiores ganhos. Porém é importante ficar atento porque a maioria das profissões ditas intelectuais (medicina, arquitetura, advocacia, publicidade, etc) não possibilitam a abertura de CNPJ MEI, a mais simples das formas de empresa. Para estes profissionais liberais a solução &#8211; ainda bastante vantajosa do ponto de vista tributário &#8211; é abrir um CNPJ como ME (microempresa).</span></p>
<p><strong>Leia mais&#8230;</strong></p>
<p><a href="https://www.contabilizei.com.br/contabilidade-online/profissional-liberal-como-lidar-com-a-contabilidade-de-um-jeito-mais-facil/">Profissional liberal: como lidar com a contabilidade de um jeito mais fácil?</a></p>
<p><a href="https://www.contabilizei.com.br/contabilidade-online/tudo-sobre-imposto-de-renda-irpf/">Imposto de Renda (IRPF) <span data-sheets-root="1">2026 </span> ATUALIZADO – Tudo sobre prazos, declaração e documentos</a></p>
<p><a href="https://www.contabilizei.com.br/contabilidade-online/tabela-inss/" target="_blank" rel="noopener">Tabela INSS <span data-sheets-root="1">2026</span>: Contribuição, Alíquotas, Mudanças</a></p>
<p><a href="https://www.contabilizei.com.br/contabilidade-online/o-que-e-iss-e-como-calcular/" target="_blank" rel="noopener">O que é ISS, como calcular esse imposto e quem precisa pagar?</a></p>
<p><a href="https://www.contabilizei.com.br/contabilidade-online/profissional-liberal-autonomo-diferencas/" target="_blank" rel="noopener">Entenda a diferença entre profissional liberal e autônomo</a></p>
<p><a href="https://www.contabilizei.com.br/contabilidade-online/profissionais-liberais-lista/" target="_blank" rel="noopener">Lista de profissionais Liberais: Profissões regulamentadas</a></p>
<p><a href="https://www.contabilizei.com.br/contabilidade-online/profissionais-liberais-podem-ser-mei/" target="_blank" rel="noopener">Profissionais Liberais podem ser MEI? Entenda e veja alternativas</a></p>
<p><a href="https://www.contabilizei.com.br/contabilidade-online/tipos-de-trabalho-e-contratos/" target="_blank" rel="noopener">Formal, Informal, Autônomo, Liberal. Encontre o melhor modelo para sua atividade econômica</a></p>
<p>&nbsp;</p>

<p>Profissionais liberais precisam pagar os seguintes impostos: IRPF – Imposto de Renda Pessoa Física, com alíquota entre 7,5% e 27,5%; ISS – Imposto Sobre Serviços, com alíquota entre 2% e 5%; INSS – Contribuição Previdenciária, com alíquota de 20%  As alíquotas incidem sobre os rendimentos mensais do profissional liberal e devem ser recolhidas separadamente, veja [&hellip;]</p>

<!-- This site is optimized with the Yoast SEO plugin v27.5 - https://yoast.com/product/yoast-seo-wordpress/ -->
<title>Quais os impostos que o profissional liberal deve pagar?</title>
<meta name="description" content="Confira quais impostos e alíquotas que o profissional Liberal deve pagar." />
<meta name="robots" content="index, follow, max-snippet:-1, max-image-preview:large, max-video-preview:-1" />
<link rel="canonical" href="https://www.contabilizei.com.br/contabilizei-responde/quais-os-impostos-que-o-profissional-liberal-deve-pagar/" />
<meta property="og:locale" content="pt_BR" />
<meta property="og:type" content="article" />
<meta property="og:title" content="Quais os impostos que o profissional liberal deve pagar?" />
<meta property="og:description" content="Confira quais impostos e alíquotas que o profissional Liberal deve pagar." />
<meta property="og:url" content="https://www.contabilizei.com.br/contabilizei-responde/quais-os-impostos-que-o-profissional-liberal-deve-pagar/" />
<meta property="og:site_name" content="Contador Responde" />
<meta property="article:modified_time" content="2026-01-23T19:16:56+00:00" />
<meta name="twitter:card" content="summary_large_image" />
<meta name="twitter:label1" content="Est. tempo de leitura" />
	<meta name="twitter:data1" content="3 minutos" />
<!-- / Yoast SEO plugin. -->

Confira quais impostos e alíquotas que o profissional Liberal deve pagar.
