{"id":341,"date":"2022-06-28T15:01:01","date_gmt":"2022-06-28T18:01:01","guid":{"rendered":"https:\/\/site-static-prd1.ctbz.com.br\/contabilizei-responde\/?post_type=perguntas&#038;p=341"},"modified":"2026-04-08T14:25:02","modified_gmt":"2026-04-08T17:25:02","slug":"sou-clt-posso-ser-autonomo","status":"publish","type":"perguntas","link":"https:\/\/www.contabilizei.com.br\/contabilizei-responde\/sou-clt-posso-ser-autonomo\/","title":{"rendered":"Sou CLT posso ser aut\u00f4nomo?"},"content":{"rendered":"<p><span style=\"font-weight: 400;\">Sim, \u00e9 poss\u00edvel. Ser regido pela CLT &#8211; trabalhar com carteira assinada e de acordo com a Consolida\u00e7\u00e3o das Leis Trabalhistas &#8211; n\u00e3o impede de trabalhar concomitantemente como aut\u00f4nomo. Deve-se guardar as caracter\u00edsticas de cada posi\u00e7\u00e3o para que o contrato CLT n\u00e3o seja invadido pela atividade como aut\u00f4nomo.<\/span><\/p>\n<h2><b>O que \u00e9 CLT?<\/b><\/h2>\n<p><span style=\"font-weight: 400;\">A CLT \u00e9 a lei trabalhista brasileira. Ela d\u00e1 as diretrizes e regras para todo trabalhador brasileiro que trabalha com carteira assinada. Ela define, por exemplo, f\u00e9rias, 13o sal\u00e1rio, FGTS (fundo de garantia por tempo de servi\u00e7o) al\u00e9m das regras do dia a dia, como a garantia a plano de sa\u00fade, alimenta\u00e7\u00e3o e seguro de vida.<\/span><\/p>\n<p><span style=\"font-weight: 400;\">A CLT rege a jornada de trabalho, o descanso semanal remunerado, garantindo que o empregado e empregador exer\u00e7am a atividade econ\u00f4mica de maneira equilibrada e equivalente. Por muito tempo, desde a sua cria\u00e7\u00e3o at\u00e9 meados da d\u00e9cada de 10 do s\u00e9culo atual, a CLT era a \u00fanica possibilidade de trabalho para muitos profissionais, al\u00e9m da informalidade. Com a flexibiliza\u00e7\u00e3o institu\u00edda pela reforma trabalhista a CLT passa a conviver com outras formas de rela\u00e7\u00e3o dos profissionais com o trabalho.<\/span><\/p>\n<h2><b>O que \u00e9 aut\u00f4nomo?<\/b><\/h2>\n<p><span style=\"font-weight: 400;\">O aut\u00f4nomo \u00e9 o profissional que tem uma atividade de maneira independente, sem precisar de forma\u00e7\u00e3o acad\u00eamica ou t\u00e9cnica na \u00e1rea nem registro em \u00f3rg\u00e3o de classe. O profissional aut\u00f4nomo se diferencia do profissional liberal com CNPJ e forma\u00e7\u00e3o acad\u00eamica.<\/span><\/p>\n<p><span style=\"font-weight: 400;\">Al\u00e9m disso, o aut\u00f4nomo n\u00e3o trabalha com v\u00ednculo empregat\u00edcio sob o regime da CLT, j\u00e1 que presta o servi\u00e7o de forma livre, podendo atuar em diversos segmentos.\u00a0<\/span><\/p>\n<p><span style=\"font-weight: 400;\">Para o aut\u00f4nomo a maior parte dos tributos est\u00e1 relacionada a sua renda e previd\u00eancia social. O aut\u00f4nomo tamb\u00e9m precisa contribuir com o INSS e ISS. Caso o profissional seja uma pessoa jur\u00eddica, tamb\u00e9m existe o pagamento de impostos, como Cofins, PIS e CSLL.\u00a0<\/span><\/p>\n<p><span style=\"font-weight: 400;\">Se n\u00e3o possuir CNPJ para emitir notas fiscais, o trabalhador aut\u00f4nomo, para ter garantias e poder receber atrav\u00e9s de RPA (recibo de pagamento aut\u00f4nomo) deve ser registrado nas prefeituras. Dessa forma o profissional aut\u00f4nomo informa qual a sua atividade e recebe autoriza\u00e7\u00e3o do \u00f3rg\u00e3o p\u00fablico para exerc\u00ea-la, podendo receber atrav\u00e9s de RPAs emitidas pelo contratante.<\/p>\n<p><\/span><\/p>\n<p><strong><p>Para as cidades de S\u00e3o Paulo, Curitiba e Florian\u00f3polis, o Recibo de Pagamento Aut\u00f4nomo (RPA) entrou em desuso a partir do in\u00edcio de 2026. A Nota Fiscal de Servi\u00e7os Eletr\u00f4nica (NFS-e) passou a ser o documento oficial e obrigat\u00f3rio para formalizar o servi\u00e7o prestado. Para saber mais, <a href=\"https:\/\/www.contabilizei.com.br\/contabilizei-responde\/fim-do-rpa-em-sao-paulo\/\">acesse aqui<\/a> nossa mat\u00e9ria sobre a obrigatoriedade da emiss\u00e3o da NFS-e por profissionais liberais e aut\u00f4nomos.<\/p>\n<\/strong><\/p>\n<p>Ao abrir o CNPJ com a <a href=\"https:\/\/www.contabilizei.com.br\/\" target=\"_blank\" rel=\"noopener\">Contabilizei<\/a> e contratar um dos nossos planos anuais, voc\u00ea ainda tem a abertura de empresa gr\u00e1tis e n\u00f3s cuidamos de todo o processo para abrir a sua empresa. Ela ficar\u00e1 100% regularizada com o m\u00ednimo de impostos. Uma solu\u00e7\u00e3o e tanto para o seu neg\u00f3cio, n\u00e3o \u00e9 mesmo? Conhe\u00e7a!<\/p>\n<p><b>Para saber mais\u2026<\/b><\/p>\n<p><a href=\"https:\/\/www.contabilizei.com.br\/contabilidade-online\/clt-ou-pj-o-que-compensa-mais\/\" target=\"_blank\" rel=\"noopener\"><span style=\"font-weight: 400;\">CLT ou PJ: O que vale mais a pena para sua carreira? Diferen\u00e7as, Vantagens e Desvantagens<\/span><\/a><\/p>\n<p><a href=\"https:\/\/www.contabilizei.com.br\/contabilidade-online\/pejotizacao\/\" target=\"_blank\" rel=\"noopener\"><span style=\"font-weight: 400;\">Pejotiza\u00e7\u00e3o: O que \u00e9? Confira as regras a partir da nova reforma trabalhista<\/span><\/a><\/p>\n<p><a href=\"https:\/\/www.contabilizei.com.br\/contabilidade-online\/trabalho-autonomo\/\" target=\"_blank\" rel=\"noopener\"><span style=\"font-weight: 400;\">Trabalho Aut\u00f4nomo: O que \u00e9? Guia com lista de profiss\u00f5es<\/span><\/a><\/p>\n","protected":false},"excerpt":{"rendered":"<p>Sim, \u00e9 poss\u00edvel. Ser regido pela CLT &#8211; trabalhar com carteira assinada e de acordo com a Consolida\u00e7\u00e3o das Leis Trabalhistas &#8211; n\u00e3o impede de trabalhar concomitantemente como aut\u00f4nomo. Deve-se guardar as caracter\u00edsticas de cada posi\u00e7\u00e3o para que o contrato CLT n\u00e3o seja invadido pela atividade como aut\u00f4nomo. O que \u00e9 CLT? A CLT \u00e9 [&hellip;]<\/p>\n","protected":false},"parent":0,"menu_order":0,"template":"","category-questions":[27,31],"class_list":["post-341","perguntas","type-perguntas","status-publish","hentry","category_questions-autonomo","category_questions-clt-x-pj"],"acf":{"contador":{"ID":301,"post_author":"8","post_date":"2022-06-15 16:14:23","post_date_gmt":"2022-06-15 19:14:23","post_content":"","post_title":"Nicoli Meira","post_excerpt":"","post_status":"publish","comment_status":"closed","ping_status":"closed","post_password":"","post_name":"nicoli-meira","to_ping":"","pinged":"","post_modified":"2023-03-07 16:50:32","post_modified_gmt":"2023-03-07 19:50:32","post_content_filtered":"","post_parent":0,"guid":"https:\/\/site-static-prd1.ctbz.com.br\/contabilizei-responde\/?post_type=contador&#038;p=301","menu_order":0,"post_type":"contador","post_mime_type":"","comment_count":"0","filter":"raw"}},"yoast_head":"<!-- This site is optimized with the Yoast SEO plugin v27.4 - https:\/\/yoast.com\/product\/yoast-seo-wordpress\/ -->\n<title>Sou CLT posso ser aut\u00f4nomo?<\/title>\n<meta name=\"description\" content=\"Saiba de CLT tamb\u00e9m pode ser aut\u00f4nomo e fique por dentro da regularidade.\" \/>\n<meta name=\"robots\" content=\"index, follow, max-snippet:-1, max-image-preview:large, max-video-preview:-1\" \/>\n<link rel=\"canonical\" href=\"https:\/\/www.contabilizei.com.br\/contabilizei-responde\/sou-clt-posso-ser-autonomo\/\" \/>\n<meta property=\"og:locale\" content=\"pt_BR\" \/>\n<meta property=\"og:type\" content=\"article\" \/>\n<meta property=\"og:title\" content=\"Sou CLT posso ser aut\u00f4nomo?\" \/>\n<meta property=\"og:description\" content=\"Saiba de CLT tamb\u00e9m pode ser aut\u00f4nomo e fique por dentro da regularidade.\" \/>\n<meta property=\"og:url\" content=\"https:\/\/www.contabilizei.com.br\/contabilizei-responde\/sou-clt-posso-ser-autonomo\/\" \/>\n<meta property=\"og:site_name\" content=\"Contador Responde\" \/>\n<meta property=\"article:modified_time\" content=\"2026-04-08T17:25:02+00:00\" \/>\n<meta name=\"twitter:card\" content=\"summary_large_image\" \/>\n<meta name=\"twitter:label1\" content=\"Est. tempo de leitura\" \/>\n\t<meta name=\"twitter:data1\" content=\"3 minutos\" \/>\n<!-- \/ Yoast SEO plugin. -->","yoast_head_json":{"title":"Sou CLT posso ser aut\u00f4nomo?","description":"Saiba de CLT tamb\u00e9m pode ser aut\u00f4nomo e fique por dentro da regularidade.","robots":{"index":"index","follow":"follow","max-snippet":"max-snippet:-1","max-image-preview":"max-image-preview:large","max-video-preview":"max-video-preview:-1"},"canonical":"https:\/\/www.contabilizei.com.br\/contabilizei-responde\/sou-clt-posso-ser-autonomo\/","og_locale":"pt_BR","og_type":"article","og_title":"Sou CLT posso ser aut\u00f4nomo?","og_description":"Saiba de CLT tamb\u00e9m pode ser aut\u00f4nomo e fique por dentro da regularidade.","og_url":"https:\/\/www.contabilizei.com.br\/contabilizei-responde\/sou-clt-posso-ser-autonomo\/","og_site_name":"Contador Responde","article_modified_time":"2026-04-08T17:25:02+00:00","twitter_card":"summary_large_image","twitter_misc":{"Est. tempo de leitura":"3 minutos"},"schema":{"@context":"https:\/\/schema.org","@graph":[{"@type":"WebPage","@id":"https:\/\/www.contabilizei.com.br\/contabilizei-responde\/sou-clt-posso-ser-autonomo\/","url":"https:\/\/www.contabilizei.com.br\/contabilizei-responde\/sou-clt-posso-ser-autonomo\/","name":"Sou CLT posso ser aut\u00f4nomo?","isPartOf":{"@id":"https:\/\/www.contabilizei.com.br\/contabilizei-responde\/#website"},"datePublished":"2022-06-28T18:01:01+00:00","dateModified":"2026-04-08T17:25:02+00:00","description":"Saiba de CLT tamb\u00e9m pode ser aut\u00f4nomo e fique por dentro da regularidade.","breadcrumb":{"@id":"https:\/\/www.contabilizei.com.br\/contabilizei-responde\/sou-clt-posso-ser-autonomo\/#breadcrumb"},"inLanguage":"pt-BR","potentialAction":[{"@type":"ReadAction","target":["https:\/\/www.contabilizei.com.br\/contabilizei-responde\/sou-clt-posso-ser-autonomo\/"]}]},{"@type":"BreadcrumbList","@id":"https:\/\/www.contabilizei.com.br\/contabilizei-responde\/sou-clt-posso-ser-autonomo\/#breadcrumb","itemListElement":[{"@type":"ListItem","position":1,"name":"Home","item":"https:\/\/www.contabilizei.com.br\/contabilizei-responde\/"},{"@type":"ListItem","position":2,"name":"Perguntas","item":"https:\/\/www.contabilizei.com.br\/contabilizei-responde\/perguntas\/"},{"@type":"ListItem","position":3,"name":"Sou CLT posso ser aut\u00f4nomo?"}]},{"@type":"WebSite","@id":"https:\/\/www.contabilizei.com.br\/contabilizei-responde\/#website","url":"https:\/\/www.contabilizei.com.br\/contabilizei-responde\/","name":"Contador Responde","description":"","potentialAction":[{"@type":"SearchAction","target":{"@type":"EntryPoint","urlTemplate":"https:\/\/www.contabilizei.com.br\/contabilizei-responde\/?s={search_term_string}"},"query-input":{"@type":"PropertyValueSpecification","valueRequired":true,"valueName":"search_term_string"}}],"inLanguage":"pt-BR"}]}},"_links":{"self":[{"href":"https:\/\/www.contabilizei.com.br\/contabilizei-responde\/api\/wp\/v2\/questions\/341","targetHints":{"allow":["GET"]}}],"collection":[{"href":"https:\/\/www.contabilizei.com.br\/contabilizei-responde\/api\/wp\/v2\/questions"}],"about":[{"href":"https:\/\/www.contabilizei.com.br\/contabilizei-responde\/api\/wp\/v2\/types\/perguntas"}],"acf:post":[{"embeddable":true,"href":"https:\/\/www.contabilizei.com.br\/contabilizei-responde\/api\/wp\/v2\/contador\/301"}],"wp:attachment":[{"href":"https:\/\/www.contabilizei.com.br\/contabilizei-responde\/api\/wp\/v2\/media?parent=341"}],"wp:term":[{"taxonomy":"category_questions","embeddable":true,"href":"https:\/\/www.contabilizei.com.br\/contabilizei-responde\/api\/wp\/v2\/category-questions?post=341"}],"curies":[{"name":"wp","href":"https:\/\/api.w.org\/{rel}","templated":true}]}}

Sou CLT posso ser autônomo?

<p><span style="font-weight: 400;">Sim, é possível. Ser regido pela CLT &#8211; trabalhar com carteira assinada e de acordo com a Consolidação das Leis Trabalhistas &#8211; não impede de trabalhar concomitantemente como autônomo. Deve-se guardar as características de cada posição para que o contrato CLT não seja invadido pela atividade como autônomo.</span></p>
<h2><b>O que é CLT?</b></h2>
<p><span style="font-weight: 400;">A CLT é a lei trabalhista brasileira. Ela dá as diretrizes e regras para todo trabalhador brasileiro que trabalha com carteira assinada. Ela define, por exemplo, férias, 13o salário, FGTS (fundo de garantia por tempo de serviço) além das regras do dia a dia, como a garantia a plano de saúde, alimentação e seguro de vida.</span></p>
<p><span style="font-weight: 400;">A CLT rege a jornada de trabalho, o descanso semanal remunerado, garantindo que o empregado e empregador exerçam a atividade econômica de maneira equilibrada e equivalente. Por muito tempo, desde a sua criação até meados da década de 10 do século atual, a CLT era a única possibilidade de trabalho para muitos profissionais, além da informalidade. Com a flexibilização instituída pela reforma trabalhista a CLT passa a conviver com outras formas de relação dos profissionais com o trabalho.</span></p>
<h2><b>O que é autônomo?</b></h2>
<p><span style="font-weight: 400;">O autônomo é o profissional que tem uma atividade de maneira independente, sem precisar de formação acadêmica ou técnica na área nem registro em órgão de classe. O profissional autônomo se diferencia do profissional liberal com CNPJ e formação acadêmica.</span></p>
<p><span style="font-weight: 400;">Além disso, o autônomo não trabalha com vínculo empregatício sob o regime da CLT, já que presta o serviço de forma livre, podendo atuar em diversos segmentos. </span></p>
<p><span style="font-weight: 400;">Para o autônomo a maior parte dos tributos está relacionada a sua renda e previdência social. O autônomo também precisa contribuir com o INSS e ISS. Caso o profissional seja uma pessoa jurídica, também existe o pagamento de impostos, como Cofins, PIS e CSLL. </span></p>
<p><span style="font-weight: 400;">Se não possuir CNPJ para emitir notas fiscais, o trabalhador autônomo, para ter garantias e poder receber através de RPA (recibo de pagamento autônomo) deve ser registrado nas prefeituras. Dessa forma o profissional autônomo informa qual a sua atividade e recebe autorização do órgão público para exercê-la, podendo receber através de RPAs emitidas pelo contratante.</p>
<p></span></p>
<p><strong><p>Para as cidades de São Paulo, Curitiba e Florianópolis, o Recibo de Pagamento Autônomo (RPA) entrou em desuso a partir do início de 2026. A Nota Fiscal de Serviços Eletrônica (NFS-e) passou a ser o documento oficial e obrigatório para formalizar o serviço prestado. Para saber mais, <a href="https://www.contabilizei.com.br/contabilizei-responde/fim-do-rpa-em-sao-paulo/">acesse aqui</a> nossa matéria sobre a obrigatoriedade da emissão da NFS-e por profissionais liberais e autônomos.</p>
</strong></p>
<p>Ao abrir o CNPJ com a <a href="https://www.contabilizei.com.br/" target="_blank" rel="noopener">Contabilizei</a> e contratar um dos nossos planos anuais, você ainda tem a abertura de empresa grátis e nós cuidamos de todo o processo para abrir a sua empresa. Ela ficará 100% regularizada com o mínimo de impostos. Uma solução e tanto para o seu negócio, não é mesmo? Conheça!</p>
<p><b>Para saber mais…</b></p>
<p><a href="https://www.contabilizei.com.br/contabilidade-online/clt-ou-pj-o-que-compensa-mais/" target="_blank" rel="noopener"><span style="font-weight: 400;">CLT ou PJ: O que vale mais a pena para sua carreira? Diferenças, Vantagens e Desvantagens</span></a></p>
<p><a href="https://www.contabilizei.com.br/contabilidade-online/pejotizacao/" target="_blank" rel="noopener"><span style="font-weight: 400;">Pejotização: O que é? Confira as regras a partir da nova reforma trabalhista</span></a></p>
<p><a href="https://www.contabilizei.com.br/contabilidade-online/trabalho-autonomo/" target="_blank" rel="noopener"><span style="font-weight: 400;">Trabalho Autônomo: O que é? Guia com lista de profissões</span></a></p>

<p>Sim, é possível. Ser regido pela CLT &#8211; trabalhar com carteira assinada e de acordo com a Consolidação das Leis Trabalhistas &#8211; não impede de trabalhar concomitantemente como autônomo. Deve-se guardar as características de cada posição para que o contrato CLT não seja invadido pela atividade como autônomo. O que é CLT? A CLT é [&hellip;]</p>

<!-- This site is optimized with the Yoast SEO plugin v27.4 - https://yoast.com/product/yoast-seo-wordpress/ -->
<title>Sou CLT posso ser autônomo?</title>
<meta name="description" content="Saiba de CLT também pode ser autônomo e fique por dentro da regularidade." />
<meta name="robots" content="index, follow, max-snippet:-1, max-image-preview:large, max-video-preview:-1" />
<link rel="canonical" href="https://www.contabilizei.com.br/contabilizei-responde/sou-clt-posso-ser-autonomo/" />
<meta property="og:locale" content="pt_BR" />
<meta property="og:type" content="article" />
<meta property="og:title" content="Sou CLT posso ser autônomo?" />
<meta property="og:description" content="Saiba de CLT também pode ser autônomo e fique por dentro da regularidade." />
<meta property="og:url" content="https://www.contabilizei.com.br/contabilizei-responde/sou-clt-posso-ser-autonomo/" />
<meta property="og:site_name" content="Contador Responde" />
<meta property="article:modified_time" content="2026-04-08T17:25:02+00:00" />
<meta name="twitter:card" content="summary_large_image" />
<meta name="twitter:label1" content="Est. tempo de leitura" />
	<meta name="twitter:data1" content="3 minutos" />
<!-- / Yoast SEO plugin. -->

Saiba de CLT também pode ser autônomo e fique por dentro da regularidade.
