{"id":336,"date":"2022-06-28T14:04:45","date_gmt":"2022-06-28T17:04:45","guid":{"rendered":"https:\/\/site-static-prd1.ctbz.com.br\/contabilizei-responde\/?post_type=perguntas&#038;p=336"},"modified":"2026-02-20T15:03:23","modified_gmt":"2026-02-20T18:03:23","slug":"quem-tem-antecedentes-criminais-pode-abrir-empresa","status":"publish","type":"perguntas","link":"https:\/\/www.contabilizei.com.br\/contabilizei-responde\/quem-tem-antecedentes-criminais-pode-abrir-empresa\/","title":{"rendered":"Quem tem antecedentes criminais pode abrir empresa?"},"content":{"rendered":"<p><span style=\"font-weight: 400;\">Sim, nada impede que uma pessoa com antecedentes criminais abra o CNPJ, desde que atenda \u00e0s condi\u00e7\u00f5es gerais de abertura de empresa.\u00a0<\/span><\/p>\n<p><span style=\"font-weight: 400;\">S\u00e3o considerados empres\u00e1rios de acordo com o C\u00f3digo Civil, aquele que exerce profissionalmente atividade econ\u00f4mica organizada para a produ\u00e7\u00e3o ou a circula\u00e7\u00e3o de bens ou de servi\u00e7os, sendo obrigat\u00f3ria a inscri\u00e7\u00e3o do empres\u00e1rio no Registro P\u00fablico de Empresas Mercantis (Junta Comercial) da respectiva cidade, antes do in\u00edcio de sua atividade.<\/span><\/p>\n<h2><b>Quem pode exercer a atividade de empres\u00e1rio e ter um CNPJ?<\/b><\/h2>\n<p><span style=\"font-weight: 400;\">1.Maior de 18 anos, brasileiro(a) ou estrangeiro(a), que se achar na livre administra\u00e7\u00e3o de sua pessoa e bens. O estrangeiro dever\u00e1 ter domic\u00edlio no pa\u00eds ou nomear procurador para represent\u00e1-lo<\/span><\/p>\n<p>2. Menor de idade emancipado ou que atinja a maioridade pelas formas abaixo:<\/p>\n<ol>\n<li><span style=\"font-weight: 400;\">por concess\u00e3o dos pais, ou de um deles na falta de outro, se o menor tiver dezesseis anos completos. A outorga constar\u00e1 de instrumento p\u00fablico, que dever\u00e1 ser inscrito no Registro Civil das Pessoas Naturais e arquivado na Junta Comercial.<\/span><\/li>\n<li><span style=\"font-weight: 400;\">por senten\u00e7a do juiz que, tamb\u00e9m, dever\u00e1 ser inscrita no Registro Civil das Pessoas Naturais;<\/span><\/li>\n<li><span style=\"font-weight: 400;\">pelo casamento;<\/span><\/li>\n<li><span style=\"font-weight: 400;\">pelo exerc\u00edcio de emprego p\u00fablico efetivo (servidor ocupante de cargo em \u00f3rg\u00e3o da administra\u00e7\u00e3o direta, autarquia ou funda\u00e7\u00e3o p\u00fablica federal, estadual ou municipal);<\/span><\/li>\n<li><span style=\"font-weight: 400;\">pela cola\u00e7\u00e3o de grau em curso de ensino superior;<\/span><\/li>\n<li><span style=\"font-weight: 400;\">pelo estabelecimento civil ou comercial, ou pela exist\u00eancia de rela\u00e7\u00e3o de emprego, desde que, em fun\u00e7\u00e3o deles, o menor com 16 anos completos tenha economia pr\u00f3pria.<\/span><\/li>\n<\/ol>\n<p><span style=\"font-weight: 400;\">3. Desde que assistidos, como segue, uma vez que s\u00e3o relativamente incapazes para a pr\u00e1tica de atos jur\u00eddicos:<\/span><\/p>\n<ol>\n<li style=\"font-weight: 400;\" aria-level=\"1\"><span style=\"font-weight: 400;\">por seus pais ou por tutor:<\/span><\/li>\n<li style=\"font-weight: 400;\" aria-level=\"1\"><span style=\"font-weight: 400;\">maior de 16 anos e menor de 18 anos;<\/span><\/li>\n<li style=\"font-weight: 400;\" aria-level=\"1\"><span style=\"font-weight: 400;\">pelo curador:<\/span><\/li>\n<li style=\"font-weight: 400;\" aria-level=\"1\"><span style=\"font-weight: 400;\">o pr\u00f3digo e aqueles que, por enfermidade ou defici\u00eancia mental, n\u00e3o tiverem o necess\u00e1rio discernimento para os atos da vida civil; os deficientes mentais, os \u00e9brios habituais e os viciados em t\u00f3xicos; os excepcionais sem completo desenvolvimento mental;<\/span><\/li>\n<li style=\"font-weight: 400;\" aria-level=\"1\"><span style=\"font-weight: 400;\">de acordo com a legisla\u00e7\u00e3o especial (art.4\u00b0, par\u00e1grafo \u00fanico do C\u00f3digo Civil), o \u00edndio;<\/span><\/li>\n<\/ol>\n<ol start=\"4\">\n<li><span style=\"font-weight: 400;\"> Desde que representados, como segue, uma vez que s\u00e3o absolutamente incapazes de exercer pessoalmente os atos da vida civil:<\/span><\/li>\n<\/ol>\n<ol>\n<li style=\"font-weight: 400;\" aria-level=\"1\"><span style=\"font-weight: 400;\">por seus pais ou por tutor:<\/span><\/li>\n<li style=\"font-weight: 400;\" aria-level=\"1\"><span style=\"font-weight: 400;\">o menor de 16 anos;<\/span><\/li>\n<li style=\"font-weight: 400;\" aria-level=\"1\"><span style=\"font-weight: 400;\">pelo curador:<\/span><\/li>\n<li style=\"font-weight: 400;\" aria-level=\"1\"><span style=\"font-weight: 400;\">os que, por enfermidade ou defici\u00eancia mental, n\u00e3o tiverem o necess\u00e1rio discernimento para a pr\u00e1tica desses atos e os que, mesmo por causa transit\u00f3ria, n\u00e3o puderem exprimir sua vontade;<\/span><\/li>\n<\/ol>\n<ol start=\"5\">\n<li><span style=\"font-weight: 400;\"> Pessoa jur\u00eddica nacional ou estrangeira. N\u00e3o podem ser s\u00f3cios de sociedades a pessoa impedida por norma constitucional ou por lei especial.<\/span><\/li>\n<\/ol>\n<p><b>Para saber mais\u2026<\/b><\/p>\n<p><a href=\"https:\/\/www.contabilizei.com.br\/contabilidade-online\/como-abrir-empresa\/\" target=\"_blank\" rel=\"noopener\"><span style=\"font-weight: 400;\">Como abrir uma empresa em 2022: passo a passo completo<\/span><\/a><\/p>\n<p><a href=\"https:\/\/www.contabilizei.com.br\/contabilidade-online\/entenda-quais-sao-os-tipos-de-empresa-para-abrir-no-brasil\/\" target=\"_blank\" rel=\"noopener\"><span style=\"font-weight: 400;\">Entenda quais s\u00e3o os tipos de empresa para abrir no Brasil<\/span><\/a><\/p>\n<p><a href=\"https:\/\/www.contabilizei.com.br\/contabilidade-online\/como-abrir-uma-empresa-simples-nacional\/\" target=\"_blank\" rel=\"noopener\"><span style=\"font-weight: 400;\">Como abrir uma empresa Simples Nacional? Passo a passo<\/span><\/a><\/p>\n<p><a href=\"https:\/\/www.contabilizei.com.br\/contabilidade-online\/documentacao-para-abrir-empresa-saiba-o-que-e-solicitado-durante-o-processo\/\" target=\"_blank\" rel=\"noopener\"><span style=\"font-weight: 400;\">Documenta\u00e7\u00e3o para abrir empresa: saiba o que \u00e9 solicitado durante o processo<\/span><\/a><\/p>\n","protected":false},"excerpt":{"rendered":"<p>Sim, nada impede que uma pessoa com antecedentes criminais abra o CNPJ, desde que atenda \u00e0s condi\u00e7\u00f5es gerais de abertura de empresa.\u00a0 S\u00e3o considerados empres\u00e1rios de acordo com o C\u00f3digo Civil, aquele que exerce profissionalmente atividade econ\u00f4mica organizada para a produ\u00e7\u00e3o ou a circula\u00e7\u00e3o de bens ou de servi\u00e7os, sendo obrigat\u00f3ria a inscri\u00e7\u00e3o do empres\u00e1rio [&hellip;]<\/p>\n","protected":false},"parent":0,"menu_order":0,"template":"","category-questions":[29,27],"class_list":["post-336","perguntas","type-perguntas","status-publish","hentry","category_questions-abertura-de-empresa","category_questions-autonomo"],"acf":{"contador":{"ID":301,"post_author":"8","post_date":"2022-06-15 16:14:23","post_date_gmt":"2022-06-15 19:14:23","post_content":"","post_title":"Nicoli Meira","post_excerpt":"","post_status":"publish","comment_status":"closed","ping_status":"closed","post_password":"","post_name":"nicoli-meira","to_ping":"","pinged":"","post_modified":"2023-03-07 16:50:32","post_modified_gmt":"2023-03-07 19:50:32","post_content_filtered":"","post_parent":0,"guid":"https:\/\/site-static-prd1.ctbz.com.br\/contabilizei-responde\/?post_type=contador&#038;p=301","menu_order":0,"post_type":"contador","post_mime_type":"","comment_count":"0","filter":"raw"}},"yoast_head":"<!-- This site is optimized with the Yoast SEO plugin v27.5 - https:\/\/yoast.com\/product\/yoast-seo-wordpress\/ -->\n<title>Quem tem antecedentes criminais pode abrir empresa?<\/title>\n<meta name=\"description\" content=\"Saiba se quem tem antecedentes criminais pode abrir empresa.\" \/>\n<meta name=\"robots\" content=\"index, follow, max-snippet:-1, max-image-preview:large, max-video-preview:-1\" \/>\n<link rel=\"canonical\" href=\"https:\/\/www.contabilizei.com.br\/contabilizei-responde\/quem-tem-antecedentes-criminais-pode-abrir-empresa\/\" \/>\n<meta property=\"og:locale\" content=\"pt_BR\" \/>\n<meta property=\"og:type\" content=\"article\" \/>\n<meta property=\"og:title\" content=\"Quem tem antecedentes criminais pode abrir empresa?\" \/>\n<meta property=\"og:description\" content=\"Saiba se quem tem antecedentes criminais pode abrir empresa.\" \/>\n<meta property=\"og:url\" content=\"https:\/\/www.contabilizei.com.br\/contabilizei-responde\/quem-tem-antecedentes-criminais-pode-abrir-empresa\/\" \/>\n<meta property=\"og:site_name\" content=\"Contador Responde\" \/>\n<meta property=\"article:modified_time\" content=\"2026-02-20T18:03:23+00:00\" \/>\n<meta name=\"twitter:card\" content=\"summary_large_image\" \/>\n<meta name=\"twitter:label1\" content=\"Est. tempo de leitura\" \/>\n\t<meta name=\"twitter:data1\" content=\"3 minutos\" \/>\n<!-- \/ Yoast SEO plugin. -->","yoast_head_json":{"title":"Quem tem antecedentes criminais pode abrir empresa?","description":"Saiba se quem tem antecedentes criminais pode abrir empresa.","robots":{"index":"index","follow":"follow","max-snippet":"max-snippet:-1","max-image-preview":"max-image-preview:large","max-video-preview":"max-video-preview:-1"},"canonical":"https:\/\/www.contabilizei.com.br\/contabilizei-responde\/quem-tem-antecedentes-criminais-pode-abrir-empresa\/","og_locale":"pt_BR","og_type":"article","og_title":"Quem tem antecedentes criminais pode abrir empresa?","og_description":"Saiba se quem tem antecedentes criminais pode abrir empresa.","og_url":"https:\/\/www.contabilizei.com.br\/contabilizei-responde\/quem-tem-antecedentes-criminais-pode-abrir-empresa\/","og_site_name":"Contador Responde","article_modified_time":"2026-02-20T18:03:23+00:00","twitter_card":"summary_large_image","twitter_misc":{"Est. tempo de leitura":"3 minutos"},"schema":{"@context":"https:\/\/schema.org","@graph":[{"@type":"WebPage","@id":"https:\/\/www.contabilizei.com.br\/contabilizei-responde\/quem-tem-antecedentes-criminais-pode-abrir-empresa\/","url":"https:\/\/www.contabilizei.com.br\/contabilizei-responde\/quem-tem-antecedentes-criminais-pode-abrir-empresa\/","name":"Quem tem antecedentes criminais pode abrir empresa?","isPartOf":{"@id":"https:\/\/www.contabilizei.com.br\/contabilizei-responde\/#website"},"datePublished":"2022-06-28T17:04:45+00:00","dateModified":"2026-02-20T18:03:23+00:00","description":"Saiba se quem tem antecedentes criminais pode abrir empresa.","breadcrumb":{"@id":"https:\/\/www.contabilizei.com.br\/contabilizei-responde\/quem-tem-antecedentes-criminais-pode-abrir-empresa\/#breadcrumb"},"inLanguage":"pt-BR","potentialAction":[{"@type":"ReadAction","target":["https:\/\/www.contabilizei.com.br\/contabilizei-responde\/quem-tem-antecedentes-criminais-pode-abrir-empresa\/"]}]},{"@type":"BreadcrumbList","@id":"https:\/\/www.contabilizei.com.br\/contabilizei-responde\/quem-tem-antecedentes-criminais-pode-abrir-empresa\/#breadcrumb","itemListElement":[{"@type":"ListItem","position":1,"name":"Home","item":"https:\/\/www.contabilizei.com.br\/contabilizei-responde\/"},{"@type":"ListItem","position":2,"name":"Perguntas","item":"https:\/\/www.contabilizei.com.br\/contabilizei-responde\/perguntas\/"},{"@type":"ListItem","position":3,"name":"Quem tem antecedentes criminais pode abrir empresa?"}]},{"@type":"WebSite","@id":"https:\/\/www.contabilizei.com.br\/contabilizei-responde\/#website","url":"https:\/\/www.contabilizei.com.br\/contabilizei-responde\/","name":"Contador Responde","description":"","potentialAction":[{"@type":"SearchAction","target":{"@type":"EntryPoint","urlTemplate":"https:\/\/www.contabilizei.com.br\/contabilizei-responde\/?s={search_term_string}"},"query-input":{"@type":"PropertyValueSpecification","valueRequired":true,"valueName":"search_term_string"}}],"inLanguage":"pt-BR"}]}},"_links":{"self":[{"href":"https:\/\/www.contabilizei.com.br\/contabilizei-responde\/api\/wp\/v2\/questions\/336","targetHints":{"allow":["GET"]}}],"collection":[{"href":"https:\/\/www.contabilizei.com.br\/contabilizei-responde\/api\/wp\/v2\/questions"}],"about":[{"href":"https:\/\/www.contabilizei.com.br\/contabilizei-responde\/api\/wp\/v2\/types\/perguntas"}],"acf:post":[{"embeddable":true,"href":"https:\/\/www.contabilizei.com.br\/contabilizei-responde\/api\/wp\/v2\/contador\/301"}],"wp:attachment":[{"href":"https:\/\/www.contabilizei.com.br\/contabilizei-responde\/api\/wp\/v2\/media?parent=336"}],"wp:term":[{"taxonomy":"category_questions","embeddable":true,"href":"https:\/\/www.contabilizei.com.br\/contabilizei-responde\/api\/wp\/v2\/category-questions?post=336"}],"curies":[{"name":"wp","href":"https:\/\/api.w.org\/{rel}","templated":true}]}}

<p><span style="font-weight: 400;">Sim, nada impede que uma pessoa com antecedentes criminais abra o CNPJ, desde que atenda às condições gerais de abertura de empresa. </span></p>
<p><span style="font-weight: 400;">São considerados empresários de acordo com o Código Civil, aquele que exerce profissionalmente atividade econômica organizada para a produção ou a circulação de bens ou de serviços, sendo obrigatória a inscrição do empresário no Registro Público de Empresas Mercantis (Junta Comercial) da respectiva cidade, antes do início de sua atividade.</span></p>
<h2><b>Quem pode exercer a atividade de empresário e ter um CNPJ?</b></h2>
<p><span style="font-weight: 400;">1.Maior de 18 anos, brasileiro(a) ou estrangeiro(a), que se achar na livre administração de sua pessoa e bens. O estrangeiro deverá ter domicílio no país ou nomear procurador para representá-lo</span></p>
<p>2. Menor de idade emancipado ou que atinja a maioridade pelas formas abaixo:</p>
<ol>
<li><span style="font-weight: 400;">por concessão dos pais, ou de um deles na falta de outro, se o menor tiver dezesseis anos completos. A outorga constará de instrumento público, que deverá ser inscrito no Registro Civil das Pessoas Naturais e arquivado na Junta Comercial.</span></li>
<li><span style="font-weight: 400;">por sentença do juiz que, também, deverá ser inscrita no Registro Civil das Pessoas Naturais;</span></li>
<li><span style="font-weight: 400;">pelo casamento;</span></li>
<li><span style="font-weight: 400;">pelo exercício de emprego público efetivo (servidor ocupante de cargo em órgão da administração direta, autarquia ou fundação pública federal, estadual ou municipal);</span></li>
<li><span style="font-weight: 400;">pela colação de grau em curso de ensino superior;</span></li>
<li><span style="font-weight: 400;">pelo estabelecimento civil ou comercial, ou pela existência de relação de emprego, desde que, em função deles, o menor com 16 anos completos tenha economia própria.</span></li>
</ol>
<p><span style="font-weight: 400;">3. Desde que assistidos, como segue, uma vez que são relativamente incapazes para a prática de atos jurídicos:</span></p>
<ol>
<li style="font-weight: 400;" aria-level="1"><span style="font-weight: 400;">por seus pais ou por tutor:</span></li>
<li style="font-weight: 400;" aria-level="1"><span style="font-weight: 400;">maior de 16 anos e menor de 18 anos;</span></li>
<li style="font-weight: 400;" aria-level="1"><span style="font-weight: 400;">pelo curador:</span></li>
<li style="font-weight: 400;" aria-level="1"><span style="font-weight: 400;">o pródigo e aqueles que, por enfermidade ou deficiência mental, não tiverem o necessário discernimento para os atos da vida civil; os deficientes mentais, os ébrios habituais e os viciados em tóxicos; os excepcionais sem completo desenvolvimento mental;</span></li>
<li style="font-weight: 400;" aria-level="1"><span style="font-weight: 400;">de acordo com a legislação especial (art.4°, parágrafo único do Código Civil), o índio;</span></li>
</ol>
<ol start="4">
<li><span style="font-weight: 400;"> Desde que representados, como segue, uma vez que são absolutamente incapazes de exercer pessoalmente os atos da vida civil:</span></li>
</ol>
<ol>
<li style="font-weight: 400;" aria-level="1"><span style="font-weight: 400;">por seus pais ou por tutor:</span></li>
<li style="font-weight: 400;" aria-level="1"><span style="font-weight: 400;">o menor de 16 anos;</span></li>
<li style="font-weight: 400;" aria-level="1"><span style="font-weight: 400;">pelo curador:</span></li>
<li style="font-weight: 400;" aria-level="1"><span style="font-weight: 400;">os que, por enfermidade ou deficiência mental, não tiverem o necessário discernimento para a prática desses atos e os que, mesmo por causa transitória, não puderem exprimir sua vontade;</span></li>
</ol>
<ol start="5">
<li><span style="font-weight: 400;"> Pessoa jurídica nacional ou estrangeira. Não podem ser sócios de sociedades a pessoa impedida por norma constitucional ou por lei especial.</span></li>
</ol>
<p><b>Para saber mais…</b></p>
<p><a href="https://www.contabilizei.com.br/contabilidade-online/como-abrir-empresa/" target="_blank" rel="noopener"><span style="font-weight: 400;">Como abrir uma empresa em 2022: passo a passo completo</span></a></p>
<p><a href="https://www.contabilizei.com.br/contabilidade-online/entenda-quais-sao-os-tipos-de-empresa-para-abrir-no-brasil/" target="_blank" rel="noopener"><span style="font-weight: 400;">Entenda quais são os tipos de empresa para abrir no Brasil</span></a></p>
<p><a href="https://www.contabilizei.com.br/contabilidade-online/como-abrir-uma-empresa-simples-nacional/" target="_blank" rel="noopener"><span style="font-weight: 400;">Como abrir uma empresa Simples Nacional? Passo a passo</span></a></p>
<p><a href="https://www.contabilizei.com.br/contabilidade-online/documentacao-para-abrir-empresa-saiba-o-que-e-solicitado-durante-o-processo/" target="_blank" rel="noopener"><span style="font-weight: 400;">Documentação para abrir empresa: saiba o que é solicitado durante o processo</span></a></p>

<p>Sim, nada impede que uma pessoa com antecedentes criminais abra o CNPJ, desde que atenda às condições gerais de abertura de empresa.  São considerados empresários de acordo com o Código Civil, aquele que exerce profissionalmente atividade econômica organizada para a produção ou a circulação de bens ou de serviços, sendo obrigatória a inscrição do empresário [&hellip;]</p>
