{"id":321,"date":"2022-06-27T17:14:59","date_gmt":"2022-06-27T20:14:59","guid":{"rendered":"https:\/\/site-static-prd1.ctbz.com.br\/contabilizei-responde\/?post_type=perguntas&#038;p=321"},"modified":"2024-05-03T16:58:13","modified_gmt":"2024-05-03T19:58:13","slug":"o-que-e-o-parcelamento-do-simples-nacional","status":"publish","type":"perguntas","link":"https:\/\/www.contabilizei.com.br\/contabilizei-responde\/o-que-e-o-parcelamento-do-simples-nacional\/","title":{"rendered":"O que \u00e9 o Parcelamento do Simples Nacional?"},"content":{"rendered":"<p><span style=\"font-weight: 400;\">O parcelamento do Simples Nacional \u00e9 a forma legal para as micro e pequenas empresas optantes por este regime tribut\u00e1rio parcelarem suas d\u00edvidas com a Receita Federal.\u00a0<\/span><\/p>\n<p><span style=\"font-weight: 400;\">Para resolver suas pend\u00eancias com a Receita \u00e9 bastante f\u00e1cil, basta voc\u00ea assumir a sua d\u00edvida e negociar a melhor condi\u00e7\u00e3o poss\u00edvel de parcelamento ao longo do tempo.<\/span><\/p>\n<p><span style=\"font-weight: 400;\">Um grande problema da maioria das micro e pequenas empresas \u00e9 n\u00e3o cumprir com as suas obriga\u00e7\u00f5es em rela\u00e7\u00e3o \u00e0 Receita Federal. No dia a dia pode acontecer de algum imposto n\u00e3o ser pago ou atrasar sua quita\u00e7\u00e3o. Com o passar do tempo, esse\u00a0 deslize pode aumentar as suas despesas, ao gerar juros e multas para a empresa, e trazer mais um risco: de ser exclu\u00eddo do Simples Nacional e perder todas as vantagens que esse regime tribut\u00e1rio oferece.<\/span><\/p>\n<p><span style=\"font-weight: 400;\">Para evitar problemas para o micro e pequeno empreendedor, o governo criou uma forma de parcelar as d\u00edvidas, reduzindo o impacto imediato que esse gasto traria para o caixa do neg\u00f3cio, se tivesse que ser pago de maneira integral em um \u00fanico momento.<\/span><\/p>\n<p><span style=\"font-weight: 400;\">Para isso, o empreendedor deve fazer o parcelamento dos impostos recolhidos pelo DAS (Documento de Arrecada\u00e7\u00e3o do Simples Nacional) que estiverem por meses em atraso (geralmente acima de um ano), resolvendo suas pend\u00eancias.<\/span><\/p>\n<p><span style=\"font-weight: 400;\">Existem algumas possibilidades para parcelar as d\u00edvidas do Simples Nacional:\u00a0<\/span><\/p>\n<ol>\n<li style=\"font-weight: 400;\" aria-level=\"1\"><span style=\"font-weight: 400;\">Programa Especial de Regulariza\u00e7\u00e3o Tribut\u00e1ria das Microempresas e Empresas de Pequeno Porte optantes do Simples Nacional (PERT-SN);\u00a0<\/span><\/li>\n<li style=\"font-weight: 400;\" aria-level=\"1\"><span style=\"font-weight: 400;\">Parcelamento convencional;<\/span><\/li>\n<li style=\"font-weight: 400;\" aria-level=\"1\"><span style=\"font-weight: 400;\">Parcelamento especial;\u00a0<\/span><\/li>\n<li style=\"font-weight: 400;\" aria-level=\"1\"><span style=\"font-weight: 400;\">Parcelamento dos d\u00e9bitos inscritos em d\u00edvida ativa.\u00a0<\/span><\/li>\n<\/ol>\n<p><span style=\"font-weight: 400;\">Para entender melhor e se enquadrar na melhor condi\u00e7\u00e3o de parcelamento, conhe\u00e7a bem a sua situa\u00e7\u00e3o financeira (caixa) e de compromissos futuros. Se preferir, conte com o aux\u00edlio de um contador que pode ajudar no entendimento da situa\u00e7\u00e3o e do compromisso que voc\u00ea poder\u00e1 assinar com a Receita Federal.<\/span><\/p>\n<p><b>Para saber mais\u2026<\/b><\/p>\n<p><a href=\"https:\/\/www.contabilizei.com.br\/contabilidade-online\/parcelamento-simples-nacional\/\"><span style=\"font-weight: 400;\">Parcelamento do Simples Nacional: Entenda como Fazer<\/span><\/a><\/p>\n<p><a href=\"https:\/\/www.contabilizei.com.br\/contabilidade-online\/boleto-simples-nacional\/\"><span style=\"font-weight: 400;\">Como Emitir Boleto Simples Nacional (DAS): 2\u00aa via e Boleto Atrasado<\/span><\/a><\/p>\n<p><a href=\"https:\/\/www.contabilizei.com.br\/contabilidade-online\/abrir-empresa-com-iptu-atrasado\/\" target=\"_blank\" rel=\"noopener\"><span style=\"font-weight: 400;\">Posso abrir empresa com IPTU atrasado? Como regularizar<\/span><\/a><\/p>\n","protected":false},"excerpt":{"rendered":"<p>O parcelamento do Simples Nacional \u00e9 a forma legal para as micro e pequenas empresas optantes por este regime tribut\u00e1rio parcelarem suas d\u00edvidas com a Receita Federal.\u00a0 Para resolver suas pend\u00eancias com a Receita \u00e9 bastante f\u00e1cil, basta voc\u00ea assumir a sua d\u00edvida e negociar a melhor condi\u00e7\u00e3o poss\u00edvel de parcelamento ao longo do tempo. [&hellip;]<\/p>\n","protected":false},"parent":0,"menu_order":0,"template":"","category-questions":[26],"class_list":["post-321","perguntas","type-perguntas","status-publish","hentry","category_questions-simples-nacional"],"acf":{"contador":{"ID":927,"post_author":"4","post_date":"2023-05-25 10:44:50","post_date_gmt":"2023-05-25 13:44:50","post_content":"","post_title":"Michel Batista","post_excerpt":"","post_status":"publish","comment_status":"closed","ping_status":"closed","post_password":"","post_name":"michel-batista","to_ping":"","pinged":"","post_modified":"2023-05-25 10:44:50","post_modified_gmt":"2023-05-25 13:44:50","post_content_filtered":"","post_parent":0,"guid":"https:\/\/www.contabilizei.com.br\/contabilizei-responde\/?post_type=contador&#038;p=927","menu_order":0,"post_type":"contador","post_mime_type":"","comment_count":"0","filter":"raw"}},"yoast_head":"<!-- This site is optimized with the Yoast SEO plugin v27.5 - https:\/\/yoast.com\/product\/yoast-seo-wordpress\/ -->\n<title>O que \u00e9 o Parcelamento do Simples Nacional?<\/title>\n<meta name=\"description\" content=\"Saiba o que \u00e9 parcelamento do Simples Nacional e evite cobran\u00e7as que podem resultar na exclus\u00e3o do Simples.\" \/>\n<meta name=\"robots\" content=\"index, follow, max-snippet:-1, max-image-preview:large, max-video-preview:-1\" \/>\n<link rel=\"canonical\" href=\"https:\/\/www.contabilizei.com.br\/contabilizei-responde\/o-que-e-o-parcelamento-do-simples-nacional\/\" \/>\n<meta property=\"og:locale\" content=\"pt_BR\" \/>\n<meta property=\"og:type\" content=\"article\" \/>\n<meta property=\"og:title\" content=\"O que \u00e9 o Parcelamento do Simples Nacional?\" \/>\n<meta property=\"og:description\" content=\"Saiba o que \u00e9 parcelamento do Simples Nacional e evite cobran\u00e7as que podem resultar na exclus\u00e3o do Simples.\" \/>\n<meta property=\"og:url\" content=\"https:\/\/www.contabilizei.com.br\/contabilizei-responde\/o-que-e-o-parcelamento-do-simples-nacional\/\" \/>\n<meta property=\"og:site_name\" content=\"Contador Responde\" \/>\n<meta property=\"article:modified_time\" content=\"2024-05-03T19:58:13+00:00\" \/>\n<meta name=\"twitter:card\" content=\"summary_large_image\" \/>\n<meta name=\"twitter:label1\" content=\"Est. tempo de leitura\" \/>\n\t<meta name=\"twitter:data1\" content=\"2 minutos\" \/>\n<!-- \/ Yoast SEO plugin. -->","yoast_head_json":{"title":"O que \u00e9 o Parcelamento do Simples Nacional?","description":"Saiba o que \u00e9 parcelamento do Simples Nacional e evite cobran\u00e7as que podem resultar na exclus\u00e3o do Simples.","robots":{"index":"index","follow":"follow","max-snippet":"max-snippet:-1","max-image-preview":"max-image-preview:large","max-video-preview":"max-video-preview:-1"},"canonical":"https:\/\/www.contabilizei.com.br\/contabilizei-responde\/o-que-e-o-parcelamento-do-simples-nacional\/","og_locale":"pt_BR","og_type":"article","og_title":"O que \u00e9 o Parcelamento do Simples Nacional?","og_description":"Saiba o que \u00e9 parcelamento do Simples Nacional e evite cobran\u00e7as que podem resultar na exclus\u00e3o do Simples.","og_url":"https:\/\/www.contabilizei.com.br\/contabilizei-responde\/o-que-e-o-parcelamento-do-simples-nacional\/","og_site_name":"Contador Responde","article_modified_time":"2024-05-03T19:58:13+00:00","twitter_card":"summary_large_image","twitter_misc":{"Est. tempo de leitura":"2 minutos"},"schema":{"@context":"https:\/\/schema.org","@graph":[{"@type":"WebPage","@id":"https:\/\/www.contabilizei.com.br\/contabilizei-responde\/o-que-e-o-parcelamento-do-simples-nacional\/","url":"https:\/\/www.contabilizei.com.br\/contabilizei-responde\/o-que-e-o-parcelamento-do-simples-nacional\/","name":"O que \u00e9 o Parcelamento do Simples Nacional?","isPartOf":{"@id":"https:\/\/www.contabilizei.com.br\/contabilizei-responde\/#website"},"datePublished":"2022-06-27T20:14:59+00:00","dateModified":"2024-05-03T19:58:13+00:00","description":"Saiba o que \u00e9 parcelamento do Simples Nacional e evite cobran\u00e7as que podem resultar na exclus\u00e3o do Simples.","breadcrumb":{"@id":"https:\/\/www.contabilizei.com.br\/contabilizei-responde\/o-que-e-o-parcelamento-do-simples-nacional\/#breadcrumb"},"inLanguage":"pt-BR","potentialAction":[{"@type":"ReadAction","target":["https:\/\/www.contabilizei.com.br\/contabilizei-responde\/o-que-e-o-parcelamento-do-simples-nacional\/"]}]},{"@type":"BreadcrumbList","@id":"https:\/\/www.contabilizei.com.br\/contabilizei-responde\/o-que-e-o-parcelamento-do-simples-nacional\/#breadcrumb","itemListElement":[{"@type":"ListItem","position":1,"name":"Home","item":"https:\/\/www.contabilizei.com.br\/contabilizei-responde\/"},{"@type":"ListItem","position":2,"name":"Perguntas","item":"https:\/\/www.contabilizei.com.br\/contabilizei-responde\/perguntas\/"},{"@type":"ListItem","position":3,"name":"O que \u00e9 o Parcelamento do Simples Nacional?"}]},{"@type":"WebSite","@id":"https:\/\/www.contabilizei.com.br\/contabilizei-responde\/#website","url":"https:\/\/www.contabilizei.com.br\/contabilizei-responde\/","name":"Contador Responde","description":"","potentialAction":[{"@type":"SearchAction","target":{"@type":"EntryPoint","urlTemplate":"https:\/\/www.contabilizei.com.br\/contabilizei-responde\/?s={search_term_string}"},"query-input":{"@type":"PropertyValueSpecification","valueRequired":true,"valueName":"search_term_string"}}],"inLanguage":"pt-BR"}]}},"_links":{"self":[{"href":"https:\/\/www.contabilizei.com.br\/contabilizei-responde\/api\/wp\/v2\/questions\/321","targetHints":{"allow":["GET"]}}],"collection":[{"href":"https:\/\/www.contabilizei.com.br\/contabilizei-responde\/api\/wp\/v2\/questions"}],"about":[{"href":"https:\/\/www.contabilizei.com.br\/contabilizei-responde\/api\/wp\/v2\/types\/perguntas"}],"acf:post":[{"embeddable":true,"href":"https:\/\/www.contabilizei.com.br\/contabilizei-responde\/api\/wp\/v2\/contador\/927"}],"wp:attachment":[{"href":"https:\/\/www.contabilizei.com.br\/contabilizei-responde\/api\/wp\/v2\/media?parent=321"}],"wp:term":[{"taxonomy":"category_questions","embeddable":true,"href":"https:\/\/www.contabilizei.com.br\/contabilizei-responde\/api\/wp\/v2\/category-questions?post=321"}],"curies":[{"name":"wp","href":"https:\/\/api.w.org\/{rel}","templated":true}]}}

O que é o Parcelamento do Simples Nacional?

<p><span style="font-weight: 400;">O parcelamento do Simples Nacional é a forma legal para as micro e pequenas empresas optantes por este regime tributário parcelarem suas dívidas com a Receita Federal. </span></p>
<p><span style="font-weight: 400;">Para resolver suas pendências com a Receita é bastante fácil, basta você assumir a sua dívida e negociar a melhor condição possível de parcelamento ao longo do tempo.</span></p>
<p><span style="font-weight: 400;">Um grande problema da maioria das micro e pequenas empresas é não cumprir com as suas obrigações em relação à Receita Federal. No dia a dia pode acontecer de algum imposto não ser pago ou atrasar sua quitação. Com o passar do tempo, esse  deslize pode aumentar as suas despesas, ao gerar juros e multas para a empresa, e trazer mais um risco: de ser excluído do Simples Nacional e perder todas as vantagens que esse regime tributário oferece.</span></p>
<p><span style="font-weight: 400;">Para evitar problemas para o micro e pequeno empreendedor, o governo criou uma forma de parcelar as dívidas, reduzindo o impacto imediato que esse gasto traria para o caixa do negócio, se tivesse que ser pago de maneira integral em um único momento.</span></p>
<p><span style="font-weight: 400;">Para isso, o empreendedor deve fazer o parcelamento dos impostos recolhidos pelo DAS (Documento de Arrecadação do Simples Nacional) que estiverem por meses em atraso (geralmente acima de um ano), resolvendo suas pendências.</span></p>
<p><span style="font-weight: 400;">Existem algumas possibilidades para parcelar as dívidas do Simples Nacional: </span></p>
<ol>
<li style="font-weight: 400;" aria-level="1"><span style="font-weight: 400;">Programa Especial de Regularização Tributária das Microempresas e Empresas de Pequeno Porte optantes do Simples Nacional (PERT-SN); </span></li>
<li style="font-weight: 400;" aria-level="1"><span style="font-weight: 400;">Parcelamento convencional;</span></li>
<li style="font-weight: 400;" aria-level="1"><span style="font-weight: 400;">Parcelamento especial; </span></li>
<li style="font-weight: 400;" aria-level="1"><span style="font-weight: 400;">Parcelamento dos débitos inscritos em dívida ativa. </span></li>
</ol>
<p><span style="font-weight: 400;">Para entender melhor e se enquadrar na melhor condição de parcelamento, conheça bem a sua situação financeira (caixa) e de compromissos futuros. Se preferir, conte com o auxílio de um contador que pode ajudar no entendimento da situação e do compromisso que você poderá assinar com a Receita Federal.</span></p>
<p><b>Para saber mais…</b></p>
<p><a href="https://www.contabilizei.com.br/contabilidade-online/parcelamento-simples-nacional/"><span style="font-weight: 400;">Parcelamento do Simples Nacional: Entenda como Fazer</span></a></p>
<p><a href="https://www.contabilizei.com.br/contabilidade-online/boleto-simples-nacional/"><span style="font-weight: 400;">Como Emitir Boleto Simples Nacional (DAS): 2ª via e Boleto Atrasado</span></a></p>
<p><a href="https://www.contabilizei.com.br/contabilidade-online/abrir-empresa-com-iptu-atrasado/" target="_blank" rel="noopener"><span style="font-weight: 400;">Posso abrir empresa com IPTU atrasado? Como regularizar</span></a></p>

<p>O parcelamento do Simples Nacional é a forma legal para as micro e pequenas empresas optantes por este regime tributário parcelarem suas dívidas com a Receita Federal.  Para resolver suas pendências com a Receita é bastante fácil, basta você assumir a sua dívida e negociar a melhor condição possível de parcelamento ao longo do tempo. [&hellip;]</p>

<!-- This site is optimized with the Yoast SEO plugin v27.5 - https://yoast.com/product/yoast-seo-wordpress/ -->
<title>O que é o Parcelamento do Simples Nacional?</title>
<meta name="description" content="Saiba o que é parcelamento do Simples Nacional e evite cobranças que podem resultar na exclusão do Simples." />
<meta name="robots" content="index, follow, max-snippet:-1, max-image-preview:large, max-video-preview:-1" />
<link rel="canonical" href="https://www.contabilizei.com.br/contabilizei-responde/o-que-e-o-parcelamento-do-simples-nacional/" />
<meta property="og:locale" content="pt_BR" />
<meta property="og:type" content="article" />
<meta property="og:title" content="O que é o Parcelamento do Simples Nacional?" />
<meta property="og:description" content="Saiba o que é parcelamento do Simples Nacional e evite cobranças que podem resultar na exclusão do Simples." />
<meta property="og:url" content="https://www.contabilizei.com.br/contabilizei-responde/o-que-e-o-parcelamento-do-simples-nacional/" />
<meta property="og:site_name" content="Contador Responde" />
<meta property="article:modified_time" content="2024-05-03T19:58:13+00:00" />
<meta name="twitter:card" content="summary_large_image" />
<meta name="twitter:label1" content="Est. tempo de leitura" />
	<meta name="twitter:data1" content="2 minutos" />
<!-- / Yoast SEO plugin. -->

Saiba o que é parcelamento do Simples Nacional e evite cobranças que podem resultar na exclusão do Simples.
