{"id":311,"date":"2022-06-27T15:48:55","date_gmt":"2022-06-27T18:48:55","guid":{"rendered":"https:\/\/site-static-prd1.ctbz.com.br\/contabilizei-responde\/?post_type=perguntas&#038;p=311"},"modified":"2022-11-07T15:21:25","modified_gmt":"2022-11-07T18:21:25","slug":"nao-tive-faturamento-preciso-entregar-a-declaracao-anual","status":"publish","type":"perguntas","link":"https:\/\/www.contabilizei.com.br\/contabilizei-responde\/nao-tive-faturamento-preciso-entregar-a-declaracao-anual\/","title":{"rendered":"N\u00e3o tive faturamento. Preciso entregar a Declara\u00e7\u00e3o Anual?"},"content":{"rendered":"<p><span style=\"font-weight: 400;\">Sim. O MEI (Micro Empreendedor Individual) atrav\u00e9s das DASN-SIMEI e as Microempresas (ME) e Empresas de Pequeno Porte (EPP) atrav\u00e9s do DEFIS, que durante o ano de apura\u00e7\u00e3o (anterior) n\u00e3o tiveram faturamento ou ficaram sem movimento, est\u00e3o obrigadas a elaborar e entregar a Declara\u00e7\u00e3o Anual. Neste caso, a informa\u00e7\u00e3o que deve constar \u00e9 R$ 0,00 (sem faturamento), nos campos das Receitas Brutas, Vendas e\/ou Servi\u00e7os.<\/span><\/p>\n<h2><b>O DASN &#8211; SIMEI<\/b><\/h2>\n<p><span style=\"font-weight: 400;\">\u00c9 a declara\u00e7\u00e3o obrigat\u00f3ria anual do MEI.\u00a0 Ela deve ser enviada at\u00e9 o \u00faltimo dia de maio do ano seguinte \u00e0 apura\u00e7\u00e3o, informando os valores totais das vendas\/presta\u00e7\u00f5es de servi\u00e7os que voc\u00ea teve no ano anterior, mesmo que ainda n\u00e3o tenha recebido estes valores, ou que a empresa n\u00e3o tenha faturado no per\u00edodo. Caso extrapole o limite permitido de faturamento anual do MEI (R$ 81 mil), busque o suporte de um(a) profissional de contabilidade para formalizar o desenquadramento do regime do MEI, pois a empresa passar\u00e1 a recolher impostos como Micro Empresa ou Empresa de Pequeno Porte, ainda dentro do Simples Nacional (at\u00e9 o limite de R$ 4,8 milh\u00f5es \/ ano).<\/span><\/p>\n<h2><b>A DEFIS<\/b><\/h2>\n<p><span style=\"font-weight: 400;\">A DEFIS (Declara\u00e7\u00e3o de Informa\u00e7\u00f5es Socioecon\u00f4micas e Fiscais) \u00e9 utilizada para informar \u00e0 Receita Federal dados econ\u00f4micos, sociais e fiscais das empresas optantes pelo Simples Nacional. Ela \u00e9 o instrumento da Receita Federal para receber a comunica\u00e7\u00e3o e comprova\u00e7\u00e3o de quais tributos foram recolhidos pelas empresas. Vale lembrar que a DEFIS substituiu a antiga DASN (Declara\u00e7\u00e3o Anual do Simples Nacional) conforme determinado na Resolu\u00e7\u00e3o CGSN 94\/2011.<\/span><\/p>\n<p><span style=\"font-weight: 400;\">Precisam apresentar anualmente a DEFIS todas as empresas tributadas pelo Simples Nacional (exceto MEI), ou seja, Microempresas (ME) e Empresas de Pequeno Porte (EPP), ainda que inativas (sem faturamento no ano-exerc\u00edcio anterior ou altera\u00e7\u00f5es patrimoniais).<\/span><\/p>\n<p><b>Para saber mais\u2026<\/b><\/p>\n<p><a href=\"https:\/\/www.contabilizei.com.br\/contabilidade-online\/defis-o-que-e-quem-pode-emitir\/\" target=\"_blank\" rel=\"noopener\"><span style=\"font-weight: 400;\">DEFIS: o que \u00e9, para que serve e quem deve emitir?<\/span><\/a><\/p>\n<p><a href=\"https:\/\/www.contabilizei.com.br\/contabilidade-online\/calculo-mei-simples-nacional\/\" target=\"_blank\" rel=\"noopener\"><span style=\"font-weight: 400;\">C\u00e1lculo MEI Simples Nacional: como fazer, quanto pode faturar no ano e limite de nota fiscal por m\u00eas<\/span><\/a><\/p>\n<p>&nbsp;<\/p>\n","protected":false},"excerpt":{"rendered":"<p>Sim. O MEI (Micro Empreendedor Individual) atrav\u00e9s das DASN-SIMEI e as Microempresas (ME) e Empresas de Pequeno Porte (EPP) atrav\u00e9s do DEFIS, que durante o ano de apura\u00e7\u00e3o (anterior) n\u00e3o tiveram faturamento ou ficaram sem movimento, est\u00e3o obrigadas a elaborar e entregar a Declara\u00e7\u00e3o Anual. Neste caso, a informa\u00e7\u00e3o que deve constar \u00e9 R$ 0,00 [&hellip;]<\/p>\n","protected":false},"parent":0,"menu_order":0,"template":"","category-questions":[28],"class_list":["post-311","perguntas","type-perguntas","status-publish","hentry","category_questions-tributacao"],"acf":{"contador":{"ID":301,"post_author":"8","post_date":"2022-06-15 16:14:23","post_date_gmt":"2022-06-15 19:14:23","post_content":"","post_title":"Nicoli Meira","post_excerpt":"","post_status":"publish","comment_status":"closed","ping_status":"closed","post_password":"","post_name":"nicoli-meira","to_ping":"","pinged":"","post_modified":"2023-03-07 16:50:32","post_modified_gmt":"2023-03-07 19:50:32","post_content_filtered":"","post_parent":0,"guid":"https:\/\/site-static-prd1.ctbz.com.br\/contabilizei-responde\/?post_type=contador&#038;p=301","menu_order":0,"post_type":"contador","post_mime_type":"","comment_count":"0","filter":"raw"}},"yoast_head":"<!-- This site is optimized with the Yoast SEO plugin v27.5 - https:\/\/yoast.com\/product\/yoast-seo-wordpress\/ -->\n<title>N\u00e3o tive faturamento. Preciso entregar a Declara\u00e7\u00e3o Anual?<\/title>\n<meta name=\"description\" content=\"Confira se \u00e9 necess\u00e1rio entregar a declara\u00e7\u00e3o anual, mesmo sem ter faturamento. Acesse agora mesmo no Contabilizei Responde!\" \/>\n<meta name=\"robots\" content=\"index, follow, max-snippet:-1, max-image-preview:large, max-video-preview:-1\" \/>\n<link rel=\"canonical\" href=\"https:\/\/www.contabilizei.com.br\/contabilizei-responde\/nao-tive-faturamento-preciso-entregar-a-declaracao-anual\/\" \/>\n<meta property=\"og:locale\" content=\"pt_BR\" \/>\n<meta property=\"og:type\" content=\"article\" \/>\n<meta property=\"og:title\" content=\"N\u00e3o tive faturamento. Preciso entregar a Declara\u00e7\u00e3o Anual?\" \/>\n<meta property=\"og:description\" content=\"Confira se \u00e9 necess\u00e1rio entregar a declara\u00e7\u00e3o anual, mesmo sem ter faturamento. Acesse agora mesmo no Contabilizei Responde!\" \/>\n<meta property=\"og:url\" content=\"https:\/\/www.contabilizei.com.br\/contabilizei-responde\/nao-tive-faturamento-preciso-entregar-a-declaracao-anual\/\" \/>\n<meta property=\"og:site_name\" content=\"Contador Responde\" \/>\n<meta property=\"article:modified_time\" content=\"2022-11-07T18:21:25+00:00\" \/>\n<meta name=\"twitter:card\" content=\"summary_large_image\" \/>\n<meta name=\"twitter:label1\" content=\"Est. tempo de leitura\" \/>\n\t<meta name=\"twitter:data1\" content=\"2 minutos\" \/>\n<!-- \/ Yoast SEO plugin. -->","yoast_head_json":{"title":"N\u00e3o tive faturamento. Preciso entregar a Declara\u00e7\u00e3o Anual?","description":"Confira se \u00e9 necess\u00e1rio entregar a declara\u00e7\u00e3o anual, mesmo sem ter faturamento. Acesse agora mesmo no Contabilizei Responde!","robots":{"index":"index","follow":"follow","max-snippet":"max-snippet:-1","max-image-preview":"max-image-preview:large","max-video-preview":"max-video-preview:-1"},"canonical":"https:\/\/www.contabilizei.com.br\/contabilizei-responde\/nao-tive-faturamento-preciso-entregar-a-declaracao-anual\/","og_locale":"pt_BR","og_type":"article","og_title":"N\u00e3o tive faturamento. Preciso entregar a Declara\u00e7\u00e3o Anual?","og_description":"Confira se \u00e9 necess\u00e1rio entregar a declara\u00e7\u00e3o anual, mesmo sem ter faturamento. Acesse agora mesmo no Contabilizei Responde!","og_url":"https:\/\/www.contabilizei.com.br\/contabilizei-responde\/nao-tive-faturamento-preciso-entregar-a-declaracao-anual\/","og_site_name":"Contador Responde","article_modified_time":"2022-11-07T18:21:25+00:00","twitter_card":"summary_large_image","twitter_misc":{"Est. tempo de leitura":"2 minutos"},"schema":{"@context":"https:\/\/schema.org","@graph":[{"@type":"WebPage","@id":"https:\/\/www.contabilizei.com.br\/contabilizei-responde\/nao-tive-faturamento-preciso-entregar-a-declaracao-anual\/","url":"https:\/\/www.contabilizei.com.br\/contabilizei-responde\/nao-tive-faturamento-preciso-entregar-a-declaracao-anual\/","name":"N\u00e3o tive faturamento. Preciso entregar a Declara\u00e7\u00e3o Anual?","isPartOf":{"@id":"https:\/\/www.contabilizei.com.br\/contabilizei-responde\/#website"},"datePublished":"2022-06-27T18:48:55+00:00","dateModified":"2022-11-07T18:21:25+00:00","description":"Confira se \u00e9 necess\u00e1rio entregar a declara\u00e7\u00e3o anual, mesmo sem ter faturamento. Acesse agora mesmo no Contabilizei Responde!","breadcrumb":{"@id":"https:\/\/www.contabilizei.com.br\/contabilizei-responde\/nao-tive-faturamento-preciso-entregar-a-declaracao-anual\/#breadcrumb"},"inLanguage":"pt-BR","potentialAction":[{"@type":"ReadAction","target":["https:\/\/www.contabilizei.com.br\/contabilizei-responde\/nao-tive-faturamento-preciso-entregar-a-declaracao-anual\/"]}]},{"@type":"BreadcrumbList","@id":"https:\/\/www.contabilizei.com.br\/contabilizei-responde\/nao-tive-faturamento-preciso-entregar-a-declaracao-anual\/#breadcrumb","itemListElement":[{"@type":"ListItem","position":1,"name":"Home","item":"https:\/\/www.contabilizei.com.br\/contabilizei-responde\/"},{"@type":"ListItem","position":2,"name":"Perguntas","item":"https:\/\/www.contabilizei.com.br\/contabilizei-responde\/perguntas\/"},{"@type":"ListItem","position":3,"name":"N\u00e3o tive faturamento. Preciso entregar a Declara\u00e7\u00e3o Anual?"}]},{"@type":"WebSite","@id":"https:\/\/www.contabilizei.com.br\/contabilizei-responde\/#website","url":"https:\/\/www.contabilizei.com.br\/contabilizei-responde\/","name":"Contador Responde","description":"","potentialAction":[{"@type":"SearchAction","target":{"@type":"EntryPoint","urlTemplate":"https:\/\/www.contabilizei.com.br\/contabilizei-responde\/?s={search_term_string}"},"query-input":{"@type":"PropertyValueSpecification","valueRequired":true,"valueName":"search_term_string"}}],"inLanguage":"pt-BR"}]}},"_links":{"self":[{"href":"https:\/\/www.contabilizei.com.br\/contabilizei-responde\/api\/wp\/v2\/questions\/311","targetHints":{"allow":["GET"]}}],"collection":[{"href":"https:\/\/www.contabilizei.com.br\/contabilizei-responde\/api\/wp\/v2\/questions"}],"about":[{"href":"https:\/\/www.contabilizei.com.br\/contabilizei-responde\/api\/wp\/v2\/types\/perguntas"}],"acf:post":[{"embeddable":true,"href":"https:\/\/www.contabilizei.com.br\/contabilizei-responde\/api\/wp\/v2\/contador\/301"}],"wp:attachment":[{"href":"https:\/\/www.contabilizei.com.br\/contabilizei-responde\/api\/wp\/v2\/media?parent=311"}],"wp:term":[{"taxonomy":"category_questions","embeddable":true,"href":"https:\/\/www.contabilizei.com.br\/contabilizei-responde\/api\/wp\/v2\/category-questions?post=311"}],"curies":[{"name":"wp","href":"https:\/\/api.w.org\/{rel}","templated":true}]}}

Não tive faturamento. Preciso entregar a Declaração Anual?

<p><span style="font-weight: 400;">Sim. O MEI (Micro Empreendedor Individual) através das DASN-SIMEI e as Microempresas (ME) e Empresas de Pequeno Porte (EPP) através do DEFIS, que durante o ano de apuração (anterior) não tiveram faturamento ou ficaram sem movimento, estão obrigadas a elaborar e entregar a Declaração Anual. Neste caso, a informação que deve constar é R$ 0,00 (sem faturamento), nos campos das Receitas Brutas, Vendas e/ou Serviços.</span></p>
<h2><b>O DASN &#8211; SIMEI</b></h2>
<p><span style="font-weight: 400;">É a declaração obrigatória anual do MEI.  Ela deve ser enviada até o último dia de maio do ano seguinte à apuração, informando os valores totais das vendas/prestações de serviços que você teve no ano anterior, mesmo que ainda não tenha recebido estes valores, ou que a empresa não tenha faturado no período. Caso extrapole o limite permitido de faturamento anual do MEI (R$ 81 mil), busque o suporte de um(a) profissional de contabilidade para formalizar o desenquadramento do regime do MEI, pois a empresa passará a recolher impostos como Micro Empresa ou Empresa de Pequeno Porte, ainda dentro do Simples Nacional (até o limite de R$ 4,8 milhões / ano).</span></p>
<h2><b>A DEFIS</b></h2>
<p><span style="font-weight: 400;">A DEFIS (Declaração de Informações Socioeconômicas e Fiscais) é utilizada para informar à Receita Federal dados econômicos, sociais e fiscais das empresas optantes pelo Simples Nacional. Ela é o instrumento da Receita Federal para receber a comunicação e comprovação de quais tributos foram recolhidos pelas empresas. Vale lembrar que a DEFIS substituiu a antiga DASN (Declaração Anual do Simples Nacional) conforme determinado na Resolução CGSN 94/2011.</span></p>
<p><span style="font-weight: 400;">Precisam apresentar anualmente a DEFIS todas as empresas tributadas pelo Simples Nacional (exceto MEI), ou seja, Microempresas (ME) e Empresas de Pequeno Porte (EPP), ainda que inativas (sem faturamento no ano-exercício anterior ou alterações patrimoniais).</span></p>
<p><b>Para saber mais…</b></p>
<p><a href="https://www.contabilizei.com.br/contabilidade-online/defis-o-que-e-quem-pode-emitir/" target="_blank" rel="noopener"><span style="font-weight: 400;">DEFIS: o que é, para que serve e quem deve emitir?</span></a></p>
<p><a href="https://www.contabilizei.com.br/contabilidade-online/calculo-mei-simples-nacional/" target="_blank" rel="noopener"><span style="font-weight: 400;">Cálculo MEI Simples Nacional: como fazer, quanto pode faturar no ano e limite de nota fiscal por mês</span></a></p>
<p>&nbsp;</p>

<p>Sim. O MEI (Micro Empreendedor Individual) através das DASN-SIMEI e as Microempresas (ME) e Empresas de Pequeno Porte (EPP) através do DEFIS, que durante o ano de apuração (anterior) não tiveram faturamento ou ficaram sem movimento, estão obrigadas a elaborar e entregar a Declaração Anual. Neste caso, a informação que deve constar é R$ 0,00 [&hellip;]</p>

<!-- This site is optimized with the Yoast SEO plugin v27.5 - https://yoast.com/product/yoast-seo-wordpress/ -->
<title>Não tive faturamento. Preciso entregar a Declaração Anual?</title>
<meta name="description" content="Confira se é necessário entregar a declaração anual, mesmo sem ter faturamento. Acesse agora mesmo no Contabilizei Responde!" />
<meta name="robots" content="index, follow, max-snippet:-1, max-image-preview:large, max-video-preview:-1" />
<link rel="canonical" href="https://www.contabilizei.com.br/contabilizei-responde/nao-tive-faturamento-preciso-entregar-a-declaracao-anual/" />
<meta property="og:locale" content="pt_BR" />
<meta property="og:type" content="article" />
<meta property="og:title" content="Não tive faturamento. Preciso entregar a Declaração Anual?" />
<meta property="og:description" content="Confira se é necessário entregar a declaração anual, mesmo sem ter faturamento. Acesse agora mesmo no Contabilizei Responde!" />
<meta property="og:url" content="https://www.contabilizei.com.br/contabilizei-responde/nao-tive-faturamento-preciso-entregar-a-declaracao-anual/" />
<meta property="og:site_name" content="Contador Responde" />
<meta property="article:modified_time" content="2022-11-07T18:21:25+00:00" />
<meta name="twitter:card" content="summary_large_image" />
<meta name="twitter:label1" content="Est. tempo de leitura" />
	<meta name="twitter:data1" content="2 minutos" />
<!-- / Yoast SEO plugin. -->

Confira se é necessário entregar a declaração anual, mesmo sem ter faturamento. Acesse agora mesmo no Contabilizei Responde!
