{"id":1488,"date":"2024-04-01T17:20:58","date_gmt":"2024-04-01T20:20:58","guid":{"rendered":"https:\/\/www.contabilizei.com.br\/contabilizei-responde\/?post_type=perguntas&#038;p=1488"},"modified":"2024-03-12T17:23:07","modified_gmt":"2024-03-12T20:23:07","slug":"o-que-caracteriza-vinculo-empregaticio-pj","status":"publish","type":"perguntas","link":"https:\/\/www.contabilizei.com.br\/contabilizei-responde\/o-que-caracteriza-vinculo-empregaticio-pj\/","title":{"rendered":"O que caracteriza v\u00ednculo empregat\u00edcio PJ?"},"content":{"rendered":"<p><b>O reconhecimento do v\u00ednculo empregat\u00edcio para profissionais aut\u00f4nomos (PJ) envolve crit\u00e9rios espec\u00edficos, visando assegurar os direitos trabalhistas e evitar implica\u00e7\u00f5es legais.<\/b><\/p>\n<p><span style=\"font-weight: 400;\">Para quem atua como empregado CLT , a lei estabelece requisitos para caracterizar o v\u00ednculo empregat\u00edcio, exigindo a presen\u00e7a de elementos como a pessoalidade, subordina\u00e7\u00e3o, habitualidade e onerosidade.<\/span><\/p>\n<p><span style=\"font-weight: 400;\">Com base nisso os ind\u00edcios de v\u00ednculo empregat\u00edcio para PJs est\u00e3o na exclusividade na presta\u00e7\u00e3o de servi\u00e7os, uso da estrutura da empresa, controle de jornada, subordina\u00e7\u00e3o hier\u00e1rquica e recebimento de benef\u00edcios.<\/span><\/p>\n<p><span style=\"font-weight: 400;\">Embora atuem como pessoa jur\u00eddica, os PJs devem ter autonomia na gest\u00e3o do tempo e organiza\u00e7\u00e3o do trabalho, mas tamb\u00e9m assumem responsabilidades civis e tribut\u00e1rias, al\u00e9m de enfrentar riscos financeiros.<\/span><\/p>\n<p><span style=\"font-weight: 400;\">\u00c9 essencial formalizar o relacionamento por meio de contrato de presta\u00e7\u00e3o de servi\u00e7os, detalhando obriga\u00e7\u00f5es, remunera\u00e7\u00e3o e evidenciando a autonomia do PJ. Em nosso blog, disponibilizamos gratuitamente um <\/span><a href=\"https:\/\/www.contabilizei.com.br\/contrato-de-prestacao-de-servicos-autonomo-e-liberal\/\" target=\"_blank\" rel=\"noopener\"><span style=\"font-weight: 400;\">modelo de contrato para presta\u00e7\u00e3o de servi\u00e7os<\/span><\/a><span style=\"font-weight: 400;\">, para te ajudar na formaliza\u00e7\u00e3o.<\/span><\/p>\n<p><span style=\"font-weight: 400;\">Compreender esses aspectos \u00e9 fundamental para garantir a rela\u00e7\u00e3o legal entre empresas e profissionais aut\u00f4nomos que atuam como PJ, promovendo seguran\u00e7a jur\u00eddica e respeito aos direitos trabalhistas.<\/span><\/p>\n<p><span style=\"font-weight: 400;\">Se voc\u00ea pretende abrir uma empresa para prestar servi\u00e7os como aut\u00f4nomo, conte com a <\/span><a href=\"https:\/\/www.contabilizei.com.br\/sobre\/sobre-a-contabilizei\/\"><span style=\"font-weight: 400;\">Contabilizei<\/span><\/a><span style=\"font-weight: 400;\"> nesta jornada, e abra seu CNPJ de forma gratuita e sem precisar sair de casa. Realizamos todo o processo de forma online, garantindo mais tempo e economia para voc\u00ea focar no seu neg\u00f3cio. <\/span><a href=\"https:\/\/www.contabilizei.com.br\/abrir-empresa\/\" target=\"_blank\" rel=\"noopener\"><span style=\"font-weight: 400;\">Fale com um de nossos especialistas em abertura de empresa<\/span><\/a><\/p>\n","protected":false},"excerpt":{"rendered":"<p>O reconhecimento do v\u00ednculo empregat\u00edcio para profissionais aut\u00f4nomos (PJ) envolve crit\u00e9rios espec\u00edficos, visando assegurar os direitos trabalhistas e evitar implica\u00e7\u00f5es legais. Para quem atua como empregado CLT , a lei estabelece requisitos para caracterizar o v\u00ednculo empregat\u00edcio, exigindo a presen\u00e7a de elementos como a pessoalidade, subordina\u00e7\u00e3o, habitualidade e onerosidade. Com base nisso os ind\u00edcios de [&hellip;]<\/p>\n","protected":false},"parent":0,"menu_order":0,"template":"","category-questions":[31],"class_list":["post-1488","perguntas","type-perguntas","status-publish","hentry","category_questions-clt-x-pj"],"acf":{"contador":{"ID":1732,"post_author":"22","post_date":"2025-03-31 12:51:15","post_date_gmt":"2025-03-31 15:51:15","post_content":"","post_title":"Juliana Steffano","post_excerpt":"","post_status":"publish","comment_status":"closed","ping_status":"closed","post_password":"","post_name":"juliana-steffano","to_ping":"","pinged":"","post_modified":"2025-03-31 12:51:15","post_modified_gmt":"2025-03-31 15:51:15","post_content_filtered":"","post_parent":0,"guid":"https:\/\/www.contabilizei.com.br\/contabilizei-responde\/?post_type=contador&#038;p=1732","menu_order":0,"post_type":"contador","post_mime_type":"","comment_count":"0","filter":"raw"}},"yoast_head":"<!-- This site is optimized with the Yoast SEO plugin v27.5 - https:\/\/yoast.com\/product\/yoast-seo-wordpress\/ -->\n<title>O que caracteriza v\u00ednculo empregat\u00edcio PJ? - Contador Responde<\/title>\n<meta name=\"description\" content=\"Saiba o que caracteriza v\u00ednculo empregat\u00edcio PJ e como fazer um bom contrato de trabalho com CNPJ.\" \/>\n<meta name=\"robots\" content=\"index, follow, max-snippet:-1, max-image-preview:large, max-video-preview:-1\" \/>\n<link rel=\"canonical\" href=\"https:\/\/www.contabilizei.com.br\/contabilizei-responde\/o-que-caracteriza-vinculo-empregaticio-pj\/\" \/>\n<meta property=\"og:locale\" content=\"pt_BR\" \/>\n<meta property=\"og:type\" content=\"article\" \/>\n<meta property=\"og:title\" content=\"O que caracteriza v\u00ednculo empregat\u00edcio PJ? - Contador Responde\" \/>\n<meta property=\"og:description\" content=\"Saiba o que caracteriza v\u00ednculo empregat\u00edcio PJ e como fazer um bom contrato de trabalho com CNPJ.\" \/>\n<meta property=\"og:url\" content=\"https:\/\/www.contabilizei.com.br\/contabilizei-responde\/o-que-caracteriza-vinculo-empregaticio-pj\/\" \/>\n<meta property=\"og:site_name\" content=\"Contador Responde\" \/>\n<meta name=\"twitter:card\" content=\"summary_large_image\" \/>\n<meta name=\"twitter:label1\" content=\"Est. tempo de leitura\" \/>\n\t<meta name=\"twitter:data1\" content=\"2 minutos\" \/>\n<!-- \/ Yoast SEO plugin. -->","yoast_head_json":{"title":"O que caracteriza v\u00ednculo empregat\u00edcio PJ? - Contador Responde","description":"Saiba o que caracteriza v\u00ednculo empregat\u00edcio PJ e como fazer um bom contrato de trabalho com CNPJ.","robots":{"index":"index","follow":"follow","max-snippet":"max-snippet:-1","max-image-preview":"max-image-preview:large","max-video-preview":"max-video-preview:-1"},"canonical":"https:\/\/www.contabilizei.com.br\/contabilizei-responde\/o-que-caracteriza-vinculo-empregaticio-pj\/","og_locale":"pt_BR","og_type":"article","og_title":"O que caracteriza v\u00ednculo empregat\u00edcio PJ? - Contador Responde","og_description":"Saiba o que caracteriza v\u00ednculo empregat\u00edcio PJ e como fazer um bom contrato de trabalho com CNPJ.","og_url":"https:\/\/www.contabilizei.com.br\/contabilizei-responde\/o-que-caracteriza-vinculo-empregaticio-pj\/","og_site_name":"Contador Responde","twitter_card":"summary_large_image","twitter_misc":{"Est. tempo de leitura":"2 minutos"},"schema":{"@context":"https:\/\/schema.org","@graph":[{"@type":"WebPage","@id":"https:\/\/www.contabilizei.com.br\/contabilizei-responde\/o-que-caracteriza-vinculo-empregaticio-pj\/","url":"https:\/\/www.contabilizei.com.br\/contabilizei-responde\/o-que-caracteriza-vinculo-empregaticio-pj\/","name":"O que caracteriza v\u00ednculo empregat\u00edcio PJ? - Contador Responde","isPartOf":{"@id":"https:\/\/www.contabilizei.com.br\/contabilizei-responde\/#website"},"datePublished":"2024-04-01T20:20:58+00:00","description":"Saiba o que caracteriza v\u00ednculo empregat\u00edcio PJ e como fazer um bom contrato de trabalho com CNPJ.","breadcrumb":{"@id":"https:\/\/www.contabilizei.com.br\/contabilizei-responde\/o-que-caracteriza-vinculo-empregaticio-pj\/#breadcrumb"},"inLanguage":"pt-BR","potentialAction":[{"@type":"ReadAction","target":["https:\/\/www.contabilizei.com.br\/contabilizei-responde\/o-que-caracteriza-vinculo-empregaticio-pj\/"]}]},{"@type":"BreadcrumbList","@id":"https:\/\/www.contabilizei.com.br\/contabilizei-responde\/o-que-caracteriza-vinculo-empregaticio-pj\/#breadcrumb","itemListElement":[{"@type":"ListItem","position":1,"name":"Home","item":"https:\/\/www.contabilizei.com.br\/contabilizei-responde\/"},{"@type":"ListItem","position":2,"name":"Perguntas","item":"https:\/\/www.contabilizei.com.br\/contabilizei-responde\/perguntas\/"},{"@type":"ListItem","position":3,"name":"O que caracteriza v\u00ednculo empregat\u00edcio PJ?"}]},{"@type":"WebSite","@id":"https:\/\/www.contabilizei.com.br\/contabilizei-responde\/#website","url":"https:\/\/www.contabilizei.com.br\/contabilizei-responde\/","name":"Contador Responde","description":"","potentialAction":[{"@type":"SearchAction","target":{"@type":"EntryPoint","urlTemplate":"https:\/\/www.contabilizei.com.br\/contabilizei-responde\/?s={search_term_string}"},"query-input":{"@type":"PropertyValueSpecification","valueRequired":true,"valueName":"search_term_string"}}],"inLanguage":"pt-BR"}]}},"_links":{"self":[{"href":"https:\/\/www.contabilizei.com.br\/contabilizei-responde\/api\/wp\/v2\/questions\/1488","targetHints":{"allow":["GET"]}}],"collection":[{"href":"https:\/\/www.contabilizei.com.br\/contabilizei-responde\/api\/wp\/v2\/questions"}],"about":[{"href":"https:\/\/www.contabilizei.com.br\/contabilizei-responde\/api\/wp\/v2\/types\/perguntas"}],"acf:post":[{"embeddable":true,"href":"https:\/\/www.contabilizei.com.br\/contabilizei-responde\/api\/wp\/v2\/contador\/1732"}],"wp:attachment":[{"href":"https:\/\/www.contabilizei.com.br\/contabilizei-responde\/api\/wp\/v2\/media?parent=1488"}],"wp:term":[{"taxonomy":"category_questions","embeddable":true,"href":"https:\/\/www.contabilizei.com.br\/contabilizei-responde\/api\/wp\/v2\/category-questions?post=1488"}],"curies":[{"name":"wp","href":"https:\/\/api.w.org\/{rel}","templated":true}]}}

O que caracteriza vínculo empregatício PJ?

<p><b>O reconhecimento do vínculo empregatício para profissionais autônomos (PJ) envolve critérios específicos, visando assegurar os direitos trabalhistas e evitar implicações legais.</b></p>
<p><span style="font-weight: 400;">Para quem atua como empregado CLT , a lei estabelece requisitos para caracterizar o vínculo empregatício, exigindo a presença de elementos como a pessoalidade, subordinação, habitualidade e onerosidade.</span></p>
<p><span style="font-weight: 400;">Com base nisso os indícios de vínculo empregatício para PJs estão na exclusividade na prestação de serviços, uso da estrutura da empresa, controle de jornada, subordinação hierárquica e recebimento de benefícios.</span></p>
<p><span style="font-weight: 400;">Embora atuem como pessoa jurídica, os PJs devem ter autonomia na gestão do tempo e organização do trabalho, mas também assumem responsabilidades civis e tributárias, além de enfrentar riscos financeiros.</span></p>
<p><span style="font-weight: 400;">É essencial formalizar o relacionamento por meio de contrato de prestação de serviços, detalhando obrigações, remuneração e evidenciando a autonomia do PJ. Em nosso blog, disponibilizamos gratuitamente um </span><a href="https://www.contabilizei.com.br/contrato-de-prestacao-de-servicos-autonomo-e-liberal/" target="_blank" rel="noopener"><span style="font-weight: 400;">modelo de contrato para prestação de serviços</span></a><span style="font-weight: 400;">, para te ajudar na formalização.</span></p>
<p><span style="font-weight: 400;">Compreender esses aspectos é fundamental para garantir a relação legal entre empresas e profissionais autônomos que atuam como PJ, promovendo segurança jurídica e respeito aos direitos trabalhistas.</span></p>
<p><span style="font-weight: 400;">Se você pretende abrir uma empresa para prestar serviços como autônomo, conte com a </span><a href="https://www.contabilizei.com.br/sobre/sobre-a-contabilizei/"><span style="font-weight: 400;">Contabilizei</span></a><span style="font-weight: 400;"> nesta jornada, e abra seu CNPJ de forma gratuita e sem precisar sair de casa. Realizamos todo o processo de forma online, garantindo mais tempo e economia para você focar no seu negócio. </span><a href="https://www.contabilizei.com.br/abrir-empresa/" target="_blank" rel="noopener"><span style="font-weight: 400;">Fale com um de nossos especialistas em abertura de empresa</span></a></p>

<p>O reconhecimento do vínculo empregatício para profissionais autônomos (PJ) envolve critérios específicos, visando assegurar os direitos trabalhistas e evitar implicações legais. Para quem atua como empregado CLT , a lei estabelece requisitos para caracterizar o vínculo empregatício, exigindo a presença de elementos como a pessoalidade, subordinação, habitualidade e onerosidade. Com base nisso os indícios de [&hellip;]</p>

<!-- This site is optimized with the Yoast SEO plugin v27.5 - https://yoast.com/product/yoast-seo-wordpress/ -->
<title>O que caracteriza vínculo empregatício PJ? - Contador Responde</title>
<meta name="description" content="Saiba o que caracteriza vínculo empregatício PJ e como fazer um bom contrato de trabalho com CNPJ." />
<meta name="robots" content="index, follow, max-snippet:-1, max-image-preview:large, max-video-preview:-1" />
<link rel="canonical" href="https://www.contabilizei.com.br/contabilizei-responde/o-que-caracteriza-vinculo-empregaticio-pj/" />
<meta property="og:locale" content="pt_BR" />
<meta property="og:type" content="article" />
<meta property="og:title" content="O que caracteriza vínculo empregatício PJ? - Contador Responde" />
<meta property="og:description" content="Saiba o que caracteriza vínculo empregatício PJ e como fazer um bom contrato de trabalho com CNPJ." />
<meta property="og:url" content="https://www.contabilizei.com.br/contabilizei-responde/o-que-caracteriza-vinculo-empregaticio-pj/" />
<meta property="og:site_name" content="Contador Responde" />
<meta name="twitter:card" content="summary_large_image" />
<meta name="twitter:label1" content="Est. tempo de leitura" />
	<meta name="twitter:data1" content="2 minutos" />
<!-- / Yoast SEO plugin. -->

O que caracteriza vínculo empregatício PJ? - Contador Responde

Saiba o que caracteriza vínculo empregatício PJ e como fazer um bom contrato de trabalho com CNPJ.
