{"id":1290,"date":"2024-01-25T17:37:57","date_gmt":"2024-01-25T20:37:57","guid":{"rendered":"https:\/\/www.contabilizei.com.br\/contabilizei-responde\/?post_type=perguntas&#038;p=1290"},"modified":"2024-01-24T17:39:19","modified_gmt":"2024-01-24T20:39:19","slug":"reforma-tributaria-alimentacao","status":"publish","type":"perguntas","link":"https:\/\/www.contabilizei.com.br\/contabilizei-responde\/reforma-tributaria-alimentacao\/","title":{"rendered":"Reforma tribut\u00e1ria alimenta\u00e7\u00e3o: o que muda para o setor?"},"content":{"rendered":"<p><span style=\"font-weight: 400;\">A Reforma Tribut\u00e1ria impacta significativamente o sistema tribut\u00e1rio brasileiro como um todo,<\/span><b> em particular as altera\u00e7\u00f5es para o setor aliment\u00edcio, as mudan\u00e7as relevantes, principalmente em rela\u00e7\u00e3o a oportunidade de redu\u00e7\u00e3o da carga tribut\u00e1ria sobre alimentos e produtos de cesta b\u00e1sica, mas tamb\u00e9m na extin\u00e7\u00e3o benef\u00edcios fiscais j\u00e1 existentes.<\/b><\/p>\n<p><span style=\"font-weight: 400;\">Aqui est\u00e3o os principais pontos de altera\u00e7\u00e3o da Reforma Tribut\u00e1ria para o setor de alimenta\u00e7\u00e3o:<\/span><\/p>\n<ol>\n<li style=\"font-weight: 400;\" aria-level=\"1\"><b>Estabelece al\u00edquota zero para itens da cesta b\u00e1sica nacional<\/b><span style=\"font-weight: 400;\">,<\/span><b> produtos hort\u00edcolas, frutas e ovos, al\u00e9m de produtores rurais com receita anual at\u00e9 R$ 3,6 milh\u00f5es;<\/b><\/li>\n<li style=\"font-weight: 400;\" aria-level=\"1\"><b>Reduz em 60% as al\u00edquotas para setores-chave da economia<\/b><span style=\"font-weight: 400;\">, entre eles o de alimentos de consumo humano;<\/span><\/li>\n<li style=\"font-weight: 400;\" aria-level=\"1\"><b>Define a Cesta B\u00e1sica Nacional com isen\u00e7\u00e3o total de tributos,<\/b><span style=\"font-weight: 400;\"> afastando a proposta inicial de uma vers\u00e3o estendida com al\u00edquota reduzida e cashback integral.<\/span><\/li>\n<li style=\"font-weight: 400;\" aria-level=\"1\"><b>Introduz o cashback para consumidores de baixa renda<\/b><span style=\"font-weight: 400;\">, devolvendo CBS e IBS (parcial) sobre alguns bens, dentre eles os produtos aliment\u00edcios e g\u00e1s de cozinha.<\/span><\/li>\n<li style=\"font-weight: 400;\" aria-level=\"1\"><b>Isenta de tributos as exporta\u00e7\u00f5es de alimentos<\/b><span style=\"font-weight: 400;\">, enquanto imp\u00f5e tributa\u00e7\u00e3o equivalente para importa\u00e7\u00f5es.<\/span><\/li>\n<li style=\"font-weight: 400;\" aria-level=\"1\"><b>Reduzir\u00e1 incentivos fiscais para todos os setores<\/b><span style=\"font-weight: 400;\">, incluindo alimentos, em 10% ao ano a partir de 2029, com limites at\u00e9 2032. Um fundo de compensa\u00e7\u00e3o ser\u00e1 criado para mitigar perdas dos contribuintes e compensar estados e munic\u00edpios.<\/span><\/li>\n<\/ol>\n<p><span style=\"font-weight: 400;\">Para compreender o impacto da Reforma Tribut\u00e1ria, a <\/span><span style=\"font-weight: 400;\">Contabilizei<\/span><span style=\"font-weight: 400;\"> oferece um guia pr\u00e1tico e simplificado em seu blog, abordando os principais aspectos de mudan\u00e7a para as opera\u00e7\u00f5es fiscais das empresas.<\/span><\/p>\n<p><span style=\"font-weight: 400;\">A Contabilizei est\u00e1 preparada para este momento de transi\u00e7\u00e3o no sistema tribut\u00e1rio e pronta para garantir toda a regularidade fiscal dos clientes e a tributa\u00e7\u00e3o mais vantajosa poss\u00edvel. Fale com um de nossos especialistas em tributa\u00e7\u00e3o e <\/span><a href=\"https:\/\/www.contabilizei.com.br\/abrir-empresa\/\" target=\"_blank\" rel=\"noopener\"><span style=\"font-weight: 400;\">traga sua empresa para a Contabilize<\/span><\/a><span style=\"font-weight: 400;\">i.<\/span><\/p>\n","protected":false},"excerpt":{"rendered":"<p>A Reforma Tribut\u00e1ria impacta significativamente o sistema tribut\u00e1rio brasileiro como um todo, em particular as altera\u00e7\u00f5es para o setor aliment\u00edcio, as mudan\u00e7as relevantes, principalmente em rela\u00e7\u00e3o a oportunidade de redu\u00e7\u00e3o da carga tribut\u00e1ria sobre alimentos e produtos de cesta b\u00e1sica, mas tamb\u00e9m na extin\u00e7\u00e3o benef\u00edcios fiscais j\u00e1 existentes. Aqui est\u00e3o os principais pontos de altera\u00e7\u00e3o [&hellip;]<\/p>\n","protected":false},"parent":0,"menu_order":0,"template":"","category-questions":[39],"class_list":["post-1290","perguntas","type-perguntas","status-publish","hentry","category_questions-reforma-tributaria"],"acf":{"contador":{"ID":927,"post_author":"4","post_date":"2023-05-25 10:44:50","post_date_gmt":"2023-05-25 13:44:50","post_content":"","post_title":"Michel Batista","post_excerpt":"","post_status":"publish","comment_status":"closed","ping_status":"closed","post_password":"","post_name":"michel-batista","to_ping":"","pinged":"","post_modified":"2023-05-25 10:44:50","post_modified_gmt":"2023-05-25 13:44:50","post_content_filtered":"","post_parent":0,"guid":"https:\/\/www.contabilizei.com.br\/contabilizei-responde\/?post_type=contador&#038;p=927","menu_order":0,"post_type":"contador","post_mime_type":"","comment_count":"0","filter":"raw"}},"yoast_head":"<!-- This site is optimized with the Yoast SEO plugin v27.5 - https:\/\/yoast.com\/product\/yoast-seo-wordpress\/ -->\n<title>Reforma tribut\u00e1ria alimenta\u00e7\u00e3o: o que muda para o setor?<\/title>\n<meta name=\"description\" content=\"Entenda como o setor de alimenta\u00e7\u00e3o vai sofrer os impactos da Reforma Tribut\u00e1ria e prepare a sua empresa.\" \/>\n<meta name=\"robots\" content=\"index, follow, max-snippet:-1, max-image-preview:large, max-video-preview:-1\" \/>\n<link rel=\"canonical\" href=\"https:\/\/www.contabilizei.com.br\/contabilizei-responde\/reforma-tributaria-alimentacao\/\" \/>\n<meta property=\"og:locale\" content=\"pt_BR\" \/>\n<meta property=\"og:type\" content=\"article\" \/>\n<meta property=\"og:title\" content=\"Reforma tribut\u00e1ria alimenta\u00e7\u00e3o: o que muda para o setor?\" \/>\n<meta property=\"og:description\" content=\"Entenda como o setor de alimenta\u00e7\u00e3o vai sofrer os impactos da Reforma Tribut\u00e1ria e prepare a sua empresa.\" \/>\n<meta property=\"og:url\" content=\"https:\/\/www.contabilizei.com.br\/contabilizei-responde\/reforma-tributaria-alimentacao\/\" \/>\n<meta property=\"og:site_name\" content=\"Contador Responde\" \/>\n<meta name=\"twitter:card\" content=\"summary_large_image\" \/>\n<meta name=\"twitter:label1\" content=\"Est. tempo de leitura\" \/>\n\t<meta name=\"twitter:data1\" content=\"2 minutos\" \/>\n<!-- \/ Yoast SEO plugin. -->","yoast_head_json":{"title":"Reforma tribut\u00e1ria alimenta\u00e7\u00e3o: o que muda para o setor?","description":"Entenda como o setor de alimenta\u00e7\u00e3o vai sofrer os impactos da Reforma Tribut\u00e1ria e prepare a sua empresa.","robots":{"index":"index","follow":"follow","max-snippet":"max-snippet:-1","max-image-preview":"max-image-preview:large","max-video-preview":"max-video-preview:-1"},"canonical":"https:\/\/www.contabilizei.com.br\/contabilizei-responde\/reforma-tributaria-alimentacao\/","og_locale":"pt_BR","og_type":"article","og_title":"Reforma tribut\u00e1ria alimenta\u00e7\u00e3o: o que muda para o setor?","og_description":"Entenda como o setor de alimenta\u00e7\u00e3o vai sofrer os impactos da Reforma Tribut\u00e1ria e prepare a sua empresa.","og_url":"https:\/\/www.contabilizei.com.br\/contabilizei-responde\/reforma-tributaria-alimentacao\/","og_site_name":"Contador Responde","twitter_card":"summary_large_image","twitter_misc":{"Est. tempo de leitura":"2 minutos"},"schema":{"@context":"https:\/\/schema.org","@graph":[{"@type":"WebPage","@id":"https:\/\/www.contabilizei.com.br\/contabilizei-responde\/reforma-tributaria-alimentacao\/","url":"https:\/\/www.contabilizei.com.br\/contabilizei-responde\/reforma-tributaria-alimentacao\/","name":"Reforma tribut\u00e1ria alimenta\u00e7\u00e3o: o que muda para o setor?","isPartOf":{"@id":"https:\/\/www.contabilizei.com.br\/contabilizei-responde\/#website"},"datePublished":"2024-01-25T20:37:57+00:00","description":"Entenda como o setor de alimenta\u00e7\u00e3o vai sofrer os impactos da Reforma Tribut\u00e1ria e prepare a sua empresa.","breadcrumb":{"@id":"https:\/\/www.contabilizei.com.br\/contabilizei-responde\/reforma-tributaria-alimentacao\/#breadcrumb"},"inLanguage":"pt-BR","potentialAction":[{"@type":"ReadAction","target":["https:\/\/www.contabilizei.com.br\/contabilizei-responde\/reforma-tributaria-alimentacao\/"]}]},{"@type":"BreadcrumbList","@id":"https:\/\/www.contabilizei.com.br\/contabilizei-responde\/reforma-tributaria-alimentacao\/#breadcrumb","itemListElement":[{"@type":"ListItem","position":1,"name":"Home","item":"https:\/\/www.contabilizei.com.br\/contabilizei-responde\/"},{"@type":"ListItem","position":2,"name":"Perguntas","item":"https:\/\/www.contabilizei.com.br\/contabilizei-responde\/perguntas\/"},{"@type":"ListItem","position":3,"name":"Reforma tribut\u00e1ria alimenta\u00e7\u00e3o: o que muda para o setor?"}]},{"@type":"WebSite","@id":"https:\/\/www.contabilizei.com.br\/contabilizei-responde\/#website","url":"https:\/\/www.contabilizei.com.br\/contabilizei-responde\/","name":"Contador Responde","description":"","potentialAction":[{"@type":"SearchAction","target":{"@type":"EntryPoint","urlTemplate":"https:\/\/www.contabilizei.com.br\/contabilizei-responde\/?s={search_term_string}"},"query-input":{"@type":"PropertyValueSpecification","valueRequired":true,"valueName":"search_term_string"}}],"inLanguage":"pt-BR"}]}},"_links":{"self":[{"href":"https:\/\/www.contabilizei.com.br\/contabilizei-responde\/api\/wp\/v2\/questions\/1290","targetHints":{"allow":["GET"]}}],"collection":[{"href":"https:\/\/www.contabilizei.com.br\/contabilizei-responde\/api\/wp\/v2\/questions"}],"about":[{"href":"https:\/\/www.contabilizei.com.br\/contabilizei-responde\/api\/wp\/v2\/types\/perguntas"}],"acf:post":[{"embeddable":true,"href":"https:\/\/www.contabilizei.com.br\/contabilizei-responde\/api\/wp\/v2\/contador\/927"}],"wp:attachment":[{"href":"https:\/\/www.contabilizei.com.br\/contabilizei-responde\/api\/wp\/v2\/media?parent=1290"}],"wp:term":[{"taxonomy":"category_questions","embeddable":true,"href":"https:\/\/www.contabilizei.com.br\/contabilizei-responde\/api\/wp\/v2\/category-questions?post=1290"}],"curies":[{"name":"wp","href":"https:\/\/api.w.org\/{rel}","templated":true}]}}

Reforma tributária alimentação: o que muda para o setor?

<p><span style="font-weight: 400;">A Reforma Tributária impacta significativamente o sistema tributário brasileiro como um todo,</span><b> em particular as alterações para o setor alimentício, as mudanças relevantes, principalmente em relação a oportunidade de redução da carga tributária sobre alimentos e produtos de cesta básica, mas também na extinção benefícios fiscais já existentes.</b></p>
<p><span style="font-weight: 400;">Aqui estão os principais pontos de alteração da Reforma Tributária para o setor de alimentação:</span></p>
<ol>
<li style="font-weight: 400;" aria-level="1"><b>Estabelece alíquota zero para itens da cesta básica nacional</b><span style="font-weight: 400;">,</span><b> produtos hortícolas, frutas e ovos, além de produtores rurais com receita anual até R$ 3,6 milhões;</b></li>
<li style="font-weight: 400;" aria-level="1"><b>Reduz em 60% as alíquotas para setores-chave da economia</b><span style="font-weight: 400;">, entre eles o de alimentos de consumo humano;</span></li>
<li style="font-weight: 400;" aria-level="1"><b>Define a Cesta Básica Nacional com isenção total de tributos,</b><span style="font-weight: 400;"> afastando a proposta inicial de uma versão estendida com alíquota reduzida e cashback integral.</span></li>
<li style="font-weight: 400;" aria-level="1"><b>Introduz o cashback para consumidores de baixa renda</b><span style="font-weight: 400;">, devolvendo CBS e IBS (parcial) sobre alguns bens, dentre eles os produtos alimentícios e gás de cozinha.</span></li>
<li style="font-weight: 400;" aria-level="1"><b>Isenta de tributos as exportações de alimentos</b><span style="font-weight: 400;">, enquanto impõe tributação equivalente para importações.</span></li>
<li style="font-weight: 400;" aria-level="1"><b>Reduzirá incentivos fiscais para todos os setores</b><span style="font-weight: 400;">, incluindo alimentos, em 10% ao ano a partir de 2029, com limites até 2032. Um fundo de compensação será criado para mitigar perdas dos contribuintes e compensar estados e municípios.</span></li>
</ol>
<p><span style="font-weight: 400;">Para compreender o impacto da Reforma Tributária, a </span><span style="font-weight: 400;">Contabilizei</span><span style="font-weight: 400;"> oferece um guia prático e simplificado em seu blog, abordando os principais aspectos de mudança para as operações fiscais das empresas.</span></p>
<p><span style="font-weight: 400;">A Contabilizei está preparada para este momento de transição no sistema tributário e pronta para garantir toda a regularidade fiscal dos clientes e a tributação mais vantajosa possível. Fale com um de nossos especialistas em tributação e </span><a href="https://www.contabilizei.com.br/abrir-empresa/" target="_blank" rel="noopener"><span style="font-weight: 400;">traga sua empresa para a Contabilize</span></a><span style="font-weight: 400;">i.</span></p>

<p>A Reforma Tributária impacta significativamente o sistema tributário brasileiro como um todo, em particular as alterações para o setor alimentício, as mudanças relevantes, principalmente em relação a oportunidade de redução da carga tributária sobre alimentos e produtos de cesta básica, mas também na extinção benefícios fiscais já existentes. Aqui estão os principais pontos de alteração [&hellip;]</p>

<!-- This site is optimized with the Yoast SEO plugin v27.5 - https://yoast.com/product/yoast-seo-wordpress/ -->
<title>Reforma tributária alimentação: o que muda para o setor?</title>
<meta name="description" content="Entenda como o setor de alimentação vai sofrer os impactos da Reforma Tributária e prepare a sua empresa." />
<meta name="robots" content="index, follow, max-snippet:-1, max-image-preview:large, max-video-preview:-1" />
<link rel="canonical" href="https://www.contabilizei.com.br/contabilizei-responde/reforma-tributaria-alimentacao/" />
<meta property="og:locale" content="pt_BR" />
<meta property="og:type" content="article" />
<meta property="og:title" content="Reforma tributária alimentação: o que muda para o setor?" />
<meta property="og:description" content="Entenda como o setor de alimentação vai sofrer os impactos da Reforma Tributária e prepare a sua empresa." />
<meta property="og:url" content="https://www.contabilizei.com.br/contabilizei-responde/reforma-tributaria-alimentacao/" />
<meta property="og:site_name" content="Contador Responde" />
<meta name="twitter:card" content="summary_large_image" />
<meta name="twitter:label1" content="Est. tempo de leitura" />
	<meta name="twitter:data1" content="2 minutos" />
<!-- / Yoast SEO plugin. -->

Entenda como o setor de alimentação vai sofrer os impactos da Reforma Tributária e prepare a sua empresa.
