{"id":1175,"date":"2023-10-03T16:36:14","date_gmt":"2023-10-03T19:36:14","guid":{"rendered":"https:\/\/www.contabilizei.com.br\/contabilizei-responde\/?post_type=perguntas&#038;p=1175"},"modified":"2026-02-04T16:03:14","modified_gmt":"2026-02-04T19:03:14","slug":"mei-que-nao-e-prestador-de-servico-precisa-ter-inscricao-estadual","status":"publish","type":"perguntas","link":"https:\/\/www.contabilizei.com.br\/contabilizei-responde\/mei-que-nao-e-prestador-de-servico-precisa-ter-inscricao-estadual\/","title":{"rendered":"MEI que n\u00e3o \u00e9 prestador de servi\u00e7o precisa ter Inscri\u00e7\u00e3o estadual?"},"content":{"rendered":"<p><b>Os Microempreendedores Individuais (MEIs) que n\u00e3o s\u00e3o prestadores de servi\u00e7o, ou seja, atuam no ramo do com\u00e9rcio, ind\u00fastria ou transporte, precisam ter Inscri\u00e7\u00e3o Estadual apenas se o estado exigir. Mesmo quando a Inscri\u00e7\u00e3o Estadual for obrigat\u00f3ria, o MEI n\u00e3o ser\u00e1 enquadrado como microempresa.<\/b><\/p>\n<p><span style=\"font-weight: 400;\">Os MEIs s\u00e3o enquadrados como uma categoria espec\u00edfica de empreendedores, com regras e obriga\u00e7\u00f5es simplificadas. Eles s\u00e3o isentos de algumas obriga\u00e7\u00f5es fiscais e tribut\u00e1rias, como a emiss\u00e3o de notas fiscais e em alguns estados a necessidade de ter Inscri\u00e7\u00e3o Estadual.\u00a0<\/span><\/p>\n<p><span style=\"font-weight: 400;\">Quando a Inscri\u00e7\u00e3o Estadual for obrigat\u00f3ria para exercer a atividade, o pr\u00f3prio estado emitir\u00e1 a disponibilizar\u00e1 ap\u00f3s a formaliza\u00e7\u00e3o do MEI, sem a necessidade de ir presencialmente ou solicitar o registro. Para consultar se o seu CNPJ MEI possui Inscri\u00e7\u00e3o Estadual ativa, acesse o site do <\/span><a href=\"http:\/\/www.sintegra.gov.br\/\" target=\"_blank\" rel=\"noopener\"><span style=\"font-weight: 400;\">Sintegra<\/span><\/a><span style=\"font-weight: 400;\"> ou a Secretaria da Fazenda de seu estado..<\/span><\/p>\n<p><span style=\"font-weight: 400;\">No entanto, \u00e9 importante ressaltar que, caso o MEI ultrapasse o limite de faturamento anual estabelecido para essa categoria (atualmente <span data-sheets-root=\"1\">R$ 81 mil<\/span>), ele dever\u00e1 fazer a transi\u00e7\u00e3o para uma microempresa (ME) ou empresa de pequeno porte (EPP). Nesse caso, ser\u00e1 necess\u00e1rio realizar a inscri\u00e7\u00e3o estadual, caso a atividade exercida exija esse registro.<\/span><\/p>\n<p><span style=\"font-weight: 400;\">A <\/span><a href=\"https:\/\/www.contabilizei.com.br\/sobre\/sobre-a-contabilizei\/\" target=\"_blank\" rel=\"noopener\"><span style=\"font-weight: 400;\">Contabilizei<\/span><\/a><span style=\"font-weight: 400;\">, empresa de contabilidade online, possui uma equipe de contadores especializados que podem auxili\u00e1-lo nesse processo. Caso voc\u00ea tenha d\u00favidas ou precise de mais informa\u00e7\u00f5es, <\/span><a href=\"https:\/\/www.contabilizei.com.br\/desenquadrar-mei-para-me\/\" target=\"_blank\" rel=\"noopener\"><span style=\"font-weight: 400;\">entre em contato com a Contabilizei<\/span><\/a><span style=\"font-weight: 400;\"> para obter um suporte personalizado.<\/span><\/p>\n","protected":false},"excerpt":{"rendered":"<p>Os Microempreendedores Individuais (MEIs) que n\u00e3o s\u00e3o prestadores de servi\u00e7o, ou seja, atuam no ramo do com\u00e9rcio, ind\u00fastria ou transporte, precisam ter Inscri\u00e7\u00e3o Estadual apenas se o estado exigir. Mesmo quando a Inscri\u00e7\u00e3o Estadual for obrigat\u00f3ria, o MEI n\u00e3o ser\u00e1 enquadrado como microempresa. Os MEIs s\u00e3o enquadrados como uma categoria espec\u00edfica de empreendedores, com regras [&hellip;]<\/p>\n","protected":false},"parent":0,"menu_order":0,"template":"","category-questions":[25],"class_list":["post-1175","perguntas","type-perguntas","status-publish","hentry","category_questions-mei"],"acf":{"contador":{"ID":927,"post_author":"4","post_date":"2023-05-25 10:44:50","post_date_gmt":"2023-05-25 13:44:50","post_content":"","post_title":"Michel Batista","post_excerpt":"","post_status":"publish","comment_status":"closed","ping_status":"closed","post_password":"","post_name":"michel-batista","to_ping":"","pinged":"","post_modified":"2023-05-25 10:44:50","post_modified_gmt":"2023-05-25 13:44:50","post_content_filtered":"","post_parent":0,"guid":"https:\/\/www.contabilizei.com.br\/contabilizei-responde\/?post_type=contador&#038;p=927","menu_order":0,"post_type":"contador","post_mime_type":"","comment_count":"0","filter":"raw"}},"yoast_head":"<!-- This site is optimized with the Yoast SEO plugin v27.5 - https:\/\/yoast.com\/product\/yoast-seo-wordpress\/ -->\n<title>MEI que n\u00e3o \u00e9 prestador de servi\u00e7o precisa ter Inscri\u00e7\u00e3o estadual?<\/title>\n<meta name=\"description\" content=\"Saiba se MEI que n\u00e3o \u00e9 prestador de servi\u00e7o precisa ter Inscri\u00e7\u00e3o estadual e se s\u00f3 microempresa precisa de IE.\" \/>\n<meta name=\"robots\" content=\"index, follow, max-snippet:-1, max-image-preview:large, max-video-preview:-1\" \/>\n<link rel=\"canonical\" href=\"https:\/\/www.contabilizei.com.br\/contabilizei-responde\/mei-que-nao-e-prestador-de-servico-precisa-ter-inscricao-estadual\/\" \/>\n<meta property=\"og:locale\" content=\"pt_BR\" \/>\n<meta property=\"og:type\" content=\"article\" \/>\n<meta property=\"og:title\" content=\"MEI que n\u00e3o \u00e9 prestador de servi\u00e7o precisa ter Inscri\u00e7\u00e3o estadual?\" \/>\n<meta property=\"og:description\" content=\"Saiba se MEI que n\u00e3o \u00e9 prestador de servi\u00e7o precisa ter Inscri\u00e7\u00e3o estadual e se s\u00f3 microempresa precisa de IE.\" \/>\n<meta property=\"og:url\" content=\"https:\/\/www.contabilizei.com.br\/contabilizei-responde\/mei-que-nao-e-prestador-de-servico-precisa-ter-inscricao-estadual\/\" \/>\n<meta property=\"og:site_name\" content=\"Contador Responde\" \/>\n<meta property=\"article:modified_time\" content=\"2026-02-04T19:03:14+00:00\" \/>\n<meta name=\"twitter:card\" content=\"summary_large_image\" \/>\n<meta name=\"twitter:label1\" content=\"Est. tempo de leitura\" \/>\n\t<meta name=\"twitter:data1\" content=\"2 minutos\" \/>\n<!-- \/ Yoast SEO plugin. -->","yoast_head_json":{"title":"MEI que n\u00e3o \u00e9 prestador de servi\u00e7o precisa ter Inscri\u00e7\u00e3o estadual?","description":"Saiba se MEI que n\u00e3o \u00e9 prestador de servi\u00e7o precisa ter Inscri\u00e7\u00e3o estadual e se s\u00f3 microempresa precisa de IE.","robots":{"index":"index","follow":"follow","max-snippet":"max-snippet:-1","max-image-preview":"max-image-preview:large","max-video-preview":"max-video-preview:-1"},"canonical":"https:\/\/www.contabilizei.com.br\/contabilizei-responde\/mei-que-nao-e-prestador-de-servico-precisa-ter-inscricao-estadual\/","og_locale":"pt_BR","og_type":"article","og_title":"MEI que n\u00e3o \u00e9 prestador de servi\u00e7o precisa ter Inscri\u00e7\u00e3o estadual?","og_description":"Saiba se MEI que n\u00e3o \u00e9 prestador de servi\u00e7o precisa ter Inscri\u00e7\u00e3o estadual e se s\u00f3 microempresa precisa de IE.","og_url":"https:\/\/www.contabilizei.com.br\/contabilizei-responde\/mei-que-nao-e-prestador-de-servico-precisa-ter-inscricao-estadual\/","og_site_name":"Contador Responde","article_modified_time":"2026-02-04T19:03:14+00:00","twitter_card":"summary_large_image","twitter_misc":{"Est. tempo de leitura":"2 minutos"},"schema":{"@context":"https:\/\/schema.org","@graph":[{"@type":"WebPage","@id":"https:\/\/www.contabilizei.com.br\/contabilizei-responde\/mei-que-nao-e-prestador-de-servico-precisa-ter-inscricao-estadual\/","url":"https:\/\/www.contabilizei.com.br\/contabilizei-responde\/mei-que-nao-e-prestador-de-servico-precisa-ter-inscricao-estadual\/","name":"MEI que n\u00e3o \u00e9 prestador de servi\u00e7o precisa ter Inscri\u00e7\u00e3o estadual?","isPartOf":{"@id":"https:\/\/www.contabilizei.com.br\/contabilizei-responde\/#website"},"datePublished":"2023-10-03T19:36:14+00:00","dateModified":"2026-02-04T19:03:14+00:00","description":"Saiba se MEI que n\u00e3o \u00e9 prestador de servi\u00e7o precisa ter Inscri\u00e7\u00e3o estadual e se s\u00f3 microempresa precisa de IE.","breadcrumb":{"@id":"https:\/\/www.contabilizei.com.br\/contabilizei-responde\/mei-que-nao-e-prestador-de-servico-precisa-ter-inscricao-estadual\/#breadcrumb"},"inLanguage":"pt-BR","potentialAction":[{"@type":"ReadAction","target":["https:\/\/www.contabilizei.com.br\/contabilizei-responde\/mei-que-nao-e-prestador-de-servico-precisa-ter-inscricao-estadual\/"]}]},{"@type":"BreadcrumbList","@id":"https:\/\/www.contabilizei.com.br\/contabilizei-responde\/mei-que-nao-e-prestador-de-servico-precisa-ter-inscricao-estadual\/#breadcrumb","itemListElement":[{"@type":"ListItem","position":1,"name":"Home","item":"https:\/\/www.contabilizei.com.br\/contabilizei-responde\/"},{"@type":"ListItem","position":2,"name":"Perguntas","item":"https:\/\/www.contabilizei.com.br\/contabilizei-responde\/perguntas\/"},{"@type":"ListItem","position":3,"name":"MEI que n\u00e3o \u00e9 prestador de servi\u00e7o precisa ter Inscri\u00e7\u00e3o estadual?"}]},{"@type":"WebSite","@id":"https:\/\/www.contabilizei.com.br\/contabilizei-responde\/#website","url":"https:\/\/www.contabilizei.com.br\/contabilizei-responde\/","name":"Contador Responde","description":"","potentialAction":[{"@type":"SearchAction","target":{"@type":"EntryPoint","urlTemplate":"https:\/\/www.contabilizei.com.br\/contabilizei-responde\/?s={search_term_string}"},"query-input":{"@type":"PropertyValueSpecification","valueRequired":true,"valueName":"search_term_string"}}],"inLanguage":"pt-BR"}]}},"_links":{"self":[{"href":"https:\/\/www.contabilizei.com.br\/contabilizei-responde\/api\/wp\/v2\/questions\/1175","targetHints":{"allow":["GET"]}}],"collection":[{"href":"https:\/\/www.contabilizei.com.br\/contabilizei-responde\/api\/wp\/v2\/questions"}],"about":[{"href":"https:\/\/www.contabilizei.com.br\/contabilizei-responde\/api\/wp\/v2\/types\/perguntas"}],"acf:post":[{"embeddable":true,"href":"https:\/\/www.contabilizei.com.br\/contabilizei-responde\/api\/wp\/v2\/contador\/927"}],"wp:attachment":[{"href":"https:\/\/www.contabilizei.com.br\/contabilizei-responde\/api\/wp\/v2\/media?parent=1175"}],"wp:term":[{"taxonomy":"category_questions","embeddable":true,"href":"https:\/\/www.contabilizei.com.br\/contabilizei-responde\/api\/wp\/v2\/category-questions?post=1175"}],"curies":[{"name":"wp","href":"https:\/\/api.w.org\/{rel}","templated":true}]}}

MEI que não é prestador de serviço precisa ter Inscrição estadual?

<p><b>Os Microempreendedores Individuais (MEIs) que não são prestadores de serviço, ou seja, atuam no ramo do comércio, indústria ou transporte, precisam ter Inscrição Estadual apenas se o estado exigir. Mesmo quando a Inscrição Estadual for obrigatória, o MEI não será enquadrado como microempresa.</b></p>
<p><span style="font-weight: 400;">Os MEIs são enquadrados como uma categoria específica de empreendedores, com regras e obrigações simplificadas. Eles são isentos de algumas obrigações fiscais e tributárias, como a emissão de notas fiscais e em alguns estados a necessidade de ter Inscrição Estadual. </span></p>
<p><span style="font-weight: 400;">Quando a Inscrição Estadual for obrigatória para exercer a atividade, o próprio estado emitirá a disponibilizará após a formalização do MEI, sem a necessidade de ir presencialmente ou solicitar o registro. Para consultar se o seu CNPJ MEI possui Inscrição Estadual ativa, acesse o site do </span><a href="http://www.sintegra.gov.br/" target="_blank" rel="noopener"><span style="font-weight: 400;">Sintegra</span></a><span style="font-weight: 400;"> ou a Secretaria da Fazenda de seu estado..</span></p>
<p><span style="font-weight: 400;">No entanto, é importante ressaltar que, caso o MEI ultrapasse o limite de faturamento anual estabelecido para essa categoria (atualmente <span data-sheets-root="1">R$ 81 mil</span>), ele deverá fazer a transição para uma microempresa (ME) ou empresa de pequeno porte (EPP). Nesse caso, será necessário realizar a inscrição estadual, caso a atividade exercida exija esse registro.</span></p>
<p><span style="font-weight: 400;">A </span><a href="https://www.contabilizei.com.br/sobre/sobre-a-contabilizei/" target="_blank" rel="noopener"><span style="font-weight: 400;">Contabilizei</span></a><span style="font-weight: 400;">, empresa de contabilidade online, possui uma equipe de contadores especializados que podem auxiliá-lo nesse processo. Caso você tenha dúvidas ou precise de mais informações, </span><a href="https://www.contabilizei.com.br/desenquadrar-mei-para-me/" target="_blank" rel="noopener"><span style="font-weight: 400;">entre em contato com a Contabilizei</span></a><span style="font-weight: 400;"> para obter um suporte personalizado.</span></p>

<p>Os Microempreendedores Individuais (MEIs) que não são prestadores de serviço, ou seja, atuam no ramo do comércio, indústria ou transporte, precisam ter Inscrição Estadual apenas se o estado exigir. Mesmo quando a Inscrição Estadual for obrigatória, o MEI não será enquadrado como microempresa. Os MEIs são enquadrados como uma categoria específica de empreendedores, com regras [&hellip;]</p>

<!-- This site is optimized with the Yoast SEO plugin v27.5 - https://yoast.com/product/yoast-seo-wordpress/ -->
<title>MEI que não é prestador de serviço precisa ter Inscrição estadual?</title>
<meta name="description" content="Saiba se MEI que não é prestador de serviço precisa ter Inscrição estadual e se só microempresa precisa de IE." />
<meta name="robots" content="index, follow, max-snippet:-1, max-image-preview:large, max-video-preview:-1" />
<link rel="canonical" href="https://www.contabilizei.com.br/contabilizei-responde/mei-que-nao-e-prestador-de-servico-precisa-ter-inscricao-estadual/" />
<meta property="og:locale" content="pt_BR" />
<meta property="og:type" content="article" />
<meta property="og:title" content="MEI que não é prestador de serviço precisa ter Inscrição estadual?" />
<meta property="og:description" content="Saiba se MEI que não é prestador de serviço precisa ter Inscrição estadual e se só microempresa precisa de IE." />
<meta property="og:url" content="https://www.contabilizei.com.br/contabilizei-responde/mei-que-nao-e-prestador-de-servico-precisa-ter-inscricao-estadual/" />
<meta property="og:site_name" content="Contador Responde" />
<meta property="article:modified_time" content="2026-02-04T19:03:14+00:00" />
<meta name="twitter:card" content="summary_large_image" />
<meta name="twitter:label1" content="Est. tempo de leitura" />
	<meta name="twitter:data1" content="2 minutos" />
<!-- / Yoast SEO plugin. -->

Saiba se MEI que não é prestador de serviço precisa ter Inscrição estadual e se só microempresa precisa de IE.
