{"id":1109,"date":"2023-08-30T13:53:27","date_gmt":"2023-08-30T16:53:27","guid":{"rendered":"https:\/\/www.contabilizei.com.br\/contabilizei-responde\/?post_type=perguntas&#038;p=1109"},"modified":"2023-11-23T10:49:38","modified_gmt":"2023-11-23T13:49:38","slug":"quais-sao-as-consequencias-da-baixa-do-mei","status":"publish","type":"perguntas","link":"https:\/\/www.contabilizei.com.br\/contabilizei-responde\/quais-sao-as-consequencias-da-baixa-do-mei\/","title":{"rendered":"Quais s\u00e3o as consequ\u00eancias da baixa do MEI?"},"content":{"rendered":"<p><b>A baixa do MEI (Microempreendedor Individual) implica em algumas consequ\u00eancias que devem ser consideradas pelo empreendedor. Encerra atividades e emiss\u00e3o de notas, cancela CNPJ para transa\u00e7\u00f5es al\u00e9m cessar o acesso a benef\u00edcios previdenci\u00e1rios. <\/b><span style=\"font-weight: 400;\">Abaixo explicamos cada consequ\u00eancia:<\/span><\/p>\n<ol>\n<li style=\"font-weight: 400;\" aria-level=\"1\"><span style=\"font-weight: 400;\">Encerramento das atividades: A baixa do MEI significa o encerramento das atividades do empreendedor como MEI. Isso implica que o empreendedor n\u00e3o poder\u00e1 mais emitir notas fiscais como MEI, nem realizar vendas ou presta\u00e7\u00f5es de servi\u00e7os em nome do MEI;<\/span><\/li>\n<li style=\"font-weight: 400;\" aria-level=\"1\"><span style=\"font-weight: 400;\">Cancelamento do CNPJ: Com a baixa do MEI, o CNPJ (Cadastro Nacional da Pessoa Jur\u00eddica) do empreendedor \u00e9 cancelado. Isso significa que o n\u00famero do CNPJ n\u00e3o poder\u00e1 mais ser utilizado para realizar transa\u00e7\u00f5es comerciais. Todas as rela\u00e7\u00f5es que envolvam o CNPJ precisam ser canceladas, inclusive contas banc\u00e1rias;<\/span><\/li>\n<li style=\"font-weight: 400;\" aria-level=\"1\"><span style=\"font-weight: 400;\">Fim dos benef\u00edcios previdenci\u00e1rios: Ao encerrar o MEI, o empreendedor perde o direito aos benef\u00edcios previdenci\u00e1rios oferecidos pelo MEI, como aposentadoria por idade, aux\u00edlio-doen\u00e7a, sal\u00e1rio-maternidade, entre outros. \u00c9 importante ressaltar que, para ter direito a esses benef\u00edcios, \u00e9 necess\u00e1rio ter contribu\u00eddo regularmente com o pagamento do DAS (Documento de Arrecada\u00e7\u00e3o do Simples Nacional);<\/span><\/li>\n<li style=\"font-weight: 400;\" aria-level=\"1\"><span style=\"font-weight: 400;\">Obriga\u00e7\u00f5es fiscais e tribut\u00e1rias: Com a baixa do MEI, o empreendedor n\u00e3o precisar\u00e1 mais pagar o DAS mensalmente. No entanto, \u00e9 importante ficar atento \u00e0s obriga\u00e7\u00f5es fiscais e tribut\u00e1rias que podem surgir ap\u00f3s o encerramento do MEI, como a declara\u00e7\u00e3o de Imposto de Renda Pessoa F\u00edsica (IRPF) e o pagamento de impostos sobre os rendimentos obtidos ap\u00f3s o encerramento do MEI.<\/span><\/li>\n<\/ol>\n<p><span style=\"font-weight: 400;\">\u00c9 fundamental ressaltar que a baixa do MEI deve ser realizada de forma correta e dentro dos prazos estabelecidos pela legisla\u00e7\u00e3o.<\/span><\/p>\n<p><span style=\"font-weight: 400;\">Mas se voc\u00ea pretende continuar empreendendo, conte com a <\/span><a href=\"https:\/\/www.contabilizei.com.br\/sobre\/sobre-a-contabilizei\/\" target=\"_blank\" rel=\"noopener\"><span style=\"font-weight: 400;\">Contabilizei<\/span><\/a><span style=\"font-weight: 400;\"> para simplificar seu caminho empresarial. Desenquadramos seu MEI e migramos para microempresa ou, se necess\u00e1rio cuidamos da baixa do CNPJ MEI para sua nova jornada como microempresa. <\/span><a href=\"https:\/\/www.contabilizei.com.br\/desenquadrar-mei-para-me\/\" target=\"_blank\" rel=\"noopener\"><span style=\"font-weight: 400;\">Fale com um de nossos especialistas<\/span><\/a><span style=\"font-weight: 400;\">.<\/span><\/p>\n","protected":false},"excerpt":{"rendered":"<p>A baixa do MEI (Microempreendedor Individual) implica em algumas consequ\u00eancias que devem ser consideradas pelo empreendedor. Encerra atividades e emiss\u00e3o de notas, cancela CNPJ para transa\u00e7\u00f5es al\u00e9m cessar o acesso a benef\u00edcios previdenci\u00e1rios. Abaixo explicamos cada consequ\u00eancia: Encerramento das atividades: A baixa do MEI significa o encerramento das atividades do empreendedor como MEI. Isso implica [&hellip;]<\/p>\n","protected":false},"parent":0,"menu_order":0,"template":"","category-questions":[25],"class_list":["post-1109","perguntas","type-perguntas","status-publish","hentry","category_questions-mei"],"acf":{"contador":{"ID":927,"post_author":"4","post_date":"2023-05-25 10:44:50","post_date_gmt":"2023-05-25 13:44:50","post_content":"","post_title":"Michel Batista","post_excerpt":"","post_status":"publish","comment_status":"closed","ping_status":"closed","post_password":"","post_name":"michel-batista","to_ping":"","pinged":"","post_modified":"2023-05-25 10:44:50","post_modified_gmt":"2023-05-25 13:44:50","post_content_filtered":"","post_parent":0,"guid":"https:\/\/www.contabilizei.com.br\/contabilizei-responde\/?post_type=contador&#038;p=927","menu_order":0,"post_type":"contador","post_mime_type":"","comment_count":"0","filter":"raw"}},"yoast_head":"<!-- This site is optimized with the Yoast SEO plugin v27.5 - https:\/\/yoast.com\/product\/yoast-seo-wordpress\/ -->\n<title>Quais s\u00e3o as consequ\u00eancias da baixa do MEI?<\/title>\n<meta name=\"description\" content=\"Saiba quais s\u00e3o as consequ\u00eancias da baixa do MEI. Confira!\" \/>\n<meta name=\"robots\" content=\"index, follow, max-snippet:-1, max-image-preview:large, max-video-preview:-1\" \/>\n<link rel=\"canonical\" href=\"https:\/\/www.contabilizei.com.br\/contabilizei-responde\/quais-sao-as-consequencias-da-baixa-do-mei\/\" \/>\n<meta property=\"og:locale\" content=\"pt_BR\" \/>\n<meta property=\"og:type\" content=\"article\" \/>\n<meta property=\"og:title\" content=\"Quais s\u00e3o as consequ\u00eancias da baixa do MEI?\" \/>\n<meta property=\"og:description\" content=\"Saiba quais s\u00e3o as consequ\u00eancias da baixa do MEI. Confira!\" \/>\n<meta property=\"og:url\" content=\"https:\/\/www.contabilizei.com.br\/contabilizei-responde\/quais-sao-as-consequencias-da-baixa-do-mei\/\" \/>\n<meta property=\"og:site_name\" content=\"Contador Responde\" \/>\n<meta property=\"article:modified_time\" content=\"2023-11-23T13:49:38+00:00\" \/>\n<meta name=\"twitter:card\" content=\"summary_large_image\" \/>\n<meta name=\"twitter:label1\" content=\"Est. tempo de leitura\" \/>\n\t<meta name=\"twitter:data1\" content=\"2 minutos\" \/>\n<!-- \/ Yoast SEO plugin. -->","yoast_head_json":{"title":"Quais s\u00e3o as consequ\u00eancias da baixa do MEI?","description":"Saiba quais s\u00e3o as consequ\u00eancias da baixa do MEI. Confira!","robots":{"index":"index","follow":"follow","max-snippet":"max-snippet:-1","max-image-preview":"max-image-preview:large","max-video-preview":"max-video-preview:-1"},"canonical":"https:\/\/www.contabilizei.com.br\/contabilizei-responde\/quais-sao-as-consequencias-da-baixa-do-mei\/","og_locale":"pt_BR","og_type":"article","og_title":"Quais s\u00e3o as consequ\u00eancias da baixa do MEI?","og_description":"Saiba quais s\u00e3o as consequ\u00eancias da baixa do MEI. Confira!","og_url":"https:\/\/www.contabilizei.com.br\/contabilizei-responde\/quais-sao-as-consequencias-da-baixa-do-mei\/","og_site_name":"Contador Responde","article_modified_time":"2023-11-23T13:49:38+00:00","twitter_card":"summary_large_image","twitter_misc":{"Est. tempo de leitura":"2 minutos"},"schema":{"@context":"https:\/\/schema.org","@graph":[{"@type":"WebPage","@id":"https:\/\/www.contabilizei.com.br\/contabilizei-responde\/quais-sao-as-consequencias-da-baixa-do-mei\/","url":"https:\/\/www.contabilizei.com.br\/contabilizei-responde\/quais-sao-as-consequencias-da-baixa-do-mei\/","name":"Quais s\u00e3o as consequ\u00eancias da baixa do MEI?","isPartOf":{"@id":"https:\/\/www.contabilizei.com.br\/contabilizei-responde\/#website"},"datePublished":"2023-08-30T16:53:27+00:00","dateModified":"2023-11-23T13:49:38+00:00","description":"Saiba quais s\u00e3o as consequ\u00eancias da baixa do MEI. Confira!","breadcrumb":{"@id":"https:\/\/www.contabilizei.com.br\/contabilizei-responde\/quais-sao-as-consequencias-da-baixa-do-mei\/#breadcrumb"},"inLanguage":"pt-BR","potentialAction":[{"@type":"ReadAction","target":["https:\/\/www.contabilizei.com.br\/contabilizei-responde\/quais-sao-as-consequencias-da-baixa-do-mei\/"]}]},{"@type":"BreadcrumbList","@id":"https:\/\/www.contabilizei.com.br\/contabilizei-responde\/quais-sao-as-consequencias-da-baixa-do-mei\/#breadcrumb","itemListElement":[{"@type":"ListItem","position":1,"name":"Home","item":"https:\/\/www.contabilizei.com.br\/contabilizei-responde\/"},{"@type":"ListItem","position":2,"name":"Perguntas","item":"https:\/\/www.contabilizei.com.br\/contabilizei-responde\/perguntas\/"},{"@type":"ListItem","position":3,"name":"Quais s\u00e3o as consequ\u00eancias da baixa do MEI?"}]},{"@type":"WebSite","@id":"https:\/\/www.contabilizei.com.br\/contabilizei-responde\/#website","url":"https:\/\/www.contabilizei.com.br\/contabilizei-responde\/","name":"Contador Responde","description":"","potentialAction":[{"@type":"SearchAction","target":{"@type":"EntryPoint","urlTemplate":"https:\/\/www.contabilizei.com.br\/contabilizei-responde\/?s={search_term_string}"},"query-input":{"@type":"PropertyValueSpecification","valueRequired":true,"valueName":"search_term_string"}}],"inLanguage":"pt-BR"}]}},"_links":{"self":[{"href":"https:\/\/www.contabilizei.com.br\/contabilizei-responde\/api\/wp\/v2\/questions\/1109","targetHints":{"allow":["GET"]}}],"collection":[{"href":"https:\/\/www.contabilizei.com.br\/contabilizei-responde\/api\/wp\/v2\/questions"}],"about":[{"href":"https:\/\/www.contabilizei.com.br\/contabilizei-responde\/api\/wp\/v2\/types\/perguntas"}],"acf:post":[{"embeddable":true,"href":"https:\/\/www.contabilizei.com.br\/contabilizei-responde\/api\/wp\/v2\/contador\/927"}],"wp:attachment":[{"href":"https:\/\/www.contabilizei.com.br\/contabilizei-responde\/api\/wp\/v2\/media?parent=1109"}],"wp:term":[{"taxonomy":"category_questions","embeddable":true,"href":"https:\/\/www.contabilizei.com.br\/contabilizei-responde\/api\/wp\/v2\/category-questions?post=1109"}],"curies":[{"name":"wp","href":"https:\/\/api.w.org\/{rel}","templated":true}]}}

Quais são as consequências da baixa do MEI?

<p><b>A baixa do MEI (Microempreendedor Individual) implica em algumas consequências que devem ser consideradas pelo empreendedor. Encerra atividades e emissão de notas, cancela CNPJ para transações além cessar o acesso a benefícios previdenciários. </b><span style="font-weight: 400;">Abaixo explicamos cada consequência:</span></p>
<ol>
<li style="font-weight: 400;" aria-level="1"><span style="font-weight: 400;">Encerramento das atividades: A baixa do MEI significa o encerramento das atividades do empreendedor como MEI. Isso implica que o empreendedor não poderá mais emitir notas fiscais como MEI, nem realizar vendas ou prestações de serviços em nome do MEI;</span></li>
<li style="font-weight: 400;" aria-level="1"><span style="font-weight: 400;">Cancelamento do CNPJ: Com a baixa do MEI, o CNPJ (Cadastro Nacional da Pessoa Jurídica) do empreendedor é cancelado. Isso significa que o número do CNPJ não poderá mais ser utilizado para realizar transações comerciais. Todas as relações que envolvam o CNPJ precisam ser canceladas, inclusive contas bancárias;</span></li>
<li style="font-weight: 400;" aria-level="1"><span style="font-weight: 400;">Fim dos benefícios previdenciários: Ao encerrar o MEI, o empreendedor perde o direito aos benefícios previdenciários oferecidos pelo MEI, como aposentadoria por idade, auxílio-doença, salário-maternidade, entre outros. É importante ressaltar que, para ter direito a esses benefícios, é necessário ter contribuído regularmente com o pagamento do DAS (Documento de Arrecadação do Simples Nacional);</span></li>
<li style="font-weight: 400;" aria-level="1"><span style="font-weight: 400;">Obrigações fiscais e tributárias: Com a baixa do MEI, o empreendedor não precisará mais pagar o DAS mensalmente. No entanto, é importante ficar atento às obrigações fiscais e tributárias que podem surgir após o encerramento do MEI, como a declaração de Imposto de Renda Pessoa Física (IRPF) e o pagamento de impostos sobre os rendimentos obtidos após o encerramento do MEI.</span></li>
</ol>
<p><span style="font-weight: 400;">É fundamental ressaltar que a baixa do MEI deve ser realizada de forma correta e dentro dos prazos estabelecidos pela legislação.</span></p>
<p><span style="font-weight: 400;">Mas se você pretende continuar empreendendo, conte com a </span><a href="https://www.contabilizei.com.br/sobre/sobre-a-contabilizei/" target="_blank" rel="noopener"><span style="font-weight: 400;">Contabilizei</span></a><span style="font-weight: 400;"> para simplificar seu caminho empresarial. Desenquadramos seu MEI e migramos para microempresa ou, se necessário cuidamos da baixa do CNPJ MEI para sua nova jornada como microempresa. </span><a href="https://www.contabilizei.com.br/desenquadrar-mei-para-me/" target="_blank" rel="noopener"><span style="font-weight: 400;">Fale com um de nossos especialistas</span></a><span style="font-weight: 400;">.</span></p>

<p>A baixa do MEI (Microempreendedor Individual) implica em algumas consequências que devem ser consideradas pelo empreendedor. Encerra atividades e emissão de notas, cancela CNPJ para transações além cessar o acesso a benefícios previdenciários. Abaixo explicamos cada consequência: Encerramento das atividades: A baixa do MEI significa o encerramento das atividades do empreendedor como MEI. Isso implica [&hellip;]</p>

<!-- This site is optimized with the Yoast SEO plugin v27.5 - https://yoast.com/product/yoast-seo-wordpress/ -->
<title>Quais são as consequências da baixa do MEI?</title>
<meta name="description" content="Saiba quais são as consequências da baixa do MEI. Confira!" />
<meta name="robots" content="index, follow, max-snippet:-1, max-image-preview:large, max-video-preview:-1" />
<link rel="canonical" href="https://www.contabilizei.com.br/contabilizei-responde/quais-sao-as-consequencias-da-baixa-do-mei/" />
<meta property="og:locale" content="pt_BR" />
<meta property="og:type" content="article" />
<meta property="og:title" content="Quais são as consequências da baixa do MEI?" />
<meta property="og:description" content="Saiba quais são as consequências da baixa do MEI. Confira!" />
<meta property="og:url" content="https://www.contabilizei.com.br/contabilizei-responde/quais-sao-as-consequencias-da-baixa-do-mei/" />
<meta property="og:site_name" content="Contador Responde" />
<meta property="article:modified_time" content="2023-11-23T13:49:38+00:00" />
<meta name="twitter:card" content="summary_large_image" />
<meta name="twitter:label1" content="Est. tempo de leitura" />
	<meta name="twitter:data1" content="2 minutos" />
<!-- / Yoast SEO plugin. -->

Saiba quais são as consequências da baixa do MEI. Confira!
