{"id":1075,"date":"2023-08-02T15:39:48","date_gmt":"2023-08-02T18:39:48","guid":{"rendered":"https:\/\/www.contabilizei.com.br\/contabilizei-responde\/?post_type=perguntas&#038;p=1075"},"modified":"2023-08-02T15:39:48","modified_gmt":"2023-08-02T18:39:48","slug":"quem-e-o-tomador-na-nota-fiscal","status":"publish","type":"perguntas","link":"https:\/\/www.contabilizei.com.br\/contabilizei-responde\/quem-e-o-tomador-na-nota-fiscal\/","title":{"rendered":"Quem \u00e9 o tomador na nota fiscal?"},"content":{"rendered":"<p><b>O tomador na nota fiscal \u00e9 a pessoa f\u00edsica ou jur\u00eddica que adquire um produto ou servi\u00e7o e que ser\u00e1 respons\u00e1vel pelo pagamento. O tomador pode ser tanto um consumidor final, que adquire o produto ou servi\u00e7o para uso pr\u00f3prio, quanto uma empresa, que adquire o produto ou servi\u00e7o para utiliza\u00e7\u00e3o em suas atividades comerciais.<\/b><\/p>\n<p><span style=\"font-weight: 400;\">Na nota fiscal, o tomador \u00e9 identificado atrav\u00e9s de informa\u00e7\u00f5es como o nome ou raz\u00e3o social, CPF ou CNPJ, endere\u00e7o e demais dados necess\u00e1rios para a identifica\u00e7\u00e3o correta do tomador.<\/span><\/p>\n<p><span style=\"font-weight: 400;\">\u00c9 importante ressaltar que a correta identifica\u00e7\u00e3o do tomador na nota fiscal \u00e9 fundamental para fins fiscais e tribut\u00e1rios, pois permite o correto registro das opera\u00e7\u00f5es e o cumprimento das obriga\u00e7\u00f5es legais.<\/span><\/p>\n<p><span style=\"font-weight: 400;\">A <\/span><a href=\"https:\/\/www.contabilizei.com.br\/sobre\/sobre-a-contabilizei\/\" target=\"_blank\" rel=\"noopener\"><span style=\"font-weight: 400;\">Contabilizei<\/span><\/a><span style=\"font-weight: 400;\"> \u00e9 uma empresa de contabilidade online que oferece servi\u00e7os de contabilidade para pequenas e m\u00e9dias empresas. Fale com um de nossos especialistas e<\/span><a href=\"https:\/\/www.contabilizei.com.br\/escritorio-contabilidade-online\/\" target=\"_blank\" rel=\"noopener\"><span style=\"font-weight: 400;\"> traga sua empresa para a Contabilizei<\/span><\/a><span style=\"font-weight: 400;\">, nossa equipe de mais de 80 contadores est\u00e1 preparada para esclarecer todas as suas d\u00favidas e auxiliar no cumprimento das obriga\u00e7\u00f5es cont\u00e1beis e fiscais da sua empresa.<\/span><\/p>\n","protected":false},"excerpt":{"rendered":"<p>O tomador na nota fiscal \u00e9 a pessoa f\u00edsica ou jur\u00eddica que adquire um produto ou servi\u00e7o e que ser\u00e1 respons\u00e1vel pelo pagamento. O tomador pode ser tanto um consumidor final, que adquire o produto ou servi\u00e7o para uso pr\u00f3prio, quanto uma empresa, que adquire o produto ou servi\u00e7o para utiliza\u00e7\u00e3o em suas atividades comerciais. [&hellip;]<\/p>\n","protected":false},"parent":0,"menu_order":0,"template":"","category-questions":[38],"class_list":["post-1075","perguntas","type-perguntas","status-publish","hentry","category_questions-gestao-financeira"],"acf":{"contador":{"ID":1732,"post_author":"22","post_date":"2025-03-31 12:51:15","post_date_gmt":"2025-03-31 15:51:15","post_content":"","post_title":"Juliana Steffano","post_excerpt":"","post_status":"publish","comment_status":"closed","ping_status":"closed","post_password":"","post_name":"juliana-steffano","to_ping":"","pinged":"","post_modified":"2025-03-31 12:51:15","post_modified_gmt":"2025-03-31 15:51:15","post_content_filtered":"","post_parent":0,"guid":"https:\/\/www.contabilizei.com.br\/contabilizei-responde\/?post_type=contador&#038;p=1732","menu_order":0,"post_type":"contador","post_mime_type":"","comment_count":"0","filter":"raw"}},"yoast_head":"<!-- This site is optimized with the Yoast SEO plugin v27.5 - https:\/\/yoast.com\/product\/yoast-seo-wordpress\/ -->\n<title>Quem \u00e9 o tomador na nota fiscal?<\/title>\n<meta name=\"description\" content=\"Saiba quem \u00e9 o tomador na nota fiscal e quem ser\u00e1 o respons\u00e1vel pelo pagamento da nota. Confira agora mesmo!\" \/>\n<meta name=\"robots\" content=\"index, follow, max-snippet:-1, max-image-preview:large, max-video-preview:-1\" \/>\n<link rel=\"canonical\" href=\"https:\/\/www.contabilizei.com.br\/contabilizei-responde\/quem-e-o-tomador-na-nota-fiscal\/\" \/>\n<meta property=\"og:locale\" content=\"pt_BR\" \/>\n<meta property=\"og:type\" content=\"article\" \/>\n<meta property=\"og:title\" content=\"Quem \u00e9 o tomador na nota fiscal?\" \/>\n<meta property=\"og:description\" content=\"Saiba quem \u00e9 o tomador na nota fiscal e quem ser\u00e1 o respons\u00e1vel pelo pagamento da nota. Confira agora mesmo!\" \/>\n<meta property=\"og:url\" content=\"https:\/\/www.contabilizei.com.br\/contabilizei-responde\/quem-e-o-tomador-na-nota-fiscal\/\" \/>\n<meta property=\"og:site_name\" content=\"Contador Responde\" \/>\n<meta name=\"twitter:card\" content=\"summary_large_image\" \/>\n<meta name=\"twitter:label1\" content=\"Est. tempo de leitura\" \/>\n\t<meta name=\"twitter:data1\" content=\"1 minuto\" \/>\n<!-- \/ Yoast SEO plugin. -->","yoast_head_json":{"title":"Quem \u00e9 o tomador na nota fiscal?","description":"Saiba quem \u00e9 o tomador na nota fiscal e quem ser\u00e1 o respons\u00e1vel pelo pagamento da nota. Confira agora mesmo!","robots":{"index":"index","follow":"follow","max-snippet":"max-snippet:-1","max-image-preview":"max-image-preview:large","max-video-preview":"max-video-preview:-1"},"canonical":"https:\/\/www.contabilizei.com.br\/contabilizei-responde\/quem-e-o-tomador-na-nota-fiscal\/","og_locale":"pt_BR","og_type":"article","og_title":"Quem \u00e9 o tomador na nota fiscal?","og_description":"Saiba quem \u00e9 o tomador na nota fiscal e quem ser\u00e1 o respons\u00e1vel pelo pagamento da nota. Confira agora mesmo!","og_url":"https:\/\/www.contabilizei.com.br\/contabilizei-responde\/quem-e-o-tomador-na-nota-fiscal\/","og_site_name":"Contador Responde","twitter_card":"summary_large_image","twitter_misc":{"Est. tempo de leitura":"1 minuto"},"schema":{"@context":"https:\/\/schema.org","@graph":[{"@type":"WebPage","@id":"https:\/\/www.contabilizei.com.br\/contabilizei-responde\/quem-e-o-tomador-na-nota-fiscal\/","url":"https:\/\/www.contabilizei.com.br\/contabilizei-responde\/quem-e-o-tomador-na-nota-fiscal\/","name":"Quem \u00e9 o tomador na nota fiscal?","isPartOf":{"@id":"https:\/\/www.contabilizei.com.br\/contabilizei-responde\/#website"},"datePublished":"2023-08-02T18:39:48+00:00","description":"Saiba quem \u00e9 o tomador na nota fiscal e quem ser\u00e1 o respons\u00e1vel pelo pagamento da nota. Confira agora mesmo!","breadcrumb":{"@id":"https:\/\/www.contabilizei.com.br\/contabilizei-responde\/quem-e-o-tomador-na-nota-fiscal\/#breadcrumb"},"inLanguage":"pt-BR","potentialAction":[{"@type":"ReadAction","target":["https:\/\/www.contabilizei.com.br\/contabilizei-responde\/quem-e-o-tomador-na-nota-fiscal\/"]}]},{"@type":"BreadcrumbList","@id":"https:\/\/www.contabilizei.com.br\/contabilizei-responde\/quem-e-o-tomador-na-nota-fiscal\/#breadcrumb","itemListElement":[{"@type":"ListItem","position":1,"name":"Home","item":"https:\/\/www.contabilizei.com.br\/contabilizei-responde\/"},{"@type":"ListItem","position":2,"name":"Perguntas","item":"https:\/\/www.contabilizei.com.br\/contabilizei-responde\/perguntas\/"},{"@type":"ListItem","position":3,"name":"Quem \u00e9 o tomador na nota fiscal?"}]},{"@type":"WebSite","@id":"https:\/\/www.contabilizei.com.br\/contabilizei-responde\/#website","url":"https:\/\/www.contabilizei.com.br\/contabilizei-responde\/","name":"Contador Responde","description":"","potentialAction":[{"@type":"SearchAction","target":{"@type":"EntryPoint","urlTemplate":"https:\/\/www.contabilizei.com.br\/contabilizei-responde\/?s={search_term_string}"},"query-input":{"@type":"PropertyValueSpecification","valueRequired":true,"valueName":"search_term_string"}}],"inLanguage":"pt-BR"}]}},"_links":{"self":[{"href":"https:\/\/www.contabilizei.com.br\/contabilizei-responde\/api\/wp\/v2\/questions\/1075","targetHints":{"allow":["GET"]}}],"collection":[{"href":"https:\/\/www.contabilizei.com.br\/contabilizei-responde\/api\/wp\/v2\/questions"}],"about":[{"href":"https:\/\/www.contabilizei.com.br\/contabilizei-responde\/api\/wp\/v2\/types\/perguntas"}],"acf:post":[{"embeddable":true,"href":"https:\/\/www.contabilizei.com.br\/contabilizei-responde\/api\/wp\/v2\/contador\/1732"}],"wp:attachment":[{"href":"https:\/\/www.contabilizei.com.br\/contabilizei-responde\/api\/wp\/v2\/media?parent=1075"}],"wp:term":[{"taxonomy":"category_questions","embeddable":true,"href":"https:\/\/www.contabilizei.com.br\/contabilizei-responde\/api\/wp\/v2\/category-questions?post=1075"}],"curies":[{"name":"wp","href":"https:\/\/api.w.org\/{rel}","templated":true}]}}

Quem é o tomador na nota fiscal?

<p><b>O tomador na nota fiscal é a pessoa física ou jurídica que adquire um produto ou serviço e que será responsável pelo pagamento. O tomador pode ser tanto um consumidor final, que adquire o produto ou serviço para uso próprio, quanto uma empresa, que adquire o produto ou serviço para utilização em suas atividades comerciais.</b></p>
<p><span style="font-weight: 400;">Na nota fiscal, o tomador é identificado através de informações como o nome ou razão social, CPF ou CNPJ, endereço e demais dados necessários para a identificação correta do tomador.</span></p>
<p><span style="font-weight: 400;">É importante ressaltar que a correta identificação do tomador na nota fiscal é fundamental para fins fiscais e tributários, pois permite o correto registro das operações e o cumprimento das obrigações legais.</span></p>
<p><span style="font-weight: 400;">A </span><a href="https://www.contabilizei.com.br/sobre/sobre-a-contabilizei/" target="_blank" rel="noopener"><span style="font-weight: 400;">Contabilizei</span></a><span style="font-weight: 400;"> é uma empresa de contabilidade online que oferece serviços de contabilidade para pequenas e médias empresas. Fale com um de nossos especialistas e</span><a href="https://www.contabilizei.com.br/escritorio-contabilidade-online/" target="_blank" rel="noopener"><span style="font-weight: 400;"> traga sua empresa para a Contabilizei</span></a><span style="font-weight: 400;">, nossa equipe de mais de 80 contadores está preparada para esclarecer todas as suas dúvidas e auxiliar no cumprimento das obrigações contábeis e fiscais da sua empresa.</span></p>

<p>O tomador na nota fiscal é a pessoa física ou jurídica que adquire um produto ou serviço e que será responsável pelo pagamento. O tomador pode ser tanto um consumidor final, que adquire o produto ou serviço para uso próprio, quanto uma empresa, que adquire o produto ou serviço para utilização em suas atividades comerciais. [&hellip;]</p>

<!-- This site is optimized with the Yoast SEO plugin v27.5 - https://yoast.com/product/yoast-seo-wordpress/ -->
<title>Quem é o tomador na nota fiscal?</title>
<meta name="description" content="Saiba quem é o tomador na nota fiscal e quem será o responsável pelo pagamento da nota. Confira agora mesmo!" />
<meta name="robots" content="index, follow, max-snippet:-1, max-image-preview:large, max-video-preview:-1" />
<link rel="canonical" href="https://www.contabilizei.com.br/contabilizei-responde/quem-e-o-tomador-na-nota-fiscal/" />
<meta property="og:locale" content="pt_BR" />
<meta property="og:type" content="article" />
<meta property="og:title" content="Quem é o tomador na nota fiscal?" />
<meta property="og:description" content="Saiba quem é o tomador na nota fiscal e quem será o responsável pelo pagamento da nota. Confira agora mesmo!" />
<meta property="og:url" content="https://www.contabilizei.com.br/contabilizei-responde/quem-e-o-tomador-na-nota-fiscal/" />
<meta property="og:site_name" content="Contador Responde" />
<meta name="twitter:card" content="summary_large_image" />
<meta name="twitter:label1" content="Est. tempo de leitura" />
	<meta name="twitter:data1" content="1 minuto" />
<!-- / Yoast SEO plugin. -->

Saiba quem é o tomador na nota fiscal e quem será o responsável pelo pagamento da nota. Confira agora mesmo!
