{"id":1026,"date":"2023-07-19T13:45:07","date_gmt":"2023-07-19T16:45:07","guid":{"rendered":"https:\/\/www.contabilizei.com.br\/contabilizei-responde\/?post_type=perguntas&#038;p=1026"},"modified":"2025-11-06T12:21:47","modified_gmt":"2025-11-06T15:21:47","slug":"quem-recebe-pro-labore-tem-direito-a-decimo-terceiro","status":"publish","type":"perguntas","link":"https:\/\/www.contabilizei.com.br\/contabilizei-responde\/quem-recebe-pro-labore-tem-direito-a-decimo-terceiro\/","title":{"rendered":"Quem recebe pr\u00f3-labore tem direito a d\u00e9cimo terceiro?"},"content":{"rendered":"<p><b>N\u00e3o, o pagamento de d\u00e9cimo terceiro sal\u00e1rio n\u00e3o \u00e9 obrigat\u00f3rio para s\u00f3cios que recebem remunera\u00e7\u00e3o por meio de pr\u00f3-labore<\/b><span style=\"font-weight: 400;\">. O pr\u00f3-labore \u00e9 a remunera\u00e7\u00e3o paga aos s\u00f3cios ou administradores que efetivamente trabalham na empresa, exercendo fun\u00e7\u00f5es de gest\u00e3o, administra\u00e7\u00e3o ou opera\u00e7\u00e3o do neg\u00f3cio.<\/span><\/p>\n<p><span style=\"font-weight: 400;\">Pela legisla\u00e7\u00e3o trabalhista brasileira,<\/span><b> o d\u00e9cimo terceiro sal\u00e1rio \u00e9 um direito exclusivo dos trabalhadores contratados pelo regime CLT<\/b><span style=\"font-weight: 400;\"> (Consolida\u00e7\u00e3o das Leis do Trabalho), assim como o FGTS e as f\u00e9rias remuneradas. Esses benef\u00edcios n\u00e3o se estendem aos s\u00f3cios que recebem pr\u00f3-labore.<\/span><\/p>\n<p><b>No entanto, os s\u00f3cios podem definir o pagamento de uma gratifica\u00e7\u00e3o ou bonifica\u00e7\u00e3o equivalente ao d\u00e9cimo terceiro, desde que essa possibilidade esteja prevista no contrato social da empresa<\/b><span style=\"font-weight: 400;\">. Essa previs\u00e3o pode ser feita tanto no momento da constitui\u00e7\u00e3o da empresa quanto posteriormente, por meio de uma altera\u00e7\u00e3o contratual.<\/span><\/p>\n<p><span style=\"font-weight: 400;\">Na <\/span><a href=\"https:\/\/www.contabilizei.com.br\/sobre\/sobre-a-contabilizei\/\" target=\"_blank\" rel=\"noopener\"><span style=\"font-weight: 400;\">Contabilizei<\/span><\/a><span style=\"font-weight: 400;\">, esses detalhes s\u00e3o ajustados junto aos s\u00f3cios durante a abertura da empresa ou em uma eventual atualiza\u00e7\u00e3o do contrato social. Por isso, \u00e9 fundamental verificar se h\u00e1 essa cl\u00e1usula em seu contrato ou consultar seu contador antes de realizar qualquer pagamento.<\/span><\/p>\n<p><span style=\"font-weight: 400;\">Se voc\u00ea est\u00e1 abrindo uma empresa ou quer regularizar essa quest\u00e3o no contrato social, <\/span><a href=\"https:\/\/www.contabilizei.com.br\/abrir-empresa\/\" target=\"_blank\" rel=\"noopener\"><span style=\"font-weight: 400;\">fale com um de nossos especialistas<\/span><\/a><span style=\"font-weight: 400;\"> e veja como podemos ajudar.<\/span><\/p>\n<p><b>Continue conosco e saiba mais:<\/b><\/p>\n<p><a href=\"https:\/\/www.contabilizei.com.br\/contabilidade-online\/o-que-e-o-pro-labore\/\" target=\"_blank\" rel=\"noopener\"><span style=\"font-weight: 400;\">Pr\u00f3-labore: o que \u00e9, como fazer e diferen\u00e7a de sal\u00e1rio<\/span><\/a><\/p>\n<p><a href=\"https:\/\/www.contabilizei.com.br\/contabilidade-online\/calcular-pro-labore\/\" target=\"_blank\" rel=\"noopener\"><span style=\"font-weight: 400;\">Como calcular o pr\u00f3-labore: valor do sal\u00e1rio, impostos e como definir<\/span><\/a><\/p>\n<p><a href=\"https:\/\/www.contabilizei.com.br\/contabilidade-online\/contrato-social\/\" target=\"_blank\" rel=\"noopener\"><span style=\"font-weight: 400;\">Contrato Social do CNPJ: o que \u00e9? Veja como emitir ou consultar para sua empresa<\/span><\/a><\/p>\n","protected":false},"excerpt":{"rendered":"<p>N\u00e3o, o pagamento de d\u00e9cimo terceiro sal\u00e1rio n\u00e3o \u00e9 obrigat\u00f3rio para s\u00f3cios que recebem remunera\u00e7\u00e3o por meio de pr\u00f3-labore. O pr\u00f3-labore \u00e9 a remunera\u00e7\u00e3o paga aos s\u00f3cios ou administradores que efetivamente trabalham na empresa, exercendo fun\u00e7\u00f5es de gest\u00e3o, administra\u00e7\u00e3o ou opera\u00e7\u00e3o do neg\u00f3cio. Pela legisla\u00e7\u00e3o trabalhista brasileira, o d\u00e9cimo terceiro sal\u00e1rio \u00e9 um direito exclusivo [&hellip;]<\/p>\n","protected":false},"parent":0,"menu_order":0,"template":"","category-questions":[29],"class_list":["post-1026","perguntas","type-perguntas","status-publish","hentry","category_questions-abertura-de-empresa"],"acf":{"contador":{"ID":1735,"post_author":"22","post_date":"2025-03-31 13:18:42","post_date_gmt":"2025-03-31 16:18:42","post_content":"","post_title":"Eduarda Cristina de Souza","post_excerpt":"","post_status":"publish","comment_status":"closed","ping_status":"closed","post_password":"","post_name":"eduarda-cristina-de-souza","to_ping":"","pinged":"","post_modified":"2025-07-16 17:01:33","post_modified_gmt":"2025-07-16 20:01:33","post_content_filtered":"","post_parent":0,"guid":"https:\/\/www.contabilizei.com.br\/contabilizei-responde\/?post_type=contador&#038;p=1735","menu_order":0,"post_type":"contador","post_mime_type":"","comment_count":"0","filter":"raw"}},"yoast_head":"<!-- This site is optimized with the Yoast SEO plugin v27.5 - https:\/\/yoast.com\/product\/yoast-seo-wordpress\/ -->\n<title>Quem recebe pr\u00f3-labore tem direito a d\u00e9cimo terceiro? - Contador Responde<\/title>\n<meta name=\"robots\" content=\"index, follow, max-snippet:-1, max-image-preview:large, max-video-preview:-1\" \/>\n<link rel=\"canonical\" href=\"https:\/\/www.contabilizei.com.br\/contabilizei-responde\/quem-recebe-pro-labore-tem-direito-a-decimo-terceiro\/\" \/>\n<meta property=\"og:locale\" content=\"pt_BR\" \/>\n<meta property=\"og:type\" content=\"article\" \/>\n<meta property=\"og:title\" content=\"Quem recebe pr\u00f3-labore tem direito a d\u00e9cimo terceiro? - Contador Responde\" \/>\n<meta property=\"og:description\" content=\"N\u00e3o, o pagamento de d\u00e9cimo terceiro sal\u00e1rio n\u00e3o \u00e9 obrigat\u00f3rio para s\u00f3cios que recebem remunera\u00e7\u00e3o por meio de pr\u00f3-labore. O pr\u00f3-labore \u00e9 a remunera\u00e7\u00e3o paga aos s\u00f3cios ou administradores que efetivamente trabalham na empresa, exercendo fun\u00e7\u00f5es de gest\u00e3o, administra\u00e7\u00e3o ou opera\u00e7\u00e3o do neg\u00f3cio. Pela legisla\u00e7\u00e3o trabalhista brasileira, o d\u00e9cimo terceiro sal\u00e1rio \u00e9 um direito exclusivo [&hellip;]\" \/>\n<meta property=\"og:url\" content=\"https:\/\/www.contabilizei.com.br\/contabilizei-responde\/quem-recebe-pro-labore-tem-direito-a-decimo-terceiro\/\" \/>\n<meta property=\"og:site_name\" content=\"Contador Responde\" \/>\n<meta property=\"article:modified_time\" content=\"2025-11-06T15:21:47+00:00\" \/>\n<meta name=\"twitter:card\" content=\"summary_large_image\" \/>\n<meta name=\"twitter:label1\" content=\"Est. tempo de leitura\" \/>\n\t<meta name=\"twitter:data1\" content=\"2 minutos\" \/>\n<!-- \/ Yoast SEO plugin. -->","yoast_head_json":{"title":"Quem recebe pr\u00f3-labore tem direito a d\u00e9cimo terceiro? - Contador Responde","robots":{"index":"index","follow":"follow","max-snippet":"max-snippet:-1","max-image-preview":"max-image-preview:large","max-video-preview":"max-video-preview:-1"},"canonical":"https:\/\/www.contabilizei.com.br\/contabilizei-responde\/quem-recebe-pro-labore-tem-direito-a-decimo-terceiro\/","og_locale":"pt_BR","og_type":"article","og_title":"Quem recebe pr\u00f3-labore tem direito a d\u00e9cimo terceiro? - Contador Responde","og_description":"N\u00e3o, o pagamento de d\u00e9cimo terceiro sal\u00e1rio n\u00e3o \u00e9 obrigat\u00f3rio para s\u00f3cios que recebem remunera\u00e7\u00e3o por meio de pr\u00f3-labore. O pr\u00f3-labore \u00e9 a remunera\u00e7\u00e3o paga aos s\u00f3cios ou administradores que efetivamente trabalham na empresa, exercendo fun\u00e7\u00f5es de gest\u00e3o, administra\u00e7\u00e3o ou opera\u00e7\u00e3o do neg\u00f3cio. Pela legisla\u00e7\u00e3o trabalhista brasileira, o d\u00e9cimo terceiro sal\u00e1rio \u00e9 um direito exclusivo [&hellip;]","og_url":"https:\/\/www.contabilizei.com.br\/contabilizei-responde\/quem-recebe-pro-labore-tem-direito-a-decimo-terceiro\/","og_site_name":"Contador Responde","article_modified_time":"2025-11-06T15:21:47+00:00","twitter_card":"summary_large_image","twitter_misc":{"Est. tempo de leitura":"2 minutos"},"schema":{"@context":"https:\/\/schema.org","@graph":[{"@type":"WebPage","@id":"https:\/\/www.contabilizei.com.br\/contabilizei-responde\/quem-recebe-pro-labore-tem-direito-a-decimo-terceiro\/","url":"https:\/\/www.contabilizei.com.br\/contabilizei-responde\/quem-recebe-pro-labore-tem-direito-a-decimo-terceiro\/","name":"Quem recebe pr\u00f3-labore tem direito a d\u00e9cimo terceiro? - Contador Responde","isPartOf":{"@id":"https:\/\/www.contabilizei.com.br\/contabilizei-responde\/#website"},"datePublished":"2023-07-19T16:45:07+00:00","dateModified":"2025-11-06T15:21:47+00:00","breadcrumb":{"@id":"https:\/\/www.contabilizei.com.br\/contabilizei-responde\/quem-recebe-pro-labore-tem-direito-a-decimo-terceiro\/#breadcrumb"},"inLanguage":"pt-BR","potentialAction":[{"@type":"ReadAction","target":["https:\/\/www.contabilizei.com.br\/contabilizei-responde\/quem-recebe-pro-labore-tem-direito-a-decimo-terceiro\/"]}]},{"@type":"BreadcrumbList","@id":"https:\/\/www.contabilizei.com.br\/contabilizei-responde\/quem-recebe-pro-labore-tem-direito-a-decimo-terceiro\/#breadcrumb","itemListElement":[{"@type":"ListItem","position":1,"name":"Home","item":"https:\/\/www.contabilizei.com.br\/contabilizei-responde\/"},{"@type":"ListItem","position":2,"name":"Perguntas","item":"https:\/\/www.contabilizei.com.br\/contabilizei-responde\/perguntas\/"},{"@type":"ListItem","position":3,"name":"Quem recebe pr\u00f3-labore tem direito a d\u00e9cimo terceiro?"}]},{"@type":"WebSite","@id":"https:\/\/www.contabilizei.com.br\/contabilizei-responde\/#website","url":"https:\/\/www.contabilizei.com.br\/contabilizei-responde\/","name":"Contador Responde","description":"","potentialAction":[{"@type":"SearchAction","target":{"@type":"EntryPoint","urlTemplate":"https:\/\/www.contabilizei.com.br\/contabilizei-responde\/?s={search_term_string}"},"query-input":{"@type":"PropertyValueSpecification","valueRequired":true,"valueName":"search_term_string"}}],"inLanguage":"pt-BR"}]}},"_links":{"self":[{"href":"https:\/\/www.contabilizei.com.br\/contabilizei-responde\/api\/wp\/v2\/questions\/1026","targetHints":{"allow":["GET"]}}],"collection":[{"href":"https:\/\/www.contabilizei.com.br\/contabilizei-responde\/api\/wp\/v2\/questions"}],"about":[{"href":"https:\/\/www.contabilizei.com.br\/contabilizei-responde\/api\/wp\/v2\/types\/perguntas"}],"acf:post":[{"embeddable":true,"href":"https:\/\/www.contabilizei.com.br\/contabilizei-responde\/api\/wp\/v2\/contador\/1735"}],"wp:attachment":[{"href":"https:\/\/www.contabilizei.com.br\/contabilizei-responde\/api\/wp\/v2\/media?parent=1026"}],"wp:term":[{"taxonomy":"category_questions","embeddable":true,"href":"https:\/\/www.contabilizei.com.br\/contabilizei-responde\/api\/wp\/v2\/category-questions?post=1026"}],"curies":[{"name":"wp","href":"https:\/\/api.w.org\/{rel}","templated":true}]}}

Quem recebe pró-labore tem direito a décimo terceiro?

<p><b>Não, o pagamento de décimo terceiro salário não é obrigatório para sócios que recebem remuneração por meio de pró-labore</b><span style="font-weight: 400;">. O pró-labore é a remuneração paga aos sócios ou administradores que efetivamente trabalham na empresa, exercendo funções de gestão, administração ou operação do negócio.</span></p>
<p><span style="font-weight: 400;">Pela legislação trabalhista brasileira,</span><b> o décimo terceiro salário é um direito exclusivo dos trabalhadores contratados pelo regime CLT</b><span style="font-weight: 400;"> (Consolidação das Leis do Trabalho), assim como o FGTS e as férias remuneradas. Esses benefícios não se estendem aos sócios que recebem pró-labore.</span></p>
<p><b>No entanto, os sócios podem definir o pagamento de uma gratificação ou bonificação equivalente ao décimo terceiro, desde que essa possibilidade esteja prevista no contrato social da empresa</b><span style="font-weight: 400;">. Essa previsão pode ser feita tanto no momento da constituição da empresa quanto posteriormente, por meio de uma alteração contratual.</span></p>
<p><span style="font-weight: 400;">Na </span><a href="https://www.contabilizei.com.br/sobre/sobre-a-contabilizei/" target="_blank" rel="noopener"><span style="font-weight: 400;">Contabilizei</span></a><span style="font-weight: 400;">, esses detalhes são ajustados junto aos sócios durante a abertura da empresa ou em uma eventual atualização do contrato social. Por isso, é fundamental verificar se há essa cláusula em seu contrato ou consultar seu contador antes de realizar qualquer pagamento.</span></p>
<p><span style="font-weight: 400;">Se você está abrindo uma empresa ou quer regularizar essa questão no contrato social, </span><a href="https://www.contabilizei.com.br/abrir-empresa/" target="_blank" rel="noopener"><span style="font-weight: 400;">fale com um de nossos especialistas</span></a><span style="font-weight: 400;"> e veja como podemos ajudar.</span></p>
<p><b>Continue conosco e saiba mais:</b></p>
<p><a href="https://www.contabilizei.com.br/contabilidade-online/o-que-e-o-pro-labore/" target="_blank" rel="noopener"><span style="font-weight: 400;">Pró-labore: o que é, como fazer e diferença de salário</span></a></p>
<p><a href="https://www.contabilizei.com.br/contabilidade-online/calcular-pro-labore/" target="_blank" rel="noopener"><span style="font-weight: 400;">Como calcular o pró-labore: valor do salário, impostos e como definir</span></a></p>
<p><a href="https://www.contabilizei.com.br/contabilidade-online/contrato-social/" target="_blank" rel="noopener"><span style="font-weight: 400;">Contrato Social do CNPJ: o que é? Veja como emitir ou consultar para sua empresa</span></a></p>

<p>Não, o pagamento de décimo terceiro salário não é obrigatório para sócios que recebem remuneração por meio de pró-labore. O pró-labore é a remuneração paga aos sócios ou administradores que efetivamente trabalham na empresa, exercendo funções de gestão, administração ou operação do negócio. Pela legislação trabalhista brasileira, o décimo terceiro salário é um direito exclusivo [&hellip;]</p>

<!-- This site is optimized with the Yoast SEO plugin v27.5 - https://yoast.com/product/yoast-seo-wordpress/ -->
<title>Quem recebe pró-labore tem direito a décimo terceiro? - Contador Responde</title>
<meta name="robots" content="index, follow, max-snippet:-1, max-image-preview:large, max-video-preview:-1" />
<link rel="canonical" href="https://www.contabilizei.com.br/contabilizei-responde/quem-recebe-pro-labore-tem-direito-a-decimo-terceiro/" />
<meta property="og:locale" content="pt_BR" />
<meta property="og:type" content="article" />
<meta property="og:title" content="Quem recebe pró-labore tem direito a décimo terceiro? - Contador Responde" />
<meta property="og:description" content="Não, o pagamento de décimo terceiro salário não é obrigatório para sócios que recebem remuneração por meio de pró-labore. O pró-labore é a remuneração paga aos sócios ou administradores que efetivamente trabalham na empresa, exercendo funções de gestão, administração ou operação do negócio. Pela legislação trabalhista brasileira, o décimo terceiro salário é um direito exclusivo [&hellip;]" />
<meta property="og:url" content="https://www.contabilizei.com.br/contabilizei-responde/quem-recebe-pro-labore-tem-direito-a-decimo-terceiro/" />
<meta property="og:site_name" content="Contador Responde" />
<meta property="article:modified_time" content="2025-11-06T15:21:47+00:00" />
<meta name="twitter:card" content="summary_large_image" />
<meta name="twitter:label1" content="Est. tempo de leitura" />
	<meta name="twitter:data1" content="2 minutos" />
<!-- / Yoast SEO plugin. -->

Quem recebe pró-labore tem direito a décimo terceiro? - Contador Responde

Não, o pagamento de décimo terceiro salário não é obrigatório para sócios que recebem remuneração por meio de pró-labore. O pró-labore é a remuneração paga aos sócios ou administradores que efetivamente trabalham na empresa, exercendo funções de gestão, administração ou operação do negócio. Pela legislação trabalhista brasileira, o décimo terceiro salário é um direito exclusivo [&hellip;]
