{"id":1732,"date":"2025-03-31T12:51:15","date_gmt":"2025-03-31T15:51:15","guid":{"rendered":"https:\/\/www.contabilizei.com.br\/contabilizei-responde\/?post_type=contador&#038;p=1732"},"modified":"2025-03-31T12:51:15","modified_gmt":"2025-03-31T15:51:15","slug":"juliana-steffano","status":"publish","type":"contador","link":"https:\/\/www.contabilizei.com.br\/contabilizei-responde\/contador\/juliana-steffano\/","title":{"rendered":"Juliana Steffano"},"template":"","locations":[],"class_list":["post-1732","contador","type-contador","status-publish","hentry"],"acf":{"image":"https:\/\/www.contabilizei.com.br\/contabilizei-responde\/wp-content\/uploads\/2025\/03\/contadora-juliana-steffano.webp","occupation":"Assessora T\u00e9cnica Cont\u00e1bil e de Comunica\u00e7\u00e3o","crc":"PR-076814\/O","location":{"term_id":21,"name":"Curitiba","slug":"curitiba","term_group":0,"term_taxonomy_id":21,"taxonomy":"locations","description":"","parent":0,"count":0,"filter":"raw"},"biografia":"Juliana \u00e9 contadora, formada em Ci\u00eancias Cont\u00e1beis pela PUCPR e p\u00f3s-graduada em Desenvolvimento Gerencial, Lideran\u00e7a, Gest\u00e3o de Equipes e Produtividade tamb\u00e9m pela PUCPR. Iniciou a sua trajet\u00f3ria na Contabilizei h\u00e1 5 anos, como contadora que atuava no atendimento t\u00e9cnico dos clientes, tendo dom\u00ednio nos temas fiscais, cont\u00e1beis e de folha. Hoje, Juliana atua como Assessora T\u00e9cnica Cont\u00e1bil, apoiando na valida\u00e7\u00e3o e cria\u00e7\u00e3o de conte\u00fados nos canais de m\u00eddia da Contabilizei."},"yoast_head":"<!-- This site is optimized with the Yoast SEO plugin v27.5 - https:\/\/yoast.com\/product\/yoast-seo-wordpress\/ -->\n<title>Juliana Steffano - Contador Responde<\/title>\n<meta name=\"robots\" content=\"index, follow, max-snippet:-1, max-image-preview:large, max-video-preview:-1\" \/>\n<link rel=\"canonical\" href=\"https:\/\/www.contabilizei.com.br\/contabilizei-responde\/contador\/juliana-steffano\/\" \/>\n<meta property=\"og:locale\" content=\"pt_BR\" \/>\n<meta property=\"og:type\" content=\"article\" \/>\n<meta property=\"og:title\" content=\"Juliana Steffano - Contador Responde\" \/>\n<meta property=\"og:url\" content=\"https:\/\/www.contabilizei.com.br\/contabilizei-responde\/contador\/juliana-steffano\/\" \/>\n<meta property=\"og:site_name\" content=\"Contador Responde\" \/>\n<meta name=\"twitter:card\" content=\"summary_large_image\" \/>\n<!-- \/ Yoast SEO plugin. -->","yoast_head_json":{"title":"Juliana Steffano - Contador Responde","robots":{"index":"index","follow":"follow","max-snippet":"max-snippet:-1","max-image-preview":"max-image-preview:large","max-video-preview":"max-video-preview:-1"},"canonical":"https:\/\/www.contabilizei.com.br\/contabilizei-responde\/contador\/juliana-steffano\/","og_locale":"pt_BR","og_type":"article","og_title":"Juliana Steffano - Contador Responde","og_url":"https:\/\/www.contabilizei.com.br\/contabilizei-responde\/contador\/juliana-steffano\/","og_site_name":"Contador Responde","twitter_card":"summary_large_image","schema":{"@context":"https:\/\/schema.org","@graph":[{"@type":"WebPage","@id":"https:\/\/www.contabilizei.com.br\/contabilizei-responde\/contador\/juliana-steffano\/","url":"https:\/\/www.contabilizei.com.br\/contabilizei-responde\/contador\/juliana-steffano\/","name":"Juliana Steffano - Contador Responde","isPartOf":{"@id":"https:\/\/www.contabilizei.com.br\/contabilizei-responde\/#website"},"datePublished":"2025-03-31T15:51:15+00:00","breadcrumb":{"@id":"https:\/\/www.contabilizei.com.br\/contabilizei-responde\/contador\/juliana-steffano\/#breadcrumb"},"inLanguage":"pt-BR","potentialAction":[{"@type":"ReadAction","target":["https:\/\/www.contabilizei.com.br\/contabilizei-responde\/contador\/juliana-steffano\/"]}]},{"@type":"BreadcrumbList","@id":"https:\/\/www.contabilizei.com.br\/contabilizei-responde\/contador\/juliana-steffano\/#breadcrumb","itemListElement":[{"@type":"ListItem","position":1,"name":"Home","item":"https:\/\/www.contabilizei.com.br\/contabilizei-responde\/"},{"@type":"ListItem","position":2,"name":"Contadores","item":"https:\/\/www.contabilizei.com.br\/contabilizei-responde\/contador\/"},{"@type":"ListItem","position":3,"name":"Juliana Steffano"}]},{"@type":"WebSite","@id":"https:\/\/www.contabilizei.com.br\/contabilizei-responde\/#website","url":"https:\/\/www.contabilizei.com.br\/contabilizei-responde\/","name":"Contador Responde","description":"","potentialAction":[{"@type":"SearchAction","target":{"@type":"EntryPoint","urlTemplate":"https:\/\/www.contabilizei.com.br\/contabilizei-responde\/?s={search_term_string}"},"query-input":{"@type":"PropertyValueSpecification","valueRequired":true,"valueName":"search_term_string"}}],"inLanguage":"pt-BR"}]}},"_links":{"self":[{"href":"https:\/\/www.contabilizei.com.br\/contabilizei-responde\/api\/wp\/v2\/contador\/1732","targetHints":{"allow":["GET"]}}],"collection":[{"href":"https:\/\/www.contabilizei.com.br\/contabilizei-responde\/api\/wp\/v2\/contador"}],"about":[{"href":"https:\/\/www.contabilizei.com.br\/contabilizei-responde\/api\/wp\/v2\/types\/contador"}],"acf:term":[{"embeddable":true,"taxonomy":"locations","href":"https:\/\/www.contabilizei.com.br\/contabilizei-responde\/api\/wp\/v2\/locations\/21"}],"wp:attachment":[{"href":"https:\/\/www.contabilizei.com.br\/contabilizei-responde\/api\/wp\/v2\/media?parent=1732"}],"wp:term":[{"taxonomy":"locations","embeddable":true,"href":"https:\/\/www.contabilizei.com.br\/contabilizei-responde\/api\/wp\/v2\/locations?post=1732"}],"curies":[{"name":"wp","href":"https:\/\/api.w.org\/{rel}","templated":true}]}}

Assessora Técnica Contábil e de Comunicação

Juliana é contadora, formada em Ciências Contábeis pela PUCPR e pós-graduada em Desenvolvimento Gerencial, Liderança, Gestão de Equipes e Produtividade também pela PUCPR. Iniciou a sua trajetória na Contabilizei há 5 anos, como contadora que atuava no atendimento técnico dos clientes, tendo domínio nos temas fiscais, contábeis e de folha. Hoje, Juliana atua como Assessora Técnica Contábil, apoiando na validação e criação de conteúdos nos canais de mídia da Contabilizei.
